{"id":3047,"date":"2024-06-11T12:14:32","date_gmt":"2024-06-11T09:14:32","guid":{"rendered":"https:\/\/xn--sykett-gua.fi\/joensuu\/tikkarinne\/"},"modified":"2025-07-31T11:05:59","modified_gmt":"2025-07-31T08:05:59","slug":"tikkarinne","status":"publish","type":"page","link":"https:\/\/xn--sykett-gua.fi\/joensuu\/tilat\/tikkarinne\/","title":{"rendered":"Tikkarinne"},"content":{"rendered":"\t\t<div data-elementor-type=\"wp-page\" data-elementor-id=\"3047\" class=\"elementor elementor-3047\" data-elementor-post-type=\"page\">\n\t\t\t\t<div data-particle_enable=\"false\" data-particle-mobile-disabled=\"false\" class=\"elementor-element elementor-element-7f0942cf e-flex e-con-boxed e-con e-parent\" data-id=\"7f0942cf\" data-element_type=\"container\" data-e-type=\"container\">\n\t\t\t\t\t<div class=\"e-con-inner\">\n\t\t<div data-particle_enable=\"false\" data-particle-mobile-disabled=\"false\" class=\"elementor-element elementor-element-5f838ca7 e-flex e-con-boxed e-con e-child\" data-id=\"5f838ca7\" data-element_type=\"container\" data-e-type=\"container\">\n\t\t\t\t\t<div class=\"e-con-inner\">\n\t\t\t\t<div class=\"elementor-element elementor-element-b58c2cb elementor-widget elementor-widget-image\" data-id=\"b58c2cb\" data-element_type=\"widget\" data-e-type=\"widget\" data-widget_type=\"image.default\">\n\t\t\t\t<div class=\"elementor-widget-container\">\n\t\t\t\t\t\t\t\t\t\t\t\t\t\t\t<img fetchpriority=\"high\" decoding=\"async\" width=\"800\" height=\"348\" src=\"https:\/\/xn--sykett-gua.fi\/joensuu\/wp-content\/uploads\/sites\/3\/2024\/10\/tikkarinne.png\" class=\"attachment-large size-large wp-image-4077\" alt=\"Tikkarinteen koulu\" srcset=\"https:\/\/xn--sykett-gua.fi\/joensuu\/wp-content\/uploads\/sites\/3\/2024\/10\/tikkarinne.png 880w, https:\/\/xn--sykett-gua.fi\/joensuu\/wp-content\/uploads\/sites\/3\/2024\/10\/tikkarinne-300x131.png 300w, https:\/\/xn--sykett-gua.fi\/joensuu\/wp-content\/uploads\/sites\/3\/2024\/10\/tikkarinne-768x334.png 768w\" sizes=\"(max-width: 800px) 100vw, 800px\" \/>\t\t\t\t\t\t\t\t\t\t\t\t\t\t\t<\/div>\n\t\t\t\t<\/div>\n\t\t\t\t<div class=\"elementor-element elementor-element-c9b65f5 elementor-widget elementor-widget-text-editor\" data-id=\"c9b65f5\" data-element_type=\"widget\" data-e-type=\"widget\" data-widget_type=\"text-editor.default\">\n\t\t\t\t<div class=\"elementor-widget-container\">\n\t\t\t\t\t\t\t\t\t<p><strong>Palvelut:<\/strong> Kuntosali ja kaksi ryhm\u00e4liikuntasalia<br \/><strong>Kulkuohjeet:<\/strong> Sis\u00e4\u00e4nk\u00e4ynti E-talon p\u00e4\u00e4ovesta. Peilisali E161 sijaitsee kellarikerroksessa, kuntosali katutasossa ja pieni liikuntasali E326 yl\u00e4kerrassa.<br \/><strong>Aukioloajat:<\/strong> Aamuisin, iltaisin ja viikonloppuisin, katso\u00a0liikuntakalenteri<br \/><strong>Pukuhuoneet:<\/strong>\u00a0Kuntosalilla pukuhuoneet naisille ja miehille, muissa tiloissa ei<br \/><strong>Peseytymistilat:<\/strong> Kuntosalin pukuhuoneissa suihkut ja vessat, muissa tiloissa ei<br \/><strong>V\u00e4lineet:<\/strong> Kuntosalin ja peilisalin v\u00e4lineet k\u00e4yt\u00f6ss\u00e4<\/p>\t\t\t\t\t\t\t\t<\/div>\n\t\t\t\t<\/div>\n\t\t\t\t\t<\/div>\n\t\t\t\t<\/div>\n\t\t<div data-particle_enable=\"false\" data-particle-mobile-disabled=\"false\" class=\"elementor-element elementor-element-69d50fa8 e-flex e-con-boxed e-con e-child\" data-id=\"69d50fa8\" data-element_type=\"container\" data-e-type=\"container\">\n\t\t\t\t\t<div class=\"e-con-inner\">\n\t\t\t\t<div class=\"elementor-element elementor-element-75f1bbef elementor-widget elementor-widget-text-editor\" data-id=\"75f1bbef\" data-element_type=\"widget\" data-e-type=\"widget\" data-widget_type=\"text-editor.default\">\n\t\t\t\t<div class=\"elementor-widget-container\">\n\t\t\t\t\t\t\t\t\t<h2>Sijainti<\/h2><p>Karelia-ammattikorkeakoulun Tikkarinne-kampuksen osoite on <strong>Tikkarinne 9, 80200 Joensuu<\/strong>. Tikkarinne-kampukselta l\u00f6ytyy kaksi ryhm\u00e4liikuntatilaa ja\u00a0<a href=\"\/joensuu\/tilat-jns\/kuntosalit\/\" target=\"_blank\" rel=\"noopener noreferrer\">kuntosali<\/a>. Kaikki tilat sijaitsevat E-talossa. E-talon p\u00e4\u00e4ovi on avoinna opiskelup\u00e4ivin\u00e4 maanantaista torstaihin klo 7.30\u201316.30 sek\u00e4 perjantaisin klo 7.30\u201315.30.<\/p>\t\t\t\t\t\t\t\t<\/div>\n\t\t\t\t<\/div>\n\t\t\t\t<div class=\"elementor-element elementor-element-60fe74fc elementor-widget elementor-widget-google_maps\" data-id=\"60fe74fc\" data-element_type=\"widget\" data-e-type=\"widget\" data-widget_type=\"google_maps.default\">\n\t\t\t\t<div class=\"elementor-widget-container\">\n\t\t\t\t\t\t\t<div class=\"elementor-custom-embed\">\n\t\t\t<iframe loading=\"lazy\"\n\t\t\t\t\tsrc=\"https:\/\/maps.google.com\/maps?q=Tulliportinkatu%201%2C%2080130%20Joensuu&#038;t=m&#038;z=13&#038;output=embed&#038;iwloc=near\"\n\t\t\t\t\ttitle=\"Tulliportinkatu 1, 80130 Joensuu\"\n\t\t\t\t\taria-label=\"Tulliportinkatu 1, 80130 Joensuu\"\n\t\t\t><\/iframe>\n\t\t<\/div>\n\t\t\t\t\t\t<\/div>\n\t\t\t\t<\/div>\n\t\t\t\t\t<\/div>\n\t\t\t\t<\/div>\n\t\t\t\t\t<\/div>\n\t\t\t\t<\/div>\n\t\t<div data-particle_enable=\"false\" data-particle-mobile-disabled=\"false\" class=\"elementor-element elementor-element-5a0ec1b6 e-flex e-con-boxed e-con e-parent\" data-id=\"5a0ec1b6\" data-element_type=\"container\" data-e-type=\"container\">\n\t\t\t\t\t<div class=\"e-con-inner\">\n\t\t<div data-particle_enable=\"false\" data-particle-mobile-disabled=\"false\" class=\"elementor-element elementor-element-4ff32c9e e-flex e-con-boxed e-con e-child\" data-id=\"4ff32c9e\" data-element_type=\"container\" data-e-type=\"container\">\n\t\t\t\t\t<div class=\"e-con-inner\">\n\t\t\t\t<div class=\"elementor-element elementor-element-5366cd6c elementor-widget__width-initial elementor-widget elementor-widget-text-editor\" data-id=\"5366cd6c\" data-element_type=\"widget\" data-e-type=\"widget\" data-widget_type=\"text-editor.default\">\n\t\t\t\t<div class=\"elementor-widget-container\">\n\t\t\t\t\t\t\t\t\t<h2>Tikkarinteen peilisali E161<\/h2><p>Tikkarinteen peilisali (E161) sijaitsee Tikkarinne-kampuksen E-talon kellarikerroksessa (1. kerros). Peilisaliin p\u00e4\u00e4see, kun k\u00e4velee p\u00e4\u00e4ovesta sis\u00e4\u00e4n, suoraan k\u00e4yt\u00e4v\u00e4n p\u00e4\u00e4h\u00e4n ja liukuoven j\u00e4lkeen laskeutuu kerroksen alasp\u00e4in. Sen j\u00e4lkeen vasemmalle lasiovesta sis\u00e4\u00e4n ja sali l\u00f6ytyy k\u00e4yt\u00e4v\u00e4n p\u00e4\u00e4st\u00e4. Tilassa ei ole pukuhuoneita eik\u00e4 suihkuja.<\/p><h3>Perustiedot tilasta<\/h3><p>Tikkarinteen peilisali on my\u00f6s Karelia-ammattikorkeakoulun fysioterapeutti-opiskelijoiden k\u00e4ytt\u00e4m\u00e4 opetussali. Sali soveltuu pienten ryhm\u00e4liikuntatuntien pit\u00e4miseen. Salista l\u00f6ytyy yhdelt\u00e4 sein\u00e4lt\u00e4 kiinte\u00e4t peilit ja kiinte\u00e4 \u00e4\u00e4nentoisto. Peilisalista l\u00f6ytyy liikuntav\u00e4lineist\u00f6\u00e4 ryhm\u00e4liikuntatunneille: keppej\u00e4, voimatankoja, putkirullia, kuminauhoja, fysio- ja bosupalloja, step-lautoja, jumppamattoja sek\u00e4 muutamia kahvakuulia ja k\u00e4sipainoja. Salista l\u00f6ytyy my\u00f6s kolme balettitankoa.<\/p><p>Muistettavaa:<\/p><ul><li>Tikkarinteen ulko-ovet ovat iltaisin lukossa, mutta ryhm\u00e4liikuntatuntien ohjaajat tulevat avaamaan ovet 5 minuuttia ennen tuntien alkua, joten paikalla tulee olla ajoissa<\/li><li>Tikkarinteelt\u00e4 pit\u00e4\u00e4 poistua illalla viimeist\u00e4\u00e4n klo 21<\/li><li>Sali on opetusk\u00e4yt\u00f6ss\u00e4, joten kaikenlaiset pallopelit salissa ovat kiellettyj\u00e4<\/li><li>Salissa saa k\u00e4ytt\u00e4\u00e4 vain sis\u00e4liikuntaan tarkoitettuja kenki\u00e4<\/li><li>Salin viimeisen iltak\u00e4ytt\u00e4j\u00e4n tulee sammuttaa valot l\u00e4htiess\u00e4\u00e4n, valokatkaisijat l\u00f6ytyv\u00e4t peilisalin oven vierest\u00e4<\/li><li>Mik\u00e4li et ole varma, onko sinun j\u00e4lkeesi tulossa muita k\u00e4ytt\u00e4ji\u00e4, on aina oikein sammuttaa valot<\/li><\/ul>\t\t\t\t\t\t\t\t<\/div>\n\t\t\t\t<\/div>\n\t\t\t\t\t<\/div>\n\t\t\t\t<\/div>\n\t\t<div data-particle_enable=\"false\" data-particle-mobile-disabled=\"false\" class=\"elementor-element elementor-element-5c8b3223 e-flex e-con-boxed e-con e-child\" data-id=\"5c8b3223\" data-element_type=\"container\" data-e-type=\"container\">\n\t\t\t\t\t<div class=\"e-con-inner\">\n\t\t\t\t<div class=\"elementor-element elementor-element-10f7c49d elementor-widget elementor-widget-text-editor\" data-id=\"10f7c49d\" data-element_type=\"widget\" data-e-type=\"widget\" data-widget_type=\"text-editor.default\">\n\t\t\t\t<div class=\"elementor-widget-container\">\n\t\t\t\t\t\t\t\t\t<h2>Tikkarinteen pieni liikuntasali E326<\/h2><p>Tikkarinteen pieni liikuntasali (E326) sijaitsee Tikkarinne-kampuksen E-talon yl\u00e4kerrassa (3. kerros). Liikuntasaliin p\u00e4\u00e4see, kun k\u00e4velee p\u00e4\u00e4ovesta sis\u00e4\u00e4n, suoraan k\u00e4yt\u00e4v\u00e4n p\u00e4\u00e4h\u00e4n ja liukuoven j\u00e4lkeen nousee kerroksen yl\u00f6sp\u00e4in. Sen j\u00e4lkeen oikealle lasiovesta sis\u00e4\u00e4n ja sali l\u00f6ytyy k\u00e4yt\u00e4v\u00e4n p\u00e4\u00e4st\u00e4. Tilassa ei ole pukuhuoneita eik\u00e4 suihkua.<\/p><h3>Perustiedot tilasta<\/h3><p>Tikkarinteen pieni liikuntasali on Karelia-ammattikorkeakoulun luovan toiminnan tila. Sali soveltuu erityisesti kehonhuoltotuntien pit\u00e4miseen. Salissa on kiinte\u00e4 \u00e4\u00e4nentoisto, mutta ei peilej\u00e4 eik\u00e4 liikuntav\u00e4lineist\u00f6\u00e4. Liikuntasalista l\u00f6ytyy paksummat jumppamatot.<\/p><p>Muistettavaa:<\/p><ul><li>Tikkarinteen ulko-ovet ovat iltaisin lukossa, mutta ryhm\u00e4liikuntatuntien ohjaajat tulevat avaamaan ovet 5 minuuttia ennen tuntien alkua, joten paikalla tulee olla ajoissa<\/li><li>Tikkarinteelt\u00e4 pit\u00e4\u00e4 poistua illalla viimeist\u00e4\u00e4n klo 21<\/li><li>Salissa saa k\u00e4ytt\u00e4\u00e4 vain sis\u00e4liikuntaan tarkoitettuja kenki\u00e4<\/li><li>Salin viimeisen iltak\u00e4ytt\u00e4j\u00e4n tulee sammuttaa valot l\u00e4htiess\u00e4\u00e4n, valokatkaisijat l\u00f6ytyv\u00e4t liikuntasalin oven vierest\u00e4<\/li><li>Mik\u00e4li et ole varma, onko sinun j\u00e4lkeesi tulossa muita k\u00e4ytt\u00e4ji\u00e4, on aina oikein sammuttaa valot.<\/li><\/ul>\t\t\t\t\t\t\t\t<\/div>\n\t\t\t\t<\/div>\n\t\t\t\t\t<\/div>\n\t\t\t\t<\/div>\n\t\t\t\t\t<\/div>\n\t\t\t\t<\/div>\n\t\t\t\t<\/div>\n\t\t","protected":false},"excerpt":{"rendered":"<p>Palvelut: Kuntosali ja kaksi ryhm\u00e4liikuntasaliaKulkuohjeet: Sis\u00e4\u00e4nk\u00e4ynti E-talon p\u00e4\u00e4ovesta. Peilisali E161 sijaitsee kellarikerroksessa, kuntosali katutasossa ja pieni liikuntasali E326 yl\u00e4kerrassa.Aukioloajat: Aamuisin, iltaisin ja viikonloppuisin, katso\u00a0liikuntakalenteriPukuhuoneet:\u00a0Kuntosalilla pukuhuoneet naisille ja miehille, muissa tiloissa eiPeseytymistilat: Kuntosalin pukuhuoneissa suihkut ja vessat, muissa tiloissa eiV\u00e4lineet: Kuntosalin ja peilisalin v\u00e4lineet k\u00e4yt\u00f6ss\u00e4 Sijainti Karelia-ammattikorkeakoulun Tikkarinne-kampuksen osoite on Tikkarinne 9, 80200 Joensuu. Tikkarinne-kampukselta l\u00f6ytyy [&hellip;]<\/p>\n","protected":false},"author":3,"featured_media":0,"parent":3679,"menu_order":0,"comment_status":"closed","ping_status":"closed","template":"","meta":{"iawp_total_views":631,"footnotes":""},"class_list":["post-3047","page","type-page","status-publish","hentry"],"yoast_head":"<!-- This site is optimized with the Yoast SEO plugin v27.3 - https:\/\/yoast.com\/product\/yoast-seo-wordpress\/ -->\n<title>Tikkarinne - SYKETT\u00c4 Joensuu<\/title>\n<meta name=\"description\" content=\"Karelia-ammattikorkeakoulun Tikkarinne-kampuksen osoite on Tikkarinne 9, 80200 Joensuu.\" \/>\n<meta name=\"robots\" content=\"index, follow, max-snippet:-1, max-image-preview:large, max-video-preview:-1\" \/>\n<link rel=\"canonical\" href=\"https:\/\/xn--sykett-gua.fi\/joensuu\/tilat\/tikkarinne\/\" \/>\n<meta property=\"og:locale\" content=\"fi_FI\" \/>\n<meta property=\"og:type\" content=\"article\" \/>\n<meta property=\"og:title\" content=\"Tikkarinne - SYKETT\u00c4 Joensuu\" \/>\n<meta property=\"og:description\" content=\"Karelia-ammattikorkeakoulun Tikkarinne-kampuksen osoite on Tikkarinne 9, 80200 Joensuu.\" \/>\n<meta property=\"og:url\" content=\"https:\/\/xn--sykett-gua.fi\/joensuu\/tilat\/tikkarinne\/\" \/>\n<meta property=\"og:site_name\" content=\"SYKETT\u00c4 Joensuu\" \/>\n<meta property=\"article:modified_time\" content=\"2025-07-31T08:05:59+00:00\" \/>\n<meta property=\"og:image\" content=\"https:\/\/xn--sykett-gua.fi\/joensuu\/wp-content\/uploads\/sites\/3\/2024\/10\/tikkarinne.png\" \/>\n\t<meta property=\"og:image:width\" content=\"880\" \/>\n\t<meta property=\"og:image:height\" content=\"383\" \/>\n\t<meta property=\"og:image:type\" content=\"image\/png\" \/>\n<meta name=\"twitter:card\" content=\"summary_large_image\" \/>\n<meta name=\"twitter:label1\" content=\"Arvioitu lukuaika\" \/>\n\t<meta name=\"twitter:data1\" content=\"3 minuuttia\" \/>\n<script type=\"application\/ld+json\" class=\"yoast-schema-graph\">{\"@context\":\"https:\\\/\\\/schema.org\",\"@graph\":[{\"@type\":\"WebPage\",\"@id\":\"https:\\\/\\\/xn--sykett-gua.fi\\\/joensuu\\\/tilat\\\/tikkarinne\\\/\",\"url\":\"https:\\\/\\\/xn--sykett-gua.fi\\\/joensuu\\\/tilat\\\/tikkarinne\\\/\",\"name\":\"Tikkarinne - SYKETT\u00c4 Joensuu\",\"isPartOf\":{\"@id\":\"https:\\\/\\\/xn--sykett-gua.fi\\\/joensuu\\\/#website\"},\"primaryImageOfPage\":{\"@id\":\"https:\\\/\\\/xn--sykett-gua.fi\\\/joensuu\\\/tilat\\\/tikkarinne\\\/#primaryimage\"},\"image\":{\"@id\":\"https:\\\/\\\/xn--sykett-gua.fi\\\/joensuu\\\/tilat\\\/tikkarinne\\\/#primaryimage\"},\"thumbnailUrl\":\"https:\\\/\\\/xn--sykett-gua.fi\\\/joensuu\\\/wp-content\\\/uploads\\\/sites\\\/3\\\/2024\\\/10\\\/tikkarinne.png\",\"datePublished\":\"2024-06-11T09:14:32+00:00\",\"dateModified\":\"2025-07-31T08:05:59+00:00\",\"description\":\"Karelia-ammattikorkeakoulun Tikkarinne-kampuksen osoite on Tikkarinne 9, 80200 Joensuu.\",\"breadcrumb\":{\"@id\":\"https:\\\/\\\/xn--sykett-gua.fi\\\/joensuu\\\/tilat\\\/tikkarinne\\\/#breadcrumb\"},\"inLanguage\":\"fi\",\"potentialAction\":[{\"@type\":\"ReadAction\",\"target\":[\"https:\\\/\\\/xn--sykett-gua.fi\\\/joensuu\\\/tilat\\\/tikkarinne\\\/\"]}]},{\"@type\":\"ImageObject\",\"inLanguage\":\"fi\",\"@id\":\"https:\\\/\\\/xn--sykett-gua.fi\\\/joensuu\\\/tilat\\\/tikkarinne\\\/#primaryimage\",\"url\":\"https:\\\/\\\/xn--sykett-gua.fi\\\/joensuu\\\/wp-content\\\/uploads\\\/sites\\\/3\\\/2024\\\/10\\\/tikkarinne.png\",\"contentUrl\":\"https:\\\/\\\/xn--sykett-gua.fi\\\/joensuu\\\/wp-content\\\/uploads\\\/sites\\\/3\\\/2024\\\/10\\\/tikkarinne.png\",\"width\":880,\"height\":383,\"caption\":\"Tikkarinteen koulu\"},{\"@type\":\"BreadcrumbList\",\"@id\":\"https:\\\/\\\/xn--sykett-gua.fi\\\/joensuu\\\/tilat\\\/tikkarinne\\\/#breadcrumb\",\"itemListElement\":[{\"@type\":\"ListItem\",\"position\":1,\"name\":\"Etusivu\",\"item\":\"https:\\\/\\\/xn--sykett-gua.fi\\\/joensuu\\\/fi\\\/joensuu\\\/\"},{\"@type\":\"ListItem\",\"position\":2,\"name\":\"Tilat\",\"item\":\"https:\\\/\\\/xn--sykett-gua.fi\\\/joensuu\\\/tilat\\\/\"},{\"@type\":\"ListItem\",\"position\":3,\"name\":\"Tikkarinne\"}]},{\"@type\":\"WebSite\",\"@id\":\"https:\\\/\\\/xn--sykett-gua.fi\\\/joensuu\\\/#website\",\"url\":\"https:\\\/\\\/xn--sykett-gua.fi\\\/joensuu\\\/\",\"name\":\"SYKETT\u00c4 Joensuu\",\"description\":\"\",\"publisher\":{\"@id\":\"https:\\\/\\\/xn--sykett-gua.fi\\\/joensuu\\\/#organization\"},\"potentialAction\":[{\"@type\":\"SearchAction\",\"target\":{\"@type\":\"EntryPoint\",\"urlTemplate\":\"https:\\\/\\\/xn--sykett-gua.fi\\\/joensuu\\\/?s={search_term_string}\"},\"query-input\":{\"@type\":\"PropertyValueSpecification\",\"valueRequired\":true,\"valueName\":\"search_term_string\"}}],\"inLanguage\":\"fi\"},{\"@type\":\"Organization\",\"@id\":\"https:\\\/\\\/xn--sykett-gua.fi\\\/joensuu\\\/#organization\",\"name\":\"SYKETT\u00c4 Joensuu\",\"url\":\"https:\\\/\\\/xn--sykett-gua.fi\\\/joensuu\\\/\",\"logo\":{\"@type\":\"ImageObject\",\"inLanguage\":\"fi\",\"@id\":\"https:\\\/\\\/xn--sykett-gua.fi\\\/joensuu\\\/#\\\/schema\\\/logo\\\/image\\\/\",\"url\":\"https:\\\/\\\/xn--sykett-gua.fi\\\/joensuu\\\/wp-content\\\/uploads\\\/sites\\\/3\\\/2024\\\/06\\\/Asset-2@2x-2.png\",\"contentUrl\":\"https:\\\/\\\/xn--sykett-gua.fi\\\/joensuu\\\/wp-content\\\/uploads\\\/sites\\\/3\\\/2024\\\/06\\\/Asset-2@2x-2.png\",\"width\":1003,\"height\":373,\"caption\":\"SYKETT\u00c4 Joensuu\"},\"image\":{\"@id\":\"https:\\\/\\\/xn--sykett-gua.fi\\\/joensuu\\\/#\\\/schema\\\/logo\\\/image\\\/\"}}]}<\/script>\n<!-- \/ Yoast SEO plugin. -->","yoast_head_json":{"title":"Tikkarinne - SYKETT\u00c4 Joensuu","description":"Karelia-ammattikorkeakoulun Tikkarinne-kampuksen osoite on Tikkarinne 9, 80200 Joensuu.","robots":{"index":"index","follow":"follow","max-snippet":"max-snippet:-1","max-image-preview":"max-image-preview:large","max-video-preview":"max-video-preview:-1"},"canonical":"https:\/\/xn--sykett-gua.fi\/joensuu\/tilat\/tikkarinne\/","og_locale":"fi_FI","og_type":"article","og_title":"Tikkarinne - SYKETT\u00c4 Joensuu","og_description":"Karelia-ammattikorkeakoulun Tikkarinne-kampuksen osoite on Tikkarinne 9, 80200 Joensuu.","og_url":"https:\/\/xn--sykett-gua.fi\/joensuu\/tilat\/tikkarinne\/","og_site_name":"SYKETT\u00c4 Joensuu","article_modified_time":"2025-07-31T08:05:59+00:00","og_image":[{"width":880,"height":383,"url":"https:\/\/xn--sykett-gua.fi\/joensuu\/wp-content\/uploads\/sites\/3\/2024\/10\/tikkarinne.png","type":"image\/png"}],"twitter_card":"summary_large_image","twitter_misc":{"Arvioitu lukuaika":"3 minuuttia"},"schema":{"@context":"https:\/\/schema.org","@graph":[{"@type":"WebPage","@id":"https:\/\/xn--sykett-gua.fi\/joensuu\/tilat\/tikkarinne\/","url":"https:\/\/xn--sykett-gua.fi\/joensuu\/tilat\/tikkarinne\/","name":"Tikkarinne - SYKETT\u00c4 Joensuu","isPartOf":{"@id":"https:\/\/xn--sykett-gua.fi\/joensuu\/#website"},"primaryImageOfPage":{"@id":"https:\/\/xn--sykett-gua.fi\/joensuu\/tilat\/tikkarinne\/#primaryimage"},"image":{"@id":"https:\/\/xn--sykett-gua.fi\/joensuu\/tilat\/tikkarinne\/#primaryimage"},"thumbnailUrl":"https:\/\/xn--sykett-gua.fi\/joensuu\/wp-content\/uploads\/sites\/3\/2024\/10\/tikkarinne.png","datePublished":"2024-06-11T09:14:32+00:00","dateModified":"2025-07-31T08:05:59+00:00","description":"Karelia-ammattikorkeakoulun Tikkarinne-kampuksen osoite on Tikkarinne 9, 80200 Joensuu.","breadcrumb":{"@id":"https:\/\/xn--sykett-gua.fi\/joensuu\/tilat\/tikkarinne\/#breadcrumb"},"inLanguage":"fi","potentialAction":[{"@type":"ReadAction","target":["https:\/\/xn--sykett-gua.fi\/joensuu\/tilat\/tikkarinne\/"]}]},{"@type":"ImageObject","inLanguage":"fi","@id":"https:\/\/xn--sykett-gua.fi\/joensuu\/tilat\/tikkarinne\/#primaryimage","url":"https:\/\/xn--sykett-gua.fi\/joensuu\/wp-content\/uploads\/sites\/3\/2024\/10\/tikkarinne.png","contentUrl":"https:\/\/xn--sykett-gua.fi\/joensuu\/wp-content\/uploads\/sites\/3\/2024\/10\/tikkarinne.png","width":880,"height":383,"caption":"Tikkarinteen koulu"},{"@type":"BreadcrumbList","@id":"https:\/\/xn--sykett-gua.fi\/joensuu\/tilat\/tikkarinne\/#breadcrumb","itemListElement":[{"@type":"ListItem","position":1,"name":"Etusivu","item":"https:\/\/xn--sykett-gua.fi\/joensuu\/fi\/joensuu\/"},{"@type":"ListItem","position":2,"name":"Tilat","item":"https:\/\/xn--sykett-gua.fi\/joensuu\/tilat\/"},{"@type":"ListItem","position":3,"name":"Tikkarinne"}]},{"@type":"WebSite","@id":"https:\/\/xn--sykett-gua.fi\/joensuu\/#website","url":"https:\/\/xn--sykett-gua.fi\/joensuu\/","name":"SYKETT\u00c4 Joensuu","description":"","publisher":{"@id":"https:\/\/xn--sykett-gua.fi\/joensuu\/#organization"},"potentialAction":[{"@type":"SearchAction","target":{"@type":"EntryPoint","urlTemplate":"https:\/\/xn--sykett-gua.fi\/joensuu\/?s={search_term_string}"},"query-input":{"@type":"PropertyValueSpecification","valueRequired":true,"valueName":"search_term_string"}}],"inLanguage":"fi"},{"@type":"Organization","@id":"https:\/\/xn--sykett-gua.fi\/joensuu\/#organization","name":"SYKETT\u00c4 Joensuu","url":"https:\/\/xn--sykett-gua.fi\/joensuu\/","logo":{"@type":"ImageObject","inLanguage":"fi","@id":"https:\/\/xn--sykett-gua.fi\/joensuu\/#\/schema\/logo\/image\/","url":"https:\/\/xn--sykett-gua.fi\/joensuu\/wp-content\/uploads\/sites\/3\/2024\/06\/Asset-2@2x-2.png","contentUrl":"https:\/\/xn--sykett-gua.fi\/joensuu\/wp-content\/uploads\/sites\/3\/2024\/06\/Asset-2@2x-2.png","width":1003,"height":373,"caption":"SYKETT\u00c4 Joensuu"},"image":{"@id":"https:\/\/xn--sykett-gua.fi\/joensuu\/#\/schema\/logo\/image\/"}}]}},"_links":{"self":[{"href":"https:\/\/xn--sykett-gua.fi\/joensuu\/wp-json\/wp\/v2\/pages\/3047","targetHints":{"allow":["GET"]}}],"collection":[{"href":"https:\/\/xn--sykett-gua.fi\/joensuu\/wp-json\/wp\/v2\/pages"}],"about":[{"href":"https:\/\/xn--sykett-gua.fi\/joensuu\/wp-json\/wp\/v2\/types\/page"}],"author":[{"embeddable":true,"href":"https:\/\/xn--sykett-gua.fi\/joensuu\/wp-json\/wp\/v2\/users\/3"}],"replies":[{"embeddable":true,"href":"https:\/\/xn--sykett-gua.fi\/joensuu\/wp-json\/wp\/v2\/comments?post=3047"}],"version-history":[{"count":23,"href":"https:\/\/xn--sykett-gua.fi\/joensuu\/wp-json\/wp\/v2\/pages\/3047\/revisions"}],"predecessor-version":[{"id":8529,"href":"https:\/\/xn--sykett-gua.fi\/joensuu\/wp-json\/wp\/v2\/pages\/3047\/revisions\/8529"}],"up":[{"embeddable":true,"href":"https:\/\/xn--sykett-gua.fi\/joensuu\/wp-json\/wp\/v2\/pages\/3679"}],"wp:attachment":[{"href":"https:\/\/xn--sykett-gua.fi\/joensuu\/wp-json\/wp\/v2\/media?parent=3047"}],"curies":[{"name":"wp","href":"https:\/\/api.w.org\/{rel}","templated":true}]}}