{"id":3050,"date":"2024-06-11T12:14:32","date_gmt":"2024-06-11T09:14:32","guid":{"rendered":"https:\/\/xn--sykett-gua.fi\/joensuu\/rantakylan-normaalikoulu\/"},"modified":"2025-06-27T14:26:31","modified_gmt":"2025-06-27T11:26:31","slug":"rantakylan-normaalikoulu","status":"publish","type":"page","link":"https:\/\/xn--sykett-gua.fi\/joensuu\/tilat\/rantakylan-normaalikoulu\/","title":{"rendered":"Rantakyl\u00e4n normaalikoulu"},"content":{"rendered":"\t\t<div data-elementor-type=\"wp-page\" data-elementor-id=\"3050\" class=\"elementor elementor-3050\" data-elementor-post-type=\"page\">\n\t\t\t\t<div data-particle_enable=\"false\" data-particle-mobile-disabled=\"false\" class=\"elementor-element elementor-element-1c8a0ba3 e-flex e-con-boxed e-con e-parent\" data-id=\"1c8a0ba3\" data-element_type=\"container\" data-e-type=\"container\">\n\t\t\t\t\t<div class=\"e-con-inner\">\n\t\t<div data-particle_enable=\"false\" data-particle-mobile-disabled=\"false\" class=\"elementor-element elementor-element-62bb3371 e-flex e-con-boxed e-con e-child\" data-id=\"62bb3371\" data-element_type=\"container\" data-e-type=\"container\">\n\t\t\t\t\t<div class=\"e-con-inner\">\n\t\t\t\t<div class=\"elementor-element elementor-element-0389cff elementor-widget elementor-widget-image\" data-id=\"0389cff\" data-element_type=\"widget\" data-e-type=\"widget\" data-widget_type=\"image.default\">\n\t\t\t\t<div class=\"elementor-widget-container\">\n\t\t\t\t\t\t\t\t\t\t\t\t\t\t\t<img fetchpriority=\"high\" decoding=\"async\" width=\"800\" height=\"348\" src=\"https:\/\/xn--sykett-gua.fi\/joensuu\/wp-content\/uploads\/sites\/3\/2024\/10\/rantakylan-normaalikoulu-1.jpg\" class=\"attachment-large size-large wp-image-4110\" alt=\"Rantakyl\u00e4n normaalikoulun julkisivu\" srcset=\"https:\/\/xn--sykett-gua.fi\/joensuu\/wp-content\/uploads\/sites\/3\/2024\/10\/rantakylan-normaalikoulu-1.jpg 880w, https:\/\/xn--sykett-gua.fi\/joensuu\/wp-content\/uploads\/sites\/3\/2024\/10\/rantakylan-normaalikoulu-1-300x131.jpg 300w, https:\/\/xn--sykett-gua.fi\/joensuu\/wp-content\/uploads\/sites\/3\/2024\/10\/rantakylan-normaalikoulu-1-768x334.jpg 768w\" sizes=\"(max-width: 800px) 100vw, 800px\" \/>\t\t\t\t\t\t\t\t\t\t\t\t\t\t\t<\/div>\n\t\t\t\t<\/div>\n\t\t\t\t<div class=\"elementor-element elementor-element-29ff2e8 elementor-widget elementor-widget-text-editor\" data-id=\"29ff2e8\" data-element_type=\"widget\" data-e-type=\"widget\" data-widget_type=\"text-editor.default\">\n\t\t\t\t<div class=\"elementor-widget-container\">\n\t\t\t\t\t\t\t\t\t<p><strong>Palvelut<\/strong>: Liikuntasali<br \/><strong>Kulkuohjeet<\/strong>: Liikuntasaliin p\u00e4\u00e4see koulun oikealla sivulla olevasta D-ovesta<br \/><strong>Aukioloajat<\/strong>: Iltaisin, katso\u00a0liikuntakalenteri<br \/><strong>Pukuhuoneet<\/strong>: Yksi naisille ja yksi miehille<br \/><strong>Peseytymistilat<\/strong>: Pukuhuoneissa suihkut ja vessat<br \/><strong>V\u00e4lineet<\/strong>: Ei v\u00e4lineit\u00e4 k\u00e4yt\u00f6ss\u00e4<\/p>\t\t\t\t\t\t\t\t<\/div>\n\t\t\t\t<\/div>\n\t\t\t\t\t<\/div>\n\t\t\t\t<\/div>\n\t\t<div data-particle_enable=\"false\" data-particle-mobile-disabled=\"false\" class=\"elementor-element elementor-element-7facddd e-flex e-con-boxed e-con e-child\" data-id=\"7facddd\" data-element_type=\"container\" data-e-type=\"container\">\n\t\t\t\t\t<div class=\"e-con-inner\">\n\t\t\t\t<div class=\"elementor-element elementor-element-56b4ee01 elementor-widget elementor-widget-text-editor\" data-id=\"56b4ee01\" data-element_type=\"widget\" data-e-type=\"widget\" data-widget_type=\"text-editor.default\">\n\t\t\t\t<div class=\"elementor-widget-container\">\n\t\t\t\t\t\t\t\t\t<h2>Sijainti<\/h2>\n<p>Rantakyl\u00e4n normaalikoulu sijaitsee osoitteessa<strong> Pataluodonkatu 6, 80160 Joensuu.<\/strong> Liikuntasaliin p\u00e4\u00e4see koulun oikealla sivulla olevasta D-ovesta. Pukuhuoneet sijaitsevat ulko-ovesta tultaessa edess\u00e4. Sis\u00e4\u00e4nk\u00e4ynti saliin tapahtuu pukuhuoneiden kautta.<\/p>\t\t\t\t\t\t\t\t<\/div>\n\t\t\t\t<\/div>\n\t\t\t\t<div class=\"elementor-element elementor-element-1f047d86 elementor-widget elementor-widget-google_maps\" data-id=\"1f047d86\" data-element_type=\"widget\" data-e-type=\"widget\" data-widget_type=\"google_maps.default\">\n\t\t\t\t<div class=\"elementor-widget-container\">\n\t\t\t\t\t\t\t<div class=\"elementor-custom-embed\">\n\t\t\t<iframe loading=\"lazy\"\n\t\t\t\t\tsrc=\"https:\/\/maps.google.com\/maps?q=Pataluodonkatu%206%2C%2080160%20Joensuu&#038;t=m&#038;z=13&#038;output=embed&#038;iwloc=near\"\n\t\t\t\t\ttitle=\"Pataluodonkatu 6, 80160 Joensuu\"\n\t\t\t\t\taria-label=\"Pataluodonkatu 6, 80160 Joensuu\"\n\t\t\t><\/iframe>\n\t\t<\/div>\n\t\t\t\t\t\t<\/div>\n\t\t\t\t<\/div>\n\t\t\t\t\t<\/div>\n\t\t\t\t<\/div>\n\t\t\t\t\t<\/div>\n\t\t\t\t<\/div>\n\t\t<div data-particle_enable=\"false\" data-particle-mobile-disabled=\"false\" class=\"elementor-element elementor-element-4a1717c e-flex e-con-boxed e-con e-parent\" data-id=\"4a1717c\" data-element_type=\"container\" data-e-type=\"container\">\n\t\t\t\t\t<div class=\"e-con-inner\">\n\t\t<div data-particle_enable=\"false\" data-particle-mobile-disabled=\"false\" class=\"elementor-element elementor-element-57bd434 e-con-full e-flex e-con e-child\" data-id=\"57bd434\" data-element_type=\"container\" data-e-type=\"container\">\n\t\t\t\t<div class=\"elementor-element elementor-element-2f8f516 elementor-widget elementor-widget-text-editor\" data-id=\"2f8f516\" data-element_type=\"widget\" data-e-type=\"widget\" data-widget_type=\"text-editor.default\">\n\t\t\t\t<div class=\"elementor-widget-container\">\n\t\t\t\t\t\t\t\t\t<h2>Perustiedot tilasta<\/h2><p>Rantakyl\u00e4n normaalikoulun liikuntasali soveltuu ryhm\u00e4liikuntatuntien pit\u00e4miseen. Salista l\u00f6ytyy peilit ja kiinte\u00e4 \u00e4\u00e4nentoisto. Koulun v\u00e4lineet eiv\u00e4t ole SYKETT\u00c4-k\u00e4ytt\u00e4jien k\u00e4yt\u00f6ss\u00e4.<\/p><p>Muistettavaa:<\/p><ul><li>Rantakyl\u00e4n normaalikoulun D-ovi on lukossa, mutta ryhm\u00e4liikuntatuntien ohjaajat tulevat avaamaan ovet 5 minuuttia ennen tuntien alkua, joten paikalla tulee olla ajoissa<\/li><li>Salissa saa k\u00e4ytt\u00e4\u00e4 vain sis\u00e4k\u00e4ytt\u00f6\u00f6n tarkoitettuja urheilutossuja tai -kenki\u00e4, joista ei j\u00e4\u00e4 lattiaan j\u00e4lki\u00e4. Saliin ei saa tulla ulkojalkineissa.<\/li><\/ul>\t\t\t\t\t\t\t\t<\/div>\n\t\t\t\t<\/div>\n\t\t\t\t<\/div>\n\t\t<div data-particle_enable=\"false\" data-particle-mobile-disabled=\"false\" class=\"elementor-element elementor-element-50faee3 e-con-full e-flex e-con e-child\" data-id=\"50faee3\" data-element_type=\"container\" data-e-type=\"container\">\n\t\t\t\t<\/div>\n\t\t\t\t\t<\/div>\n\t\t\t\t<\/div>\n\t\t\t\t<\/div>\n\t\t","protected":false},"excerpt":{"rendered":"<p>Palvelut: LiikuntasaliKulkuohjeet: Liikuntasaliin p\u00e4\u00e4see koulun oikealla sivulla olevasta D-ovestaAukioloajat: Iltaisin, katso\u00a0liikuntakalenteriPukuhuoneet: Yksi naisille ja yksi miehillePeseytymistilat: Pukuhuoneissa suihkut ja vessatV\u00e4lineet: Ei v\u00e4lineit\u00e4 k\u00e4yt\u00f6ss\u00e4 Sijainti Rantakyl\u00e4n normaalikoulu sijaitsee osoitteessa Pataluodonkatu 6, 80160 Joensuu. Liikuntasaliin p\u00e4\u00e4see koulun oikealla sivulla olevasta D-ovesta. Pukuhuoneet sijaitsevat ulko-ovesta tultaessa edess\u00e4. Sis\u00e4\u00e4nk\u00e4ynti saliin tapahtuu pukuhuoneiden kautta. Perustiedot tilasta Rantakyl\u00e4n normaalikoulun liikuntasali soveltuu [&hellip;]<\/p>\n","protected":false},"author":3,"featured_media":0,"parent":3679,"menu_order":0,"comment_status":"closed","ping_status":"closed","template":"","meta":{"iawp_total_views":96,"footnotes":""},"class_list":["post-3050","page","type-page","status-publish","hentry"],"yoast_head":"<!-- This site is optimized with the Yoast SEO plugin v27.3 - https:\/\/yoast.com\/product\/yoast-seo-wordpress\/ -->\n<title>Rantakyl\u00e4n normaalikoulu - SYKETT\u00c4 Joensuu<\/title>\n<meta name=\"description\" content=\"Rantakyl\u00e4n normaalikoulu sijaitsee osoitteessa Pataluodonkatu 6, 80160 Joensuu.\" \/>\n<meta name=\"robots\" content=\"index, follow, max-snippet:-1, max-image-preview:large, max-video-preview:-1\" \/>\n<link rel=\"canonical\" href=\"https:\/\/xn--sykett-gua.fi\/joensuu\/tilat\/rantakylan-normaalikoulu\/\" \/>\n<meta property=\"og:locale\" content=\"fi_FI\" \/>\n<meta property=\"og:type\" content=\"article\" \/>\n<meta property=\"og:title\" content=\"Rantakyl\u00e4n normaalikoulu - SYKETT\u00c4 Joensuu\" \/>\n<meta property=\"og:description\" content=\"Rantakyl\u00e4n normaalikoulu sijaitsee osoitteessa Pataluodonkatu 6, 80160 Joensuu.\" \/>\n<meta property=\"og:url\" content=\"https:\/\/xn--sykett-gua.fi\/joensuu\/tilat\/rantakylan-normaalikoulu\/\" \/>\n<meta property=\"og:site_name\" content=\"SYKETT\u00c4 Joensuu\" \/>\n<meta property=\"article:modified_time\" content=\"2025-06-27T11:26:31+00:00\" \/>\n<meta property=\"og:image\" content=\"https:\/\/xn--sykett-gua.fi\/joensuu\/wp-content\/uploads\/sites\/3\/2024\/10\/rantakylan-normaalikoulu-1.jpg\" \/>\n\t<meta property=\"og:image:width\" content=\"880\" \/>\n\t<meta property=\"og:image:height\" content=\"383\" \/>\n\t<meta property=\"og:image:type\" content=\"image\/jpeg\" \/>\n<meta name=\"twitter:card\" content=\"summary_large_image\" \/>\n<meta name=\"twitter:label1\" content=\"Arvioitu lukuaika\" \/>\n\t<meta name=\"twitter:data1\" content=\"1 minuutti\" \/>\n<script type=\"application\/ld+json\" class=\"yoast-schema-graph\">{\"@context\":\"https:\\\/\\\/schema.org\",\"@graph\":[{\"@type\":\"WebPage\",\"@id\":\"https:\\\/\\\/xn--sykett-gua.fi\\\/joensuu\\\/tilat\\\/rantakylan-normaalikoulu\\\/\",\"url\":\"https:\\\/\\\/xn--sykett-gua.fi\\\/joensuu\\\/tilat\\\/rantakylan-normaalikoulu\\\/\",\"name\":\"Rantakyl\u00e4n normaalikoulu - SYKETT\u00c4 Joensuu\",\"isPartOf\":{\"@id\":\"https:\\\/\\\/xn--sykett-gua.fi\\\/joensuu\\\/#website\"},\"primaryImageOfPage\":{\"@id\":\"https:\\\/\\\/xn--sykett-gua.fi\\\/joensuu\\\/tilat\\\/rantakylan-normaalikoulu\\\/#primaryimage\"},\"image\":{\"@id\":\"https:\\\/\\\/xn--sykett-gua.fi\\\/joensuu\\\/tilat\\\/rantakylan-normaalikoulu\\\/#primaryimage\"},\"thumbnailUrl\":\"https:\\\/\\\/xn--sykett-gua.fi\\\/joensuu\\\/wp-content\\\/uploads\\\/sites\\\/3\\\/2024\\\/10\\\/rantakylan-normaalikoulu-1.jpg\",\"datePublished\":\"2024-06-11T09:14:32+00:00\",\"dateModified\":\"2025-06-27T11:26:31+00:00\",\"description\":\"Rantakyl\u00e4n normaalikoulu sijaitsee osoitteessa Pataluodonkatu 6, 80160 Joensuu.\",\"breadcrumb\":{\"@id\":\"https:\\\/\\\/xn--sykett-gua.fi\\\/joensuu\\\/tilat\\\/rantakylan-normaalikoulu\\\/#breadcrumb\"},\"inLanguage\":\"fi\",\"potentialAction\":[{\"@type\":\"ReadAction\",\"target\":[\"https:\\\/\\\/xn--sykett-gua.fi\\\/joensuu\\\/tilat\\\/rantakylan-normaalikoulu\\\/\"]}]},{\"@type\":\"ImageObject\",\"inLanguage\":\"fi\",\"@id\":\"https:\\\/\\\/xn--sykett-gua.fi\\\/joensuu\\\/tilat\\\/rantakylan-normaalikoulu\\\/#primaryimage\",\"url\":\"https:\\\/\\\/xn--sykett-gua.fi\\\/joensuu\\\/wp-content\\\/uploads\\\/sites\\\/3\\\/2024\\\/10\\\/rantakylan-normaalikoulu-1.jpg\",\"contentUrl\":\"https:\\\/\\\/xn--sykett-gua.fi\\\/joensuu\\\/wp-content\\\/uploads\\\/sites\\\/3\\\/2024\\\/10\\\/rantakylan-normaalikoulu-1.jpg\",\"width\":880,\"height\":383,\"caption\":\"Rantakyl\u00e4n normaalikoulun julkisivu\"},{\"@type\":\"BreadcrumbList\",\"@id\":\"https:\\\/\\\/xn--sykett-gua.fi\\\/joensuu\\\/tilat\\\/rantakylan-normaalikoulu\\\/#breadcrumb\",\"itemListElement\":[{\"@type\":\"ListItem\",\"position\":1,\"name\":\"Etusivu\",\"item\":\"https:\\\/\\\/xn--sykett-gua.fi\\\/joensuu\\\/fi\\\/joensuu\\\/\"},{\"@type\":\"ListItem\",\"position\":2,\"name\":\"Tilat\",\"item\":\"https:\\\/\\\/xn--sykett-gua.fi\\\/joensuu\\\/tilat\\\/\"},{\"@type\":\"ListItem\",\"position\":3,\"name\":\"Rantakyl\u00e4n normaalikoulu\"}]},{\"@type\":\"WebSite\",\"@id\":\"https:\\\/\\\/xn--sykett-gua.fi\\\/joensuu\\\/#website\",\"url\":\"https:\\\/\\\/xn--sykett-gua.fi\\\/joensuu\\\/\",\"name\":\"SYKETT\u00c4 Joensuu\",\"description\":\"\",\"publisher\":{\"@id\":\"https:\\\/\\\/xn--sykett-gua.fi\\\/joensuu\\\/#organization\"},\"potentialAction\":[{\"@type\":\"SearchAction\",\"target\":{\"@type\":\"EntryPoint\",\"urlTemplate\":\"https:\\\/\\\/xn--sykett-gua.fi\\\/joensuu\\\/?s={search_term_string}\"},\"query-input\":{\"@type\":\"PropertyValueSpecification\",\"valueRequired\":true,\"valueName\":\"search_term_string\"}}],\"inLanguage\":\"fi\"},{\"@type\":\"Organization\",\"@id\":\"https:\\\/\\\/xn--sykett-gua.fi\\\/joensuu\\\/#organization\",\"name\":\"SYKETT\u00c4 Joensuu\",\"url\":\"https:\\\/\\\/xn--sykett-gua.fi\\\/joensuu\\\/\",\"logo\":{\"@type\":\"ImageObject\",\"inLanguage\":\"fi\",\"@id\":\"https:\\\/\\\/xn--sykett-gua.fi\\\/joensuu\\\/#\\\/schema\\\/logo\\\/image\\\/\",\"url\":\"https:\\\/\\\/xn--sykett-gua.fi\\\/joensuu\\\/wp-content\\\/uploads\\\/sites\\\/3\\\/2024\\\/06\\\/Asset-2@2x-2.png\",\"contentUrl\":\"https:\\\/\\\/xn--sykett-gua.fi\\\/joensuu\\\/wp-content\\\/uploads\\\/sites\\\/3\\\/2024\\\/06\\\/Asset-2@2x-2.png\",\"width\":1003,\"height\":373,\"caption\":\"SYKETT\u00c4 Joensuu\"},\"image\":{\"@id\":\"https:\\\/\\\/xn--sykett-gua.fi\\\/joensuu\\\/#\\\/schema\\\/logo\\\/image\\\/\"}}]}<\/script>\n<!-- \/ Yoast SEO plugin. -->","yoast_head_json":{"title":"Rantakyl\u00e4n normaalikoulu - SYKETT\u00c4 Joensuu","description":"Rantakyl\u00e4n normaalikoulu sijaitsee osoitteessa Pataluodonkatu 6, 80160 Joensuu.","robots":{"index":"index","follow":"follow","max-snippet":"max-snippet:-1","max-image-preview":"max-image-preview:large","max-video-preview":"max-video-preview:-1"},"canonical":"https:\/\/xn--sykett-gua.fi\/joensuu\/tilat\/rantakylan-normaalikoulu\/","og_locale":"fi_FI","og_type":"article","og_title":"Rantakyl\u00e4n normaalikoulu - SYKETT\u00c4 Joensuu","og_description":"Rantakyl\u00e4n normaalikoulu sijaitsee osoitteessa Pataluodonkatu 6, 80160 Joensuu.","og_url":"https:\/\/xn--sykett-gua.fi\/joensuu\/tilat\/rantakylan-normaalikoulu\/","og_site_name":"SYKETT\u00c4 Joensuu","article_modified_time":"2025-06-27T11:26:31+00:00","og_image":[{"width":880,"height":383,"url":"https:\/\/xn--sykett-gua.fi\/joensuu\/wp-content\/uploads\/sites\/3\/2024\/10\/rantakylan-normaalikoulu-1.jpg","type":"image\/jpeg"}],"twitter_card":"summary_large_image","twitter_misc":{"Arvioitu lukuaika":"1 minuutti"},"schema":{"@context":"https:\/\/schema.org","@graph":[{"@type":"WebPage","@id":"https:\/\/xn--sykett-gua.fi\/joensuu\/tilat\/rantakylan-normaalikoulu\/","url":"https:\/\/xn--sykett-gua.fi\/joensuu\/tilat\/rantakylan-normaalikoulu\/","name":"Rantakyl\u00e4n normaalikoulu - SYKETT\u00c4 Joensuu","isPartOf":{"@id":"https:\/\/xn--sykett-gua.fi\/joensuu\/#website"},"primaryImageOfPage":{"@id":"https:\/\/xn--sykett-gua.fi\/joensuu\/tilat\/rantakylan-normaalikoulu\/#primaryimage"},"image":{"@id":"https:\/\/xn--sykett-gua.fi\/joensuu\/tilat\/rantakylan-normaalikoulu\/#primaryimage"},"thumbnailUrl":"https:\/\/xn--sykett-gua.fi\/joensuu\/wp-content\/uploads\/sites\/3\/2024\/10\/rantakylan-normaalikoulu-1.jpg","datePublished":"2024-06-11T09:14:32+00:00","dateModified":"2025-06-27T11:26:31+00:00","description":"Rantakyl\u00e4n normaalikoulu sijaitsee osoitteessa Pataluodonkatu 6, 80160 Joensuu.","breadcrumb":{"@id":"https:\/\/xn--sykett-gua.fi\/joensuu\/tilat\/rantakylan-normaalikoulu\/#breadcrumb"},"inLanguage":"fi","potentialAction":[{"@type":"ReadAction","target":["https:\/\/xn--sykett-gua.fi\/joensuu\/tilat\/rantakylan-normaalikoulu\/"]}]},{"@type":"ImageObject","inLanguage":"fi","@id":"https:\/\/xn--sykett-gua.fi\/joensuu\/tilat\/rantakylan-normaalikoulu\/#primaryimage","url":"https:\/\/xn--sykett-gua.fi\/joensuu\/wp-content\/uploads\/sites\/3\/2024\/10\/rantakylan-normaalikoulu-1.jpg","contentUrl":"https:\/\/xn--sykett-gua.fi\/joensuu\/wp-content\/uploads\/sites\/3\/2024\/10\/rantakylan-normaalikoulu-1.jpg","width":880,"height":383,"caption":"Rantakyl\u00e4n normaalikoulun julkisivu"},{"@type":"BreadcrumbList","@id":"https:\/\/xn--sykett-gua.fi\/joensuu\/tilat\/rantakylan-normaalikoulu\/#breadcrumb","itemListElement":[{"@type":"ListItem","position":1,"name":"Etusivu","item":"https:\/\/xn--sykett-gua.fi\/joensuu\/fi\/joensuu\/"},{"@type":"ListItem","position":2,"name":"Tilat","item":"https:\/\/xn--sykett-gua.fi\/joensuu\/tilat\/"},{"@type":"ListItem","position":3,"name":"Rantakyl\u00e4n normaalikoulu"}]},{"@type":"WebSite","@id":"https:\/\/xn--sykett-gua.fi\/joensuu\/#website","url":"https:\/\/xn--sykett-gua.fi\/joensuu\/","name":"SYKETT\u00c4 Joensuu","description":"","publisher":{"@id":"https:\/\/xn--sykett-gua.fi\/joensuu\/#organization"},"potentialAction":[{"@type":"SearchAction","target":{"@type":"EntryPoint","urlTemplate":"https:\/\/xn--sykett-gua.fi\/joensuu\/?s={search_term_string}"},"query-input":{"@type":"PropertyValueSpecification","valueRequired":true,"valueName":"search_term_string"}}],"inLanguage":"fi"},{"@type":"Organization","@id":"https:\/\/xn--sykett-gua.fi\/joensuu\/#organization","name":"SYKETT\u00c4 Joensuu","url":"https:\/\/xn--sykett-gua.fi\/joensuu\/","logo":{"@type":"ImageObject","inLanguage":"fi","@id":"https:\/\/xn--sykett-gua.fi\/joensuu\/#\/schema\/logo\/image\/","url":"https:\/\/xn--sykett-gua.fi\/joensuu\/wp-content\/uploads\/sites\/3\/2024\/06\/Asset-2@2x-2.png","contentUrl":"https:\/\/xn--sykett-gua.fi\/joensuu\/wp-content\/uploads\/sites\/3\/2024\/06\/Asset-2@2x-2.png","width":1003,"height":373,"caption":"SYKETT\u00c4 Joensuu"},"image":{"@id":"https:\/\/xn--sykett-gua.fi\/joensuu\/#\/schema\/logo\/image\/"}}]}},"_links":{"self":[{"href":"https:\/\/xn--sykett-gua.fi\/joensuu\/wp-json\/wp\/v2\/pages\/3050","targetHints":{"allow":["GET"]}}],"collection":[{"href":"https:\/\/xn--sykett-gua.fi\/joensuu\/wp-json\/wp\/v2\/pages"}],"about":[{"href":"https:\/\/xn--sykett-gua.fi\/joensuu\/wp-json\/wp\/v2\/types\/page"}],"author":[{"embeddable":true,"href":"https:\/\/xn--sykett-gua.fi\/joensuu\/wp-json\/wp\/v2\/users\/3"}],"replies":[{"embeddable":true,"href":"https:\/\/xn--sykett-gua.fi\/joensuu\/wp-json\/wp\/v2\/comments?post=3050"}],"version-history":[{"count":17,"href":"https:\/\/xn--sykett-gua.fi\/joensuu\/wp-json\/wp\/v2\/pages\/3050\/revisions"}],"predecessor-version":[{"id":8006,"href":"https:\/\/xn--sykett-gua.fi\/joensuu\/wp-json\/wp\/v2\/pages\/3050\/revisions\/8006"}],"up":[{"embeddable":true,"href":"https:\/\/xn--sykett-gua.fi\/joensuu\/wp-json\/wp\/v2\/pages\/3679"}],"wp:attachment":[{"href":"https:\/\/xn--sykett-gua.fi\/joensuu\/wp-json\/wp\/v2\/media?parent=3050"}],"curies":[{"name":"wp","href":"https:\/\/api.w.org\/{rel}","templated":true}]}}