{"id":3053,"date":"2024-06-11T12:14:32","date_gmt":"2024-06-11T09:14:32","guid":{"rendered":"https:\/\/xn--sykett-gua.fi\/joensuu\/tulliportinkadun-koulu\/"},"modified":"2025-07-31T10:16:52","modified_gmt":"2025-07-31T07:16:52","slug":"tulliportinkadun-koulu","status":"publish","type":"page","link":"https:\/\/xn--sykett-gua.fi\/joensuu\/tilat\/tulliportinkadun-koulu\/","title":{"rendered":"Tulliportinkadun koulu"},"content":{"rendered":"\t\t<div data-elementor-type=\"wp-page\" data-elementor-id=\"3053\" class=\"elementor elementor-3053\" data-elementor-post-type=\"page\">\n\t\t\t\t<div data-particle_enable=\"false\" data-particle-mobile-disabled=\"false\" class=\"elementor-element elementor-element-76fec4e5 e-flex e-con-boxed e-con e-parent\" data-id=\"76fec4e5\" data-element_type=\"container\" data-e-type=\"container\">\n\t\t\t\t\t<div class=\"e-con-inner\">\n\t\t<div data-particle_enable=\"false\" data-particle-mobile-disabled=\"false\" class=\"elementor-element elementor-element-7eedf510 e-flex e-con-boxed e-con e-child\" data-id=\"7eedf510\" data-element_type=\"container\" data-e-type=\"container\">\n\t\t\t\t\t<div class=\"e-con-inner\">\n\t\t\t\t<div class=\"elementor-element elementor-element-857742b elementor-widget elementor-widget-image\" data-id=\"857742b\" data-element_type=\"widget\" data-e-type=\"widget\" data-widget_type=\"image.default\">\n\t\t\t\t<div class=\"elementor-widget-container\">\n\t\t\t\t\t\t\t\t\t\t\t\t\t\t\t<img fetchpriority=\"high\" decoding=\"async\" width=\"800\" height=\"348\" src=\"https:\/\/xn--sykett-gua.fi\/joensuu\/wp-content\/uploads\/sites\/3\/2024\/10\/tulliportinkadun-koulu.png\" class=\"attachment-large size-large wp-image-4072\" alt=\"Tulliportikadun koulu ja urheilukentt\u00e4 sen edess\u00e4.\" srcset=\"https:\/\/xn--sykett-gua.fi\/joensuu\/wp-content\/uploads\/sites\/3\/2024\/10\/tulliportinkadun-koulu.png 880w, https:\/\/xn--sykett-gua.fi\/joensuu\/wp-content\/uploads\/sites\/3\/2024\/10\/tulliportinkadun-koulu-300x131.png 300w, https:\/\/xn--sykett-gua.fi\/joensuu\/wp-content\/uploads\/sites\/3\/2024\/10\/tulliportinkadun-koulu-768x334.png 768w\" sizes=\"(max-width: 800px) 100vw, 800px\" \/>\t\t\t\t\t\t\t\t\t\t\t\t\t\t\t<\/div>\n\t\t\t\t<\/div>\n\t\t\t\t<div class=\"elementor-element elementor-element-5a11cd0 elementor-widget elementor-widget-text-editor\" data-id=\"5a11cd0\" data-element_type=\"widget\" data-e-type=\"widget\" data-widget_type=\"text-editor.default\">\n\t\t\t\t<div class=\"elementor-widget-container\">\n\t\t\t\t\t\t\t\t\t<p><strong>Palvelut<\/strong>: Liikuntasali<br \/><strong>Kulkuohjeet<\/strong>: Liikuntasaliin p\u00e4\u00e4see koulun sis\u00e4pihalla olevan liikuntarakennuksen kahdesta ulko-ovesta, vasen ovi miesten pukuhuoneeseen ja oikea ovi naisten pukuhuoneeseen<br \/><strong>Aukioloajat<\/strong>: Iltaisin ja viikonloppuisin, katso\u00a0liikuntakalenteri<br \/><strong>Pukuhuoneet<\/strong>: Yksi naisille ja yksi miehille, sis\u00e4\u00e4nk\u00e4ynti eri ulko-ovien kautta<br \/><strong>Peseytymistilat<\/strong>: Pukuhuoneissa suihkut ja vessat<br \/><strong>V\u00e4lineet<\/strong>: Maalit ja verkot k\u00e4yt\u00f6ss\u00e4 (koripallo, lentopallo, salibandy, sulkapallo)<\/p>\t\t\t\t\t\t\t\t<\/div>\n\t\t\t\t<\/div>\n\t\t\t\t\t<\/div>\n\t\t\t\t<\/div>\n\t\t<div data-particle_enable=\"false\" data-particle-mobile-disabled=\"false\" class=\"elementor-element elementor-element-4a1c3219 e-flex e-con-boxed e-con e-child\" data-id=\"4a1c3219\" data-element_type=\"container\" data-e-type=\"container\">\n\t\t\t\t\t<div class=\"e-con-inner\">\n\t\t\t\t<div class=\"elementor-element elementor-element-78bb0800 elementor-widget elementor-widget-text-editor\" data-id=\"78bb0800\" data-element_type=\"widget\" data-e-type=\"widget\" data-widget_type=\"text-editor.default\">\n\t\t\t\t<div class=\"elementor-widget-container\">\n\t\t\t\t\t\t\t\t\t<h2>Sijainti<\/h2>\n<p>Tulliportinkadun koulu sijaitsee It\u00e4-Suomen yliopiston kampuksella osoitteessa <b>Opiskelijankatu 2, 80130 Joensuu<\/b>. Liikuntasaliin p\u00e4\u00e4see koulun sis\u00e4pihalla olevan liikuntarakennuksen ovista. Ulko-ovia on kaksi kappaletta. Miesten ja naisten pukuhuoneet sijaitsevat eri k\u00e4yt\u00e4vill\u00e4, ja sis\u00e4\u00e4nk\u00e4ynti tapahtuu eri ulko-ovien kautta.<\/p>\t\t\t\t\t\t\t\t<\/div>\n\t\t\t\t<\/div>\n\t\t\t\t<div class=\"elementor-element elementor-element-44934a35 elementor-widget elementor-widget-google_maps\" data-id=\"44934a35\" data-element_type=\"widget\" data-e-type=\"widget\" data-widget_type=\"google_maps.default\">\n\t\t\t\t<div class=\"elementor-widget-container\">\n\t\t\t\t\t\t\t<div class=\"elementor-custom-embed\">\n\t\t\t<iframe loading=\"lazy\"\n\t\t\t\t\tsrc=\"https:\/\/maps.google.com\/maps?q=Tulliportinkatu%201%2C%2080130%20Joensuu&#038;t=m&#038;z=13&#038;output=embed&#038;iwloc=near\"\n\t\t\t\t\ttitle=\"Tulliportinkatu 1, 80130 Joensuu\"\n\t\t\t\t\taria-label=\"Tulliportinkatu 1, 80130 Joensuu\"\n\t\t\t><\/iframe>\n\t\t<\/div>\n\t\t\t\t\t\t<\/div>\n\t\t\t\t<\/div>\n\t\t\t\t\t<\/div>\n\t\t\t\t<\/div>\n\t\t\t\t\t<\/div>\n\t\t\t\t<\/div>\n\t\t<div data-particle_enable=\"false\" data-particle-mobile-disabled=\"false\" class=\"elementor-element elementor-element-5329a320 e-flex e-con-boxed e-con e-parent\" data-id=\"5329a320\" data-element_type=\"container\" data-e-type=\"container\">\n\t\t\t\t\t<div class=\"e-con-inner\">\n\t\t<div data-particle_enable=\"false\" data-particle-mobile-disabled=\"false\" class=\"elementor-element elementor-element-7ca41982 e-flex e-con-boxed e-con e-child\" data-id=\"7ca41982\" data-element_type=\"container\" data-e-type=\"container\">\n\t\t\t\t\t<div class=\"e-con-inner\">\n\t\t\t\t<div class=\"elementor-element elementor-element-7d104625 elementor-widget elementor-widget-text-editor\" data-id=\"7d104625\" data-element_type=\"widget\" data-e-type=\"widget\" data-widget_type=\"text-editor.default\">\n\t\t\t\t<div class=\"elementor-widget-container\">\n\t\t\t\t\t\t\t\t\t<h2>Perustiedot tilasta<\/h2><p>Tulliportinkadun koulun liikuntasalissa on parkettilattia, ja sali voidaan jakaa verhoilla kolmeen lohkoon. Sali soveltuu sek\u00e4 palloiluun (esim. salibandy, koripallo, sulkapallo, futsal) ett\u00e4 ryhm\u00e4liikuntaan. Salin toisessa p\u00e4\u00e4dyss\u00e4 on kiinte\u00e4t peilit, ja toisessa kiipeilysein\u00e4. Salissa on my\u00f6s puolapuut ja kiinte\u00e4 \u00e4\u00e4nentoisto. Salin varastossa olevat maalit ja verkot ovat SYKETT\u00c4-k\u00e4ytt\u00e4jien vapaassa k\u00e4yt\u00f6ss\u00e4. Muut koulun v\u00e4lineet eiv\u00e4t ole SYKETT\u00c4-k\u00e4ytt\u00e4jien k\u00e4yt\u00f6ss\u00e4. Tolpat l\u00f6ytyv\u00e4t miesten pukuhuoneen viereisest\u00e4 aulasta ja sulkapallo- sek\u00e4 lentopalloverkot salin sis\u00e4ll\u00e4 sijaitsevista kaapeista.<\/p><p>Muistettavaa:<\/p><ul><li>Salissa saa k\u00e4ytt\u00e4\u00e4 vain sis\u00e4k\u00e4ytt\u00f6\u00f6n tarkoitettuja urheilutossuja tai -kenki\u00e4, joista ei j\u00e4\u00e4 lattiaan j\u00e4lki\u00e4. Saliin ei saa tulla ulkojalkineissa.<\/li><li>Pukukopeissa, v\u00e4linevarastossa ja k\u00e4yt\u00e4vill\u00e4 pelaaminen on kielletty<\/li><li>Verkkojen pystytt\u00e4misess\u00e4 tarvittavien pylv\u00e4iden asennusurien suojat on nostettava koukulla tai muuten lattiaa vahingoittamatta<\/li><li>V\u00e4lineet on palautettava paikoilleen, ellei varmasti ole tiedossa, ett\u00e4 seuraava ryhm\u00e4 niit\u00e4 tarvitsee.<\/li><li>Salin viimeisen iltak\u00e4ytt\u00e4j\u00e4n tulee sammuttaa valot l\u00e4htiess\u00e4\u00e4n. Valokatkaisijat l\u00f6ytyv\u00e4t salin sein\u00e4ll\u00e4 olevasta kaapista.<\/li><li>Mik\u00e4li et ole varma, onko sinun j\u00e4lkeesi tulossa muita k\u00e4ytt\u00e4ji\u00e4, on aina oikein sammuttaa valot<\/li><\/ul>\t\t\t\t\t\t\t\t<\/div>\n\t\t\t\t<\/div>\n\t\t\t\t\t<\/div>\n\t\t\t\t<\/div>\n\t\t<div data-particle_enable=\"false\" data-particle-mobile-disabled=\"false\" class=\"elementor-element elementor-element-3de507aa e-flex e-con-boxed e-con e-child\" data-id=\"3de507aa\" data-element_type=\"container\" data-e-type=\"container\">\n\t\t\t\t\t<div class=\"e-con-inner\">\n\t\t\t\t<div class=\"elementor-element elementor-element-5d615583 elementor-widget elementor-widget-text-editor\" data-id=\"5d615583\" data-element_type=\"widget\" data-e-type=\"widget\" data-widget_type=\"text-editor.default\">\n\t\t\t\t<div class=\"elementor-widget-container\">\n\t\t\t\t\t\t\t\t\t<h2>Aukioloajat<\/h2><p>Ulko-ovi on ajastettu auki s\u00e4hk\u00f6isesti iltak\u00e4ytt\u00e4ji\u00e4 varten. Viikonloppuisin (pe-su) ovi on auki ainoastaan silloin, kun saliin on varattu tunteja ja vuoroja liikuntakalenterin kautta. Mik\u00e4li liikuntatapahtumiin ei ole tullut yht\u00e4\u00e4n varausta perjantaihin klo 12 menness\u00e4, koulun ulko-ovet ajastetaan lukkoon. <strong>Muistathan varata viikonloppuvuorot ajoissa!<\/strong><\/p>\t\t\t\t\t\t\t\t<\/div>\n\t\t\t\t<\/div>\n\t\t\t\t<div class=\"elementor-element elementor-element-2e9ca836 elementor-widget elementor-widget-image\" data-id=\"2e9ca836\" data-element_type=\"widget\" data-e-type=\"widget\" data-widget_type=\"image.default\">\n\t\t\t\t<div class=\"elementor-widget-container\">\n\t\t\t\t\t\t\t\t\t\t\t\t\t\t\t<img decoding=\"async\" width=\"416\" height=\"275\" src=\"https:\/\/xn--sykett-gua.fi\/joensuu\/wp-content\/uploads\/sites\/3\/2024\/06\/syketta-pallot-e1715842066811.gif\" class=\"attachment-large size-large wp-image-3041\" alt=\"\" \/>\t\t\t\t\t\t\t\t\t\t\t\t\t\t\t<\/div>\n\t\t\t\t<\/div>\n\t\t\t\t\t<\/div>\n\t\t\t\t<\/div>\n\t\t\t\t\t<\/div>\n\t\t\t\t<\/div>\n\t\t\t\t<\/div>\n\t\t","protected":false},"excerpt":{"rendered":"<p>Palvelut: LiikuntasaliKulkuohjeet: Liikuntasaliin p\u00e4\u00e4see koulun sis\u00e4pihalla olevan liikuntarakennuksen kahdesta ulko-ovesta, vasen ovi miesten pukuhuoneeseen ja oikea ovi naisten pukuhuoneeseenAukioloajat: Iltaisin ja viikonloppuisin, katso\u00a0liikuntakalenteriPukuhuoneet: Yksi naisille ja yksi miehille, sis\u00e4\u00e4nk\u00e4ynti eri ulko-ovien kauttaPeseytymistilat: Pukuhuoneissa suihkut ja vessatV\u00e4lineet: Maalit ja verkot k\u00e4yt\u00f6ss\u00e4 (koripallo, lentopallo, salibandy, sulkapallo) Sijainti Tulliportinkadun koulu sijaitsee It\u00e4-Suomen yliopiston kampuksella osoitteessa Opiskelijankatu 2, 80130 [&hellip;]<\/p>\n","protected":false},"author":3,"featured_media":0,"parent":3679,"menu_order":0,"comment_status":"closed","ping_status":"closed","template":"","meta":{"iawp_total_views":350,"footnotes":""},"class_list":["post-3053","page","type-page","status-publish","hentry"],"yoast_head":"<!-- This site is optimized with the Yoast SEO plugin v27.3 - https:\/\/yoast.com\/product\/yoast-seo-wordpress\/ -->\n<title>Tulliportinkadun koulu - SYKETT\u00c4 Joensuu<\/title>\n<meta name=\"description\" content=\"Tulliportinkadun koulu sijaitsee It\u00e4-Suomen yliopiston kampuksella osoitteessa Tulliportinkatu 1, 80130 Joensuu.\" \/>\n<meta name=\"robots\" content=\"index, follow, max-snippet:-1, max-image-preview:large, max-video-preview:-1\" \/>\n<link rel=\"canonical\" href=\"https:\/\/xn--sykett-gua.fi\/joensuu\/tilat\/tulliportinkadun-koulu\/\" \/>\n<meta property=\"og:locale\" content=\"fi_FI\" \/>\n<meta property=\"og:type\" content=\"article\" \/>\n<meta property=\"og:title\" content=\"Tulliportinkadun koulu - SYKETT\u00c4 Joensuu\" \/>\n<meta property=\"og:description\" content=\"Tulliportinkadun koulu sijaitsee It\u00e4-Suomen yliopiston kampuksella osoitteessa Tulliportinkatu 1, 80130 Joensuu.\" \/>\n<meta property=\"og:url\" content=\"https:\/\/xn--sykett-gua.fi\/joensuu\/tilat\/tulliportinkadun-koulu\/\" \/>\n<meta property=\"og:site_name\" content=\"SYKETT\u00c4 Joensuu\" \/>\n<meta property=\"article:modified_time\" content=\"2025-07-31T07:16:52+00:00\" \/>\n<meta property=\"og:image\" content=\"https:\/\/xn--sykett-gua.fi\/joensuu\/wp-content\/uploads\/sites\/3\/2024\/10\/tulliportinkadun-koulu.png\" \/>\n\t<meta property=\"og:image:width\" content=\"880\" \/>\n\t<meta property=\"og:image:height\" content=\"383\" \/>\n\t<meta property=\"og:image:type\" content=\"image\/png\" \/>\n<meta name=\"twitter:card\" content=\"summary_large_image\" \/>\n<meta name=\"twitter:label1\" content=\"Arvioitu lukuaika\" \/>\n\t<meta name=\"twitter:data1\" content=\"3 minuuttia\" \/>\n<script type=\"application\/ld+json\" class=\"yoast-schema-graph\">{\"@context\":\"https:\\\/\\\/schema.org\",\"@graph\":[{\"@type\":\"WebPage\",\"@id\":\"https:\\\/\\\/xn--sykett-gua.fi\\\/joensuu\\\/tilat\\\/tulliportinkadun-koulu\\\/\",\"url\":\"https:\\\/\\\/xn--sykett-gua.fi\\\/joensuu\\\/tilat\\\/tulliportinkadun-koulu\\\/\",\"name\":\"Tulliportinkadun koulu - SYKETT\u00c4 Joensuu\",\"isPartOf\":{\"@id\":\"https:\\\/\\\/xn--sykett-gua.fi\\\/joensuu\\\/#website\"},\"primaryImageOfPage\":{\"@id\":\"https:\\\/\\\/xn--sykett-gua.fi\\\/joensuu\\\/tilat\\\/tulliportinkadun-koulu\\\/#primaryimage\"},\"image\":{\"@id\":\"https:\\\/\\\/xn--sykett-gua.fi\\\/joensuu\\\/tilat\\\/tulliportinkadun-koulu\\\/#primaryimage\"},\"thumbnailUrl\":\"https:\\\/\\\/xn--sykett-gua.fi\\\/joensuu\\\/wp-content\\\/uploads\\\/sites\\\/3\\\/2024\\\/10\\\/tulliportinkadun-koulu.png\",\"datePublished\":\"2024-06-11T09:14:32+00:00\",\"dateModified\":\"2025-07-31T07:16:52+00:00\",\"description\":\"Tulliportinkadun koulu sijaitsee It\u00e4-Suomen yliopiston kampuksella osoitteessa Tulliportinkatu 1, 80130 Joensuu.\",\"breadcrumb\":{\"@id\":\"https:\\\/\\\/xn--sykett-gua.fi\\\/joensuu\\\/tilat\\\/tulliportinkadun-koulu\\\/#breadcrumb\"},\"inLanguage\":\"fi\",\"potentialAction\":[{\"@type\":\"ReadAction\",\"target\":[\"https:\\\/\\\/xn--sykett-gua.fi\\\/joensuu\\\/tilat\\\/tulliportinkadun-koulu\\\/\"]}]},{\"@type\":\"ImageObject\",\"inLanguage\":\"fi\",\"@id\":\"https:\\\/\\\/xn--sykett-gua.fi\\\/joensuu\\\/tilat\\\/tulliportinkadun-koulu\\\/#primaryimage\",\"url\":\"https:\\\/\\\/xn--sykett-gua.fi\\\/joensuu\\\/wp-content\\\/uploads\\\/sites\\\/3\\\/2024\\\/10\\\/tulliportinkadun-koulu.png\",\"contentUrl\":\"https:\\\/\\\/xn--sykett-gua.fi\\\/joensuu\\\/wp-content\\\/uploads\\\/sites\\\/3\\\/2024\\\/10\\\/tulliportinkadun-koulu.png\",\"width\":880,\"height\":383,\"caption\":\"Tulliportikadun koulu ja urheilukentt\u00e4 sen edess\u00e4.\"},{\"@type\":\"BreadcrumbList\",\"@id\":\"https:\\\/\\\/xn--sykett-gua.fi\\\/joensuu\\\/tilat\\\/tulliportinkadun-koulu\\\/#breadcrumb\",\"itemListElement\":[{\"@type\":\"ListItem\",\"position\":1,\"name\":\"Etusivu\",\"item\":\"https:\\\/\\\/xn--sykett-gua.fi\\\/joensuu\\\/fi\\\/joensuu\\\/\"},{\"@type\":\"ListItem\",\"position\":2,\"name\":\"Tilat\",\"item\":\"https:\\\/\\\/xn--sykett-gua.fi\\\/joensuu\\\/tilat\\\/\"},{\"@type\":\"ListItem\",\"position\":3,\"name\":\"Tulliportinkadun koulu\"}]},{\"@type\":\"WebSite\",\"@id\":\"https:\\\/\\\/xn--sykett-gua.fi\\\/joensuu\\\/#website\",\"url\":\"https:\\\/\\\/xn--sykett-gua.fi\\\/joensuu\\\/\",\"name\":\"SYKETT\u00c4 Joensuu\",\"description\":\"\",\"publisher\":{\"@id\":\"https:\\\/\\\/xn--sykett-gua.fi\\\/joensuu\\\/#organization\"},\"potentialAction\":[{\"@type\":\"SearchAction\",\"target\":{\"@type\":\"EntryPoint\",\"urlTemplate\":\"https:\\\/\\\/xn--sykett-gua.fi\\\/joensuu\\\/?s={search_term_string}\"},\"query-input\":{\"@type\":\"PropertyValueSpecification\",\"valueRequired\":true,\"valueName\":\"search_term_string\"}}],\"inLanguage\":\"fi\"},{\"@type\":\"Organization\",\"@id\":\"https:\\\/\\\/xn--sykett-gua.fi\\\/joensuu\\\/#organization\",\"name\":\"SYKETT\u00c4 Joensuu\",\"url\":\"https:\\\/\\\/xn--sykett-gua.fi\\\/joensuu\\\/\",\"logo\":{\"@type\":\"ImageObject\",\"inLanguage\":\"fi\",\"@id\":\"https:\\\/\\\/xn--sykett-gua.fi\\\/joensuu\\\/#\\\/schema\\\/logo\\\/image\\\/\",\"url\":\"https:\\\/\\\/xn--sykett-gua.fi\\\/joensuu\\\/wp-content\\\/uploads\\\/sites\\\/3\\\/2024\\\/06\\\/Asset-2@2x-2.png\",\"contentUrl\":\"https:\\\/\\\/xn--sykett-gua.fi\\\/joensuu\\\/wp-content\\\/uploads\\\/sites\\\/3\\\/2024\\\/06\\\/Asset-2@2x-2.png\",\"width\":1003,\"height\":373,\"caption\":\"SYKETT\u00c4 Joensuu\"},\"image\":{\"@id\":\"https:\\\/\\\/xn--sykett-gua.fi\\\/joensuu\\\/#\\\/schema\\\/logo\\\/image\\\/\"}}]}<\/script>\n<!-- \/ Yoast SEO plugin. -->","yoast_head_json":{"title":"Tulliportinkadun koulu - SYKETT\u00c4 Joensuu","description":"Tulliportinkadun koulu sijaitsee It\u00e4-Suomen yliopiston kampuksella osoitteessa Tulliportinkatu 1, 80130 Joensuu.","robots":{"index":"index","follow":"follow","max-snippet":"max-snippet:-1","max-image-preview":"max-image-preview:large","max-video-preview":"max-video-preview:-1"},"canonical":"https:\/\/xn--sykett-gua.fi\/joensuu\/tilat\/tulliportinkadun-koulu\/","og_locale":"fi_FI","og_type":"article","og_title":"Tulliportinkadun koulu - SYKETT\u00c4 Joensuu","og_description":"Tulliportinkadun koulu sijaitsee It\u00e4-Suomen yliopiston kampuksella osoitteessa Tulliportinkatu 1, 80130 Joensuu.","og_url":"https:\/\/xn--sykett-gua.fi\/joensuu\/tilat\/tulliportinkadun-koulu\/","og_site_name":"SYKETT\u00c4 Joensuu","article_modified_time":"2025-07-31T07:16:52+00:00","og_image":[{"width":880,"height":383,"url":"https:\/\/xn--sykett-gua.fi\/joensuu\/wp-content\/uploads\/sites\/3\/2024\/10\/tulliportinkadun-koulu.png","type":"image\/png"}],"twitter_card":"summary_large_image","twitter_misc":{"Arvioitu lukuaika":"3 minuuttia"},"schema":{"@context":"https:\/\/schema.org","@graph":[{"@type":"WebPage","@id":"https:\/\/xn--sykett-gua.fi\/joensuu\/tilat\/tulliportinkadun-koulu\/","url":"https:\/\/xn--sykett-gua.fi\/joensuu\/tilat\/tulliportinkadun-koulu\/","name":"Tulliportinkadun koulu - SYKETT\u00c4 Joensuu","isPartOf":{"@id":"https:\/\/xn--sykett-gua.fi\/joensuu\/#website"},"primaryImageOfPage":{"@id":"https:\/\/xn--sykett-gua.fi\/joensuu\/tilat\/tulliportinkadun-koulu\/#primaryimage"},"image":{"@id":"https:\/\/xn--sykett-gua.fi\/joensuu\/tilat\/tulliportinkadun-koulu\/#primaryimage"},"thumbnailUrl":"https:\/\/xn--sykett-gua.fi\/joensuu\/wp-content\/uploads\/sites\/3\/2024\/10\/tulliportinkadun-koulu.png","datePublished":"2024-06-11T09:14:32+00:00","dateModified":"2025-07-31T07:16:52+00:00","description":"Tulliportinkadun koulu sijaitsee It\u00e4-Suomen yliopiston kampuksella osoitteessa Tulliportinkatu 1, 80130 Joensuu.","breadcrumb":{"@id":"https:\/\/xn--sykett-gua.fi\/joensuu\/tilat\/tulliportinkadun-koulu\/#breadcrumb"},"inLanguage":"fi","potentialAction":[{"@type":"ReadAction","target":["https:\/\/xn--sykett-gua.fi\/joensuu\/tilat\/tulliportinkadun-koulu\/"]}]},{"@type":"ImageObject","inLanguage":"fi","@id":"https:\/\/xn--sykett-gua.fi\/joensuu\/tilat\/tulliportinkadun-koulu\/#primaryimage","url":"https:\/\/xn--sykett-gua.fi\/joensuu\/wp-content\/uploads\/sites\/3\/2024\/10\/tulliportinkadun-koulu.png","contentUrl":"https:\/\/xn--sykett-gua.fi\/joensuu\/wp-content\/uploads\/sites\/3\/2024\/10\/tulliportinkadun-koulu.png","width":880,"height":383,"caption":"Tulliportikadun koulu ja urheilukentt\u00e4 sen edess\u00e4."},{"@type":"BreadcrumbList","@id":"https:\/\/xn--sykett-gua.fi\/joensuu\/tilat\/tulliportinkadun-koulu\/#breadcrumb","itemListElement":[{"@type":"ListItem","position":1,"name":"Etusivu","item":"https:\/\/xn--sykett-gua.fi\/joensuu\/fi\/joensuu\/"},{"@type":"ListItem","position":2,"name":"Tilat","item":"https:\/\/xn--sykett-gua.fi\/joensuu\/tilat\/"},{"@type":"ListItem","position":3,"name":"Tulliportinkadun koulu"}]},{"@type":"WebSite","@id":"https:\/\/xn--sykett-gua.fi\/joensuu\/#website","url":"https:\/\/xn--sykett-gua.fi\/joensuu\/","name":"SYKETT\u00c4 Joensuu","description":"","publisher":{"@id":"https:\/\/xn--sykett-gua.fi\/joensuu\/#organization"},"potentialAction":[{"@type":"SearchAction","target":{"@type":"EntryPoint","urlTemplate":"https:\/\/xn--sykett-gua.fi\/joensuu\/?s={search_term_string}"},"query-input":{"@type":"PropertyValueSpecification","valueRequired":true,"valueName":"search_term_string"}}],"inLanguage":"fi"},{"@type":"Organization","@id":"https:\/\/xn--sykett-gua.fi\/joensuu\/#organization","name":"SYKETT\u00c4 Joensuu","url":"https:\/\/xn--sykett-gua.fi\/joensuu\/","logo":{"@type":"ImageObject","inLanguage":"fi","@id":"https:\/\/xn--sykett-gua.fi\/joensuu\/#\/schema\/logo\/image\/","url":"https:\/\/xn--sykett-gua.fi\/joensuu\/wp-content\/uploads\/sites\/3\/2024\/06\/Asset-2@2x-2.png","contentUrl":"https:\/\/xn--sykett-gua.fi\/joensuu\/wp-content\/uploads\/sites\/3\/2024\/06\/Asset-2@2x-2.png","width":1003,"height":373,"caption":"SYKETT\u00c4 Joensuu"},"image":{"@id":"https:\/\/xn--sykett-gua.fi\/joensuu\/#\/schema\/logo\/image\/"}}]}},"_links":{"self":[{"href":"https:\/\/xn--sykett-gua.fi\/joensuu\/wp-json\/wp\/v2\/pages\/3053","targetHints":{"allow":["GET"]}}],"collection":[{"href":"https:\/\/xn--sykett-gua.fi\/joensuu\/wp-json\/wp\/v2\/pages"}],"about":[{"href":"https:\/\/xn--sykett-gua.fi\/joensuu\/wp-json\/wp\/v2\/types\/page"}],"author":[{"embeddable":true,"href":"https:\/\/xn--sykett-gua.fi\/joensuu\/wp-json\/wp\/v2\/users\/3"}],"replies":[{"embeddable":true,"href":"https:\/\/xn--sykett-gua.fi\/joensuu\/wp-json\/wp\/v2\/comments?post=3053"}],"version-history":[{"count":17,"href":"https:\/\/xn--sykett-gua.fi\/joensuu\/wp-json\/wp\/v2\/pages\/3053\/revisions"}],"predecessor-version":[{"id":8509,"href":"https:\/\/xn--sykett-gua.fi\/joensuu\/wp-json\/wp\/v2\/pages\/3053\/revisions\/8509"}],"up":[{"embeddable":true,"href":"https:\/\/xn--sykett-gua.fi\/joensuu\/wp-json\/wp\/v2\/pages\/3679"}],"wp:attachment":[{"href":"https:\/\/xn--sykett-gua.fi\/joensuu\/wp-json\/wp\/v2\/media?parent=3053"}],"curies":[{"name":"wp","href":"https:\/\/api.w.org\/{rel}","templated":true}]}}