{"id":4227,"date":"2024-10-04T17:45:43","date_gmt":"2024-10-04T14:45:43","guid":{"rendered":"https:\/\/xn--sykett-gua.fi\/joensuu\/?page_id=4227"},"modified":"2025-07-31T09:36:37","modified_gmt":"2025-07-31T06:36:37","slug":"liikuntakaveri-linder","status":"publish","type":"page","link":"https:\/\/xn--sykett-gua.fi\/joensuu\/palvelut\/liikuntakaveri-linder\/","title":{"rendered":"Liikuntakaveri Linder"},"content":{"rendered":"\t\t<div data-elementor-type=\"wp-page\" data-elementor-id=\"4227\" class=\"elementor elementor-4227\" data-elementor-post-type=\"page\">\n\t\t\t\t<div data-particle_enable=\"false\" data-particle-mobile-disabled=\"false\" class=\"elementor-element elementor-element-8873564 e-flex e-con-boxed e-con e-parent\" data-id=\"8873564\" data-element_type=\"container\" data-e-type=\"container\">\n\t\t\t\t\t<div class=\"e-con-inner\">\n\t\t<div data-particle_enable=\"false\" data-particle-mobile-disabled=\"false\" class=\"elementor-element elementor-element-eb04418 e-con-full e-flex e-con e-child\" data-id=\"eb04418\" data-element_type=\"container\" data-e-type=\"container\">\n\t\t\t\t<div class=\"elementor-element elementor-element-05b2746 elementor-widget elementor-widget-text-editor\" data-id=\"05b2746\" data-element_type=\"widget\" data-e-type=\"widget\" data-widget_type=\"text-editor.default\">\n\t\t\t\t<div class=\"elementor-widget-container\">\n\t\t\t\t\t\t\t\t\t<h2>Mik\u00e4 on \u201dLinder\u201d liikuntakaveri?<\/h2><p>Liikuntakaveri on SYKETT\u00c4-korkeakoululiikunnan tarjoama palvelu kaikille Joensuun korkeakouluopiskelijoille, jotka haluavat harrastaa liikuntaa, mutta kaipaavat siihen kaveria. Palvelun avulla halutaan yhdist\u00e4\u00e4 samoista liikuntaharrastuksista kiinnostuneita opiskelijoita. Sinulla ei tarvitse olla voimassa olevaa SYKETT\u00c4-j\u00e4senyytt\u00e4 osallistuaksesi liikuntakaveripalveluun.<\/p><h2>Oletko aloittelija, kuntoilija vai aktiiviliikkuja?<\/h2><p>Haluaisitko aloittaa ryhm\u00e4liikunnan, mutta yksin sinne l\u00e4hteminen tuntuu pelottavalta ajatukselta? Kaipaatko lenkkipoluille juttukaveria? Harrastatko aktiivisesti jotain liikuntalajia, mutta sen harrastaminen ei ole mahdollista yksin? Liikuntakaveri-palvelulla haluamme tuoda yhteen samoista liikuntaharrastuksista kiinnostuneita ja pyrimme madaltamaan kynnyst\u00e4 osallistua ohjattuun liikuntaan.<\/p><h2>Miten l\u00f6yd\u00e4n oman liikuntakaverin?<\/h2><p>T\u00e4ytt\u00e4m\u00e4ll\u00e4 Liikuntakaveri-hakemuksen etsimme sinulle sopivan liikuntakaverin.<\/p>\t\t\t\t\t\t\t\t<\/div>\n\t\t\t\t<\/div>\n\t\t\t\t<div class=\"elementor-element elementor-element-4bd75b5 elementor-widget elementor-widget-button\" data-id=\"4bd75b5\" data-element_type=\"widget\" data-e-type=\"widget\" data-widget_type=\"button.default\">\n\t\t\t\t<div class=\"elementor-widget-container\">\n\t\t\t\t\t\t\t\t\t<div class=\"elementor-button-wrapper\">\n\t\t\t\t\t<a class=\"elementor-button elementor-button-link elementor-size-sm\" href=\"https:\/\/goo.gl\/forms\/1LsSkHrI7UizmW0y2\" target=\"_blank\">\n\t\t\t\t\t\t<span class=\"elementor-button-content-wrapper\">\n\t\t\t\t\t\t\t\t\t<span class=\"elementor-button-text\">Siirry hakemukseen<\/span>\n\t\t\t\t\t<\/span>\n\t\t\t\t\t<\/a>\n\t\t\t\t<\/div>\n\t\t\t\t\t\t\t\t<\/div>\n\t\t\t\t<\/div>\n\t\t\t\t<\/div>\n\t\t<div data-particle_enable=\"false\" data-particle-mobile-disabled=\"false\" class=\"elementor-element elementor-element-f0bc78a e-con-full e-flex e-con e-child\" data-id=\"f0bc78a\" data-element_type=\"container\" data-e-type=\"container\">\n\t\t\t\t<div class=\"elementor-element elementor-element-d82a814 elementor-widget elementor-widget-image\" data-id=\"d82a814\" data-element_type=\"widget\" data-e-type=\"widget\" data-widget_type=\"image.default\">\n\t\t\t\t<div class=\"elementor-widget-container\">\n\t\t\t\t\t\t\t\t\t\t\t\t\t\t\t<img fetchpriority=\"high\" decoding=\"async\" width=\"416\" height=\"521\" src=\"https:\/\/xn--sykett-gua.fi\/joensuu\/wp-content\/uploads\/sites\/3\/2024\/09\/pallot-pinkki.png\" class=\"attachment-large size-large wp-image-3661\" alt=\"\" srcset=\"https:\/\/xn--sykett-gua.fi\/joensuu\/wp-content\/uploads\/sites\/3\/2024\/09\/pallot-pinkki.png 416w, https:\/\/xn--sykett-gua.fi\/joensuu\/wp-content\/uploads\/sites\/3\/2024\/09\/pallot-pinkki-240x300.png 240w\" sizes=\"(max-width: 416px) 100vw, 416px\" \/>\t\t\t\t\t\t\t\t\t\t\t\t\t\t\t<\/div>\n\t\t\t\t<\/div>\n\t\t\t\t<\/div>\n\t\t\t\t\t<\/div>\n\t\t\t\t<\/div>\n\t\t\t\t<\/div>\n\t\t","protected":false},"excerpt":{"rendered":"<p>Mik\u00e4 on \u201dLinder\u201d liikuntakaveri? Liikuntakaveri on SYKETT\u00c4-korkeakoululiikunnan tarjoama palvelu kaikille Joensuun korkeakouluopiskelijoille, jotka haluavat harrastaa liikuntaa, mutta kaipaavat siihen kaveria. Palvelun avulla halutaan yhdist\u00e4\u00e4 samoista liikuntaharrastuksista kiinnostuneita opiskelijoita. Sinulla ei tarvitse olla voimassa olevaa SYKETT\u00c4-j\u00e4senyytt\u00e4 osallistuaksesi liikuntakaveripalveluun. Oletko aloittelija, kuntoilija vai aktiiviliikkuja? Haluaisitko aloittaa ryhm\u00e4liikunnan, mutta yksin sinne l\u00e4hteminen tuntuu pelottavalta ajatukselta? Kaipaatko lenkkipoluille juttukaveria? [&hellip;]<\/p>\n","protected":false},"author":3,"featured_media":0,"parent":3009,"menu_order":0,"comment_status":"closed","ping_status":"closed","template":"","meta":{"iawp_total_views":350,"footnotes":""},"class_list":["post-4227","page","type-page","status-publish","hentry"],"yoast_head":"<!-- This site is optimized with the Yoast SEO plugin v27.3 - https:\/\/yoast.com\/product\/yoast-seo-wordpress\/ -->\n<title>Liikuntakaveri Linder - SYKETT\u00c4 Joensuu<\/title>\n<meta name=\"description\" content=\"SYKETT\u00c4-palvelujen tarjoama Liikuntakaveri-palvelu yhdist\u00e4\u00e4 Joensuun opiskelijat, jotka kaipaavat liikuntaan kaveria tai pienryhm\u00e4\u00e4.\" \/>\n<meta name=\"robots\" content=\"index, follow, max-snippet:-1, max-image-preview:large, max-video-preview:-1\" \/>\n<link rel=\"canonical\" href=\"https:\/\/xn--sykett-gua.fi\/joensuu\/palvelut\/liikuntakaveri-linder\/\" \/>\n<meta property=\"og:locale\" content=\"fi_FI\" \/>\n<meta property=\"og:type\" content=\"article\" \/>\n<meta property=\"og:title\" content=\"Liikuntakaveri Linder - SYKETT\u00c4 Joensuu\" \/>\n<meta property=\"og:description\" content=\"SYKETT\u00c4-palvelujen tarjoama Liikuntakaveri-palvelu yhdist\u00e4\u00e4 Joensuun opiskelijat, jotka kaipaavat liikuntaan kaveria tai pienryhm\u00e4\u00e4.\" \/>\n<meta property=\"og:url\" content=\"https:\/\/xn--sykett-gua.fi\/joensuu\/palvelut\/liikuntakaveri-linder\/\" \/>\n<meta property=\"og:site_name\" content=\"SYKETT\u00c4 Joensuu\" \/>\n<meta property=\"article:modified_time\" content=\"2025-07-31T06:36:37+00:00\" \/>\n<meta property=\"og:image\" content=\"https:\/\/xn--sykett-gua.fi\/joensuu\/wp-content\/uploads\/sites\/3\/2024\/09\/pallot-pinkki.png\" \/>\n\t<meta property=\"og:image:width\" content=\"416\" \/>\n\t<meta property=\"og:image:height\" content=\"521\" \/>\n\t<meta property=\"og:image:type\" content=\"image\/png\" \/>\n<meta name=\"twitter:card\" content=\"summary_large_image\" \/>\n<meta name=\"twitter:label1\" content=\"Arvioitu lukuaika\" \/>\n\t<meta name=\"twitter:data1\" content=\"1 minuutti\" \/>\n<script type=\"application\/ld+json\" class=\"yoast-schema-graph\">{\"@context\":\"https:\\\/\\\/schema.org\",\"@graph\":[{\"@type\":\"WebPage\",\"@id\":\"https:\\\/\\\/xn--sykett-gua.fi\\\/joensuu\\\/palvelut\\\/liikuntakaveri-linder\\\/\",\"url\":\"https:\\\/\\\/xn--sykett-gua.fi\\\/joensuu\\\/palvelut\\\/liikuntakaveri-linder\\\/\",\"name\":\"Liikuntakaveri Linder - SYKETT\u00c4 Joensuu\",\"isPartOf\":{\"@id\":\"https:\\\/\\\/xn--sykett-gua.fi\\\/joensuu\\\/#website\"},\"primaryImageOfPage\":{\"@id\":\"https:\\\/\\\/xn--sykett-gua.fi\\\/joensuu\\\/palvelut\\\/liikuntakaveri-linder\\\/#primaryimage\"},\"image\":{\"@id\":\"https:\\\/\\\/xn--sykett-gua.fi\\\/joensuu\\\/palvelut\\\/liikuntakaveri-linder\\\/#primaryimage\"},\"thumbnailUrl\":\"https:\\\/\\\/xn--sykett-gua.fi\\\/joensuu\\\/wp-content\\\/uploads\\\/sites\\\/3\\\/2024\\\/09\\\/pallot-pinkki.png\",\"datePublished\":\"2024-10-04T14:45:43+00:00\",\"dateModified\":\"2025-07-31T06:36:37+00:00\",\"description\":\"SYKETT\u00c4-palvelujen tarjoama Liikuntakaveri-palvelu yhdist\u00e4\u00e4 Joensuun opiskelijat, jotka kaipaavat liikuntaan kaveria tai pienryhm\u00e4\u00e4.\",\"breadcrumb\":{\"@id\":\"https:\\\/\\\/xn--sykett-gua.fi\\\/joensuu\\\/palvelut\\\/liikuntakaveri-linder\\\/#breadcrumb\"},\"inLanguage\":\"fi\",\"potentialAction\":[{\"@type\":\"ReadAction\",\"target\":[\"https:\\\/\\\/xn--sykett-gua.fi\\\/joensuu\\\/palvelut\\\/liikuntakaveri-linder\\\/\"]}]},{\"@type\":\"ImageObject\",\"inLanguage\":\"fi\",\"@id\":\"https:\\\/\\\/xn--sykett-gua.fi\\\/joensuu\\\/palvelut\\\/liikuntakaveri-linder\\\/#primaryimage\",\"url\":\"https:\\\/\\\/xn--sykett-gua.fi\\\/joensuu\\\/wp-content\\\/uploads\\\/sites\\\/3\\\/2024\\\/09\\\/pallot-pinkki.png\",\"contentUrl\":\"https:\\\/\\\/xn--sykett-gua.fi\\\/joensuu\\\/wp-content\\\/uploads\\\/sites\\\/3\\\/2024\\\/09\\\/pallot-pinkki.png\",\"width\":416,\"height\":521},{\"@type\":\"BreadcrumbList\",\"@id\":\"https:\\\/\\\/xn--sykett-gua.fi\\\/joensuu\\\/palvelut\\\/liikuntakaveri-linder\\\/#breadcrumb\",\"itemListElement\":[{\"@type\":\"ListItem\",\"position\":1,\"name\":\"Etusivu\",\"item\":\"https:\\\/\\\/xn--sykett-gua.fi\\\/joensuu\\\/fi\\\/joensuu\\\/\"},{\"@type\":\"ListItem\",\"position\":2,\"name\":\"Palvelut\",\"item\":\"https:\\\/\\\/xn--sykett-gua.fi\\\/joensuu\\\/palvelut\\\/\"},{\"@type\":\"ListItem\",\"position\":3,\"name\":\"Liikuntakaveri Linder\"}]},{\"@type\":\"WebSite\",\"@id\":\"https:\\\/\\\/xn--sykett-gua.fi\\\/joensuu\\\/#website\",\"url\":\"https:\\\/\\\/xn--sykett-gua.fi\\\/joensuu\\\/\",\"name\":\"SYKETT\u00c4 Joensuu\",\"description\":\"\",\"publisher\":{\"@id\":\"https:\\\/\\\/xn--sykett-gua.fi\\\/joensuu\\\/#organization\"},\"potentialAction\":[{\"@type\":\"SearchAction\",\"target\":{\"@type\":\"EntryPoint\",\"urlTemplate\":\"https:\\\/\\\/xn--sykett-gua.fi\\\/joensuu\\\/?s={search_term_string}\"},\"query-input\":{\"@type\":\"PropertyValueSpecification\",\"valueRequired\":true,\"valueName\":\"search_term_string\"}}],\"inLanguage\":\"fi\"},{\"@type\":\"Organization\",\"@id\":\"https:\\\/\\\/xn--sykett-gua.fi\\\/joensuu\\\/#organization\",\"name\":\"SYKETT\u00c4 Joensuu\",\"url\":\"https:\\\/\\\/xn--sykett-gua.fi\\\/joensuu\\\/\",\"logo\":{\"@type\":\"ImageObject\",\"inLanguage\":\"fi\",\"@id\":\"https:\\\/\\\/xn--sykett-gua.fi\\\/joensuu\\\/#\\\/schema\\\/logo\\\/image\\\/\",\"url\":\"https:\\\/\\\/xn--sykett-gua.fi\\\/joensuu\\\/wp-content\\\/uploads\\\/sites\\\/3\\\/2024\\\/06\\\/Asset-2@2x-2.png\",\"contentUrl\":\"https:\\\/\\\/xn--sykett-gua.fi\\\/joensuu\\\/wp-content\\\/uploads\\\/sites\\\/3\\\/2024\\\/06\\\/Asset-2@2x-2.png\",\"width\":1003,\"height\":373,\"caption\":\"SYKETT\u00c4 Joensuu\"},\"image\":{\"@id\":\"https:\\\/\\\/xn--sykett-gua.fi\\\/joensuu\\\/#\\\/schema\\\/logo\\\/image\\\/\"}}]}<\/script>\n<!-- \/ Yoast SEO plugin. -->","yoast_head_json":{"title":"Liikuntakaveri Linder - SYKETT\u00c4 Joensuu","description":"SYKETT\u00c4-palvelujen tarjoama Liikuntakaveri-palvelu yhdist\u00e4\u00e4 Joensuun opiskelijat, jotka kaipaavat liikuntaan kaveria tai pienryhm\u00e4\u00e4.","robots":{"index":"index","follow":"follow","max-snippet":"max-snippet:-1","max-image-preview":"max-image-preview:large","max-video-preview":"max-video-preview:-1"},"canonical":"https:\/\/xn--sykett-gua.fi\/joensuu\/palvelut\/liikuntakaveri-linder\/","og_locale":"fi_FI","og_type":"article","og_title":"Liikuntakaveri Linder - SYKETT\u00c4 Joensuu","og_description":"SYKETT\u00c4-palvelujen tarjoama Liikuntakaveri-palvelu yhdist\u00e4\u00e4 Joensuun opiskelijat, jotka kaipaavat liikuntaan kaveria tai pienryhm\u00e4\u00e4.","og_url":"https:\/\/xn--sykett-gua.fi\/joensuu\/palvelut\/liikuntakaveri-linder\/","og_site_name":"SYKETT\u00c4 Joensuu","article_modified_time":"2025-07-31T06:36:37+00:00","og_image":[{"width":416,"height":521,"url":"https:\/\/xn--sykett-gua.fi\/joensuu\/wp-content\/uploads\/sites\/3\/2024\/09\/pallot-pinkki.png","type":"image\/png"}],"twitter_card":"summary_large_image","twitter_misc":{"Arvioitu lukuaika":"1 minuutti"},"schema":{"@context":"https:\/\/schema.org","@graph":[{"@type":"WebPage","@id":"https:\/\/xn--sykett-gua.fi\/joensuu\/palvelut\/liikuntakaveri-linder\/","url":"https:\/\/xn--sykett-gua.fi\/joensuu\/palvelut\/liikuntakaveri-linder\/","name":"Liikuntakaveri Linder - SYKETT\u00c4 Joensuu","isPartOf":{"@id":"https:\/\/xn--sykett-gua.fi\/joensuu\/#website"},"primaryImageOfPage":{"@id":"https:\/\/xn--sykett-gua.fi\/joensuu\/palvelut\/liikuntakaveri-linder\/#primaryimage"},"image":{"@id":"https:\/\/xn--sykett-gua.fi\/joensuu\/palvelut\/liikuntakaveri-linder\/#primaryimage"},"thumbnailUrl":"https:\/\/xn--sykett-gua.fi\/joensuu\/wp-content\/uploads\/sites\/3\/2024\/09\/pallot-pinkki.png","datePublished":"2024-10-04T14:45:43+00:00","dateModified":"2025-07-31T06:36:37+00:00","description":"SYKETT\u00c4-palvelujen tarjoama Liikuntakaveri-palvelu yhdist\u00e4\u00e4 Joensuun opiskelijat, jotka kaipaavat liikuntaan kaveria tai pienryhm\u00e4\u00e4.","breadcrumb":{"@id":"https:\/\/xn--sykett-gua.fi\/joensuu\/palvelut\/liikuntakaveri-linder\/#breadcrumb"},"inLanguage":"fi","potentialAction":[{"@type":"ReadAction","target":["https:\/\/xn--sykett-gua.fi\/joensuu\/palvelut\/liikuntakaveri-linder\/"]}]},{"@type":"ImageObject","inLanguage":"fi","@id":"https:\/\/xn--sykett-gua.fi\/joensuu\/palvelut\/liikuntakaveri-linder\/#primaryimage","url":"https:\/\/xn--sykett-gua.fi\/joensuu\/wp-content\/uploads\/sites\/3\/2024\/09\/pallot-pinkki.png","contentUrl":"https:\/\/xn--sykett-gua.fi\/joensuu\/wp-content\/uploads\/sites\/3\/2024\/09\/pallot-pinkki.png","width":416,"height":521},{"@type":"BreadcrumbList","@id":"https:\/\/xn--sykett-gua.fi\/joensuu\/palvelut\/liikuntakaveri-linder\/#breadcrumb","itemListElement":[{"@type":"ListItem","position":1,"name":"Etusivu","item":"https:\/\/xn--sykett-gua.fi\/joensuu\/fi\/joensuu\/"},{"@type":"ListItem","position":2,"name":"Palvelut","item":"https:\/\/xn--sykett-gua.fi\/joensuu\/palvelut\/"},{"@type":"ListItem","position":3,"name":"Liikuntakaveri Linder"}]},{"@type":"WebSite","@id":"https:\/\/xn--sykett-gua.fi\/joensuu\/#website","url":"https:\/\/xn--sykett-gua.fi\/joensuu\/","name":"SYKETT\u00c4 Joensuu","description":"","publisher":{"@id":"https:\/\/xn--sykett-gua.fi\/joensuu\/#organization"},"potentialAction":[{"@type":"SearchAction","target":{"@type":"EntryPoint","urlTemplate":"https:\/\/xn--sykett-gua.fi\/joensuu\/?s={search_term_string}"},"query-input":{"@type":"PropertyValueSpecification","valueRequired":true,"valueName":"search_term_string"}}],"inLanguage":"fi"},{"@type":"Organization","@id":"https:\/\/xn--sykett-gua.fi\/joensuu\/#organization","name":"SYKETT\u00c4 Joensuu","url":"https:\/\/xn--sykett-gua.fi\/joensuu\/","logo":{"@type":"ImageObject","inLanguage":"fi","@id":"https:\/\/xn--sykett-gua.fi\/joensuu\/#\/schema\/logo\/image\/","url":"https:\/\/xn--sykett-gua.fi\/joensuu\/wp-content\/uploads\/sites\/3\/2024\/06\/Asset-2@2x-2.png","contentUrl":"https:\/\/xn--sykett-gua.fi\/joensuu\/wp-content\/uploads\/sites\/3\/2024\/06\/Asset-2@2x-2.png","width":1003,"height":373,"caption":"SYKETT\u00c4 Joensuu"},"image":{"@id":"https:\/\/xn--sykett-gua.fi\/joensuu\/#\/schema\/logo\/image\/"}}]}},"_links":{"self":[{"href":"https:\/\/xn--sykett-gua.fi\/joensuu\/wp-json\/wp\/v2\/pages\/4227","targetHints":{"allow":["GET"]}}],"collection":[{"href":"https:\/\/xn--sykett-gua.fi\/joensuu\/wp-json\/wp\/v2\/pages"}],"about":[{"href":"https:\/\/xn--sykett-gua.fi\/joensuu\/wp-json\/wp\/v2\/types\/page"}],"author":[{"embeddable":true,"href":"https:\/\/xn--sykett-gua.fi\/joensuu\/wp-json\/wp\/v2\/users\/3"}],"replies":[{"embeddable":true,"href":"https:\/\/xn--sykett-gua.fi\/joensuu\/wp-json\/wp\/v2\/comments?post=4227"}],"version-history":[{"count":20,"href":"https:\/\/xn--sykett-gua.fi\/joensuu\/wp-json\/wp\/v2\/pages\/4227\/revisions"}],"predecessor-version":[{"id":8447,"href":"https:\/\/xn--sykett-gua.fi\/joensuu\/wp-json\/wp\/v2\/pages\/4227\/revisions\/8447"}],"up":[{"embeddable":true,"href":"https:\/\/xn--sykett-gua.fi\/joensuu\/wp-json\/wp\/v2\/pages\/3009"}],"wp:attachment":[{"href":"https:\/\/xn--sykett-gua.fi\/joensuu\/wp-json\/wp\/v2\/media?parent=4227"}],"curies":[{"name":"wp","href":"https:\/\/api.w.org\/{rel}","templated":true}]}}