{"id":4654,"date":"2024-10-18T14:46:01","date_gmt":"2024-10-18T11:46:01","guid":{"rendered":"https:\/\/xn--sykett-gua.fi\/joensuu\/?page_id=4654"},"modified":"2025-07-30T15:50:25","modified_gmt":"2025-07-30T12:50:25","slug":"liikuntakurssit","status":"publish","type":"page","link":"https:\/\/xn--sykett-gua.fi\/joensuu\/liikuntatarjonta\/liikuntakurssit\/","title":{"rendered":"Liikuntakurssit"},"content":{"rendered":"\t\t<div data-elementor-type=\"wp-page\" data-elementor-id=\"4654\" class=\"elementor elementor-4654\" data-elementor-post-type=\"page\">\n\t\t\t\t<div data-particle_enable=\"false\" data-particle-mobile-disabled=\"false\" class=\"elementor-element elementor-element-4a7cf21 e-flex e-con-boxed e-con e-parent\" data-id=\"4a7cf21\" data-element_type=\"container\" data-e-type=\"container\">\n\t\t\t\t\t<div class=\"e-con-inner\">\n\t\t<div data-particle_enable=\"false\" data-particle-mobile-disabled=\"false\" class=\"elementor-element elementor-element-bdffe09 e-con-full e-flex e-con e-child\" data-id=\"bdffe09\" data-element_type=\"container\" data-e-type=\"container\">\n\t\t\t\t<div class=\"elementor-element elementor-element-dc55c3f elementor-widget__width-initial elementor-widget elementor-widget-text-editor\" data-id=\"dc55c3f\" data-element_type=\"widget\" data-e-type=\"widget\" data-widget_type=\"text-editor.default\">\n\t\t\t\t<div class=\"elementor-widget-container\">\n\t\t\t\t\t\t\t\t\t<p>SYKETT\u00c4 j\u00e4rjest\u00e4\u00e4 sek\u00e4 syksyisin ett\u00e4 kev\u00e4isin liikuntakursseja. Kurssit ovat yleens\u00e4 ilmaisia tai saattavat edellytt\u00e4\u00e4 edullisen osallistumismaksun. Kursseille voi osallistua molemmilla j\u00e4senyyksill\u00e4. Ilmoittautuminen liikuntakursseille alkaa yleens\u00e4 7 tai 14 vrk aiemmin tapahtumasta riippuen.<\/p><p>L\u00f6yd\u00e4t liikuntakurssitarjonnan my\u00f6s <a href=\"https:\/\/xn--sykett-gua.fi\/joensuu\/liikuntakalenteri\/ryhmaliikunta\/\" target=\"_blank\" rel=\"noopener\">ryhm\u00e4liikunta<\/a>&#8211; ja <a href=\"https:\/\/xn--sykett-gua.fi\/joensuu\/liikuntakalenteri\/palloilu-ja-lajivuorot\/\" target=\"_blank\" rel=\"noopener\">palloilutarjontataulukoista<\/a>. Ilmoittaudu kursseille liikuntakalenterin kautta.<\/p>\t\t\t\t\t\t\t\t<\/div>\n\t\t\t\t<\/div>\n\t\t\t\t<div class=\"elementor-element elementor-element-04ecee6 elementor-widget elementor-widget-button\" data-id=\"04ecee6\" data-element_type=\"widget\" data-e-type=\"widget\" data-widget_type=\"button.default\">\n\t\t\t\t<div class=\"elementor-widget-container\">\n\t\t\t\t\t\t\t\t\t<div class=\"elementor-button-wrapper\">\n\t\t\t\t\t<a class=\"elementor-button elementor-button-link elementor-size-sm\" href=\"https:\/\/xn--sykett-gua.fi\/joensuu\/\" target=\"_blank\">\n\t\t\t\t\t\t<span class=\"elementor-button-content-wrapper\">\n\t\t\t\t\t\t\t\t\t<span class=\"elementor-button-text\">Liikuntakalenteri<\/span>\n\t\t\t\t\t<\/span>\n\t\t\t\t\t<\/a>\n\t\t\t\t<\/div>\n\t\t\t\t\t\t\t\t<\/div>\n\t\t\t\t<\/div>\n\t\t\t\t<div class=\"elementor-element elementor-element-bf1a50e elementor-widget elementor-widget-image\" data-id=\"bf1a50e\" data-element_type=\"widget\" data-e-type=\"widget\" data-widget_type=\"image.default\">\n\t\t\t\t<div class=\"elementor-widget-container\">\n\t\t\t\t\t\t\t\t\t\t\t\t\t\t\t<img fetchpriority=\"high\" decoding=\"async\" width=\"800\" height=\"348\" src=\"https:\/\/xn--sykett-gua.fi\/joensuu\/wp-content\/uploads\/sites\/3\/2024\/10\/Liikuntakurssit-1024x446.jpg\" class=\"attachment-large size-large wp-image-4660\" alt=\"Kamppailulajiharjoitus\" srcset=\"https:\/\/xn--sykett-gua.fi\/joensuu\/wp-content\/uploads\/sites\/3\/2024\/10\/Liikuntakurssit-1024x446.jpg 1024w, https:\/\/xn--sykett-gua.fi\/joensuu\/wp-content\/uploads\/sites\/3\/2024\/10\/Liikuntakurssit-300x131.jpg 300w, https:\/\/xn--sykett-gua.fi\/joensuu\/wp-content\/uploads\/sites\/3\/2024\/10\/Liikuntakurssit-768x334.jpg 768w, https:\/\/xn--sykett-gua.fi\/joensuu\/wp-content\/uploads\/sites\/3\/2024\/10\/Liikuntakurssit-1536x669.jpg 1536w, https:\/\/xn--sykett-gua.fi\/joensuu\/wp-content\/uploads\/sites\/3\/2024\/10\/Liikuntakurssit-2048x892.jpg 2048w\" sizes=\"(max-width: 800px) 100vw, 800px\" \/>\t\t\t\t\t\t\t\t\t\t\t\t\t\t\t<\/div>\n\t\t\t\t<\/div>\n\t\t\t\t<\/div>\n\t\t<div data-particle_enable=\"false\" data-particle-mobile-disabled=\"false\" class=\"elementor-element elementor-element-cabcbf7 e-con-full e-flex e-con e-child\" data-id=\"cabcbf7\" data-element_type=\"container\" data-e-type=\"container\">\n\t\t\t\t<div class=\"elementor-element elementor-element-cc20624 elementor-widget elementor-widget-heading\" data-id=\"cc20624\" data-element_type=\"widget\" data-e-type=\"widget\" data-widget_type=\"heading.default\">\n\t\t\t\t<div class=\"elementor-widget-container\">\n\t\t\t\t\t<h2 class=\"elementor-heading-title elementor-size-default\">Syksyn 2025 liikuntakurssit<\/h2>\t\t\t\t<\/div>\n\t\t\t\t<\/div>\n\t\t\t\t<div class=\"elementor-element elementor-element-fd9c911 elementor-widget__width-initial elementor-widget elementor-widget-text-editor\" data-id=\"fd9c911\" data-element_type=\"widget\" data-e-type=\"widget\" data-widget_type=\"text-editor.default\">\n\t\t\t\t<div class=\"elementor-widget-container\">\n\t\t\t\t\t\t\t\t\t<p>Julkaistaan alkusyksyn aikana<\/p>\t\t\t\t\t\t\t\t<\/div>\n\t\t\t\t<\/div>\n\t\t\t\t<\/div>\n\t\t\t\t\t<\/div>\n\t\t\t\t<\/div>\n\t\t\t\t<\/div>\n\t\t","protected":false},"excerpt":{"rendered":"<p>SYKETT\u00c4 j\u00e4rjest\u00e4\u00e4 sek\u00e4 syksyisin ett\u00e4 kev\u00e4isin liikuntakursseja. Kurssit ovat yleens\u00e4 ilmaisia tai saattavat edellytt\u00e4\u00e4 edullisen osallistumismaksun. Kursseille voi osallistua molemmilla j\u00e4senyyksill\u00e4. Ilmoittautuminen liikuntakursseille alkaa yleens\u00e4 7 tai 14 vrk aiemmin tapahtumasta riippuen. L\u00f6yd\u00e4t liikuntakurssitarjonnan my\u00f6s ryhm\u00e4liikunta&#8211; ja palloilutarjontataulukoista. Ilmoittaudu kursseille liikuntakalenterin kautta. Liikuntakalenteri Syksyn 2025 liikuntakurssit Julkaistaan alkusyksyn aikana<\/p>\n","protected":false},"author":3,"featured_media":0,"parent":3097,"menu_order":0,"comment_status":"closed","ping_status":"closed","template":"","meta":{"iawp_total_views":943,"footnotes":""},"class_list":["post-4654","page","type-page","status-publish","hentry"],"yoast_head":"<!-- This site is optimized with the Yoast SEO plugin v27.3 - https:\/\/yoast.com\/product\/yoast-seo-wordpress\/ -->\n<title>Liikuntakurssit - SYKETT\u00c4 Joensuu<\/title>\n<meta name=\"description\" content=\"SYKETT\u00c4 j\u00e4rjest\u00e4\u00e4 sek\u00e4 syksyisin ett\u00e4 kev\u00e4isin liikuntakursseja. Kursseille voi osallistua sek\u00e4 ryhm\u00e4liikunta- ett\u00e4 palloilutarralla.\" \/>\n<meta name=\"robots\" content=\"index, follow, max-snippet:-1, max-image-preview:large, max-video-preview:-1\" \/>\n<link rel=\"canonical\" href=\"https:\/\/xn--sykett-gua.fi\/joensuu\/liikuntatarjonta\/liikuntakurssit\/\" \/>\n<meta property=\"og:locale\" content=\"fi_FI\" \/>\n<meta property=\"og:type\" content=\"article\" \/>\n<meta property=\"og:title\" content=\"Liikuntakurssit - SYKETT\u00c4 Joensuu\" \/>\n<meta property=\"og:description\" content=\"SYKETT\u00c4 j\u00e4rjest\u00e4\u00e4 sek\u00e4 syksyisin ett\u00e4 kev\u00e4isin liikuntakursseja. Kursseille voi osallistua sek\u00e4 ryhm\u00e4liikunta- ett\u00e4 palloilutarralla.\" \/>\n<meta property=\"og:url\" content=\"https:\/\/xn--sykett-gua.fi\/joensuu\/liikuntatarjonta\/liikuntakurssit\/\" \/>\n<meta property=\"og:site_name\" content=\"SYKETT\u00c4 Joensuu\" \/>\n<meta property=\"article:modified_time\" content=\"2025-07-30T12:50:25+00:00\" \/>\n<meta property=\"og:image\" content=\"https:\/\/xn--sykett-gua.fi\/joensuu\/wp-content\/uploads\/sites\/3\/2024\/10\/Liikuntakurssit-scaled.jpg\" \/>\n\t<meta property=\"og:image:width\" content=\"2560\" \/>\n\t<meta property=\"og:image:height\" content=\"1115\" \/>\n\t<meta property=\"og:image:type\" content=\"image\/jpeg\" \/>\n<meta name=\"twitter:card\" content=\"summary_large_image\" \/>\n<meta name=\"twitter:label1\" content=\"Arvioitu lukuaika\" \/>\n\t<meta name=\"twitter:data1\" content=\"1 minuutti\" \/>\n<script type=\"application\/ld+json\" class=\"yoast-schema-graph\">{\"@context\":\"https:\\\/\\\/schema.org\",\"@graph\":[{\"@type\":\"WebPage\",\"@id\":\"https:\\\/\\\/xn--sykett-gua.fi\\\/joensuu\\\/liikuntatarjonta\\\/liikuntakurssit\\\/\",\"url\":\"https:\\\/\\\/xn--sykett-gua.fi\\\/joensuu\\\/liikuntatarjonta\\\/liikuntakurssit\\\/\",\"name\":\"Liikuntakurssit - SYKETT\u00c4 Joensuu\",\"isPartOf\":{\"@id\":\"https:\\\/\\\/xn--sykett-gua.fi\\\/joensuu\\\/#website\"},\"primaryImageOfPage\":{\"@id\":\"https:\\\/\\\/xn--sykett-gua.fi\\\/joensuu\\\/liikuntatarjonta\\\/liikuntakurssit\\\/#primaryimage\"},\"image\":{\"@id\":\"https:\\\/\\\/xn--sykett-gua.fi\\\/joensuu\\\/liikuntatarjonta\\\/liikuntakurssit\\\/#primaryimage\"},\"thumbnailUrl\":\"https:\\\/\\\/xn--sykett-gua.fi\\\/joensuu\\\/wp-content\\\/uploads\\\/sites\\\/3\\\/2024\\\/10\\\/Liikuntakurssit-1024x446.jpg\",\"datePublished\":\"2024-10-18T11:46:01+00:00\",\"dateModified\":\"2025-07-30T12:50:25+00:00\",\"description\":\"SYKETT\u00c4 j\u00e4rjest\u00e4\u00e4 sek\u00e4 syksyisin ett\u00e4 kev\u00e4isin liikuntakursseja. Kursseille voi osallistua sek\u00e4 ryhm\u00e4liikunta- ett\u00e4 palloilutarralla.\",\"breadcrumb\":{\"@id\":\"https:\\\/\\\/xn--sykett-gua.fi\\\/joensuu\\\/liikuntatarjonta\\\/liikuntakurssit\\\/#breadcrumb\"},\"inLanguage\":\"fi\",\"potentialAction\":[{\"@type\":\"ReadAction\",\"target\":[\"https:\\\/\\\/xn--sykett-gua.fi\\\/joensuu\\\/liikuntatarjonta\\\/liikuntakurssit\\\/\"]}]},{\"@type\":\"ImageObject\",\"inLanguage\":\"fi\",\"@id\":\"https:\\\/\\\/xn--sykett-gua.fi\\\/joensuu\\\/liikuntatarjonta\\\/liikuntakurssit\\\/#primaryimage\",\"url\":\"https:\\\/\\\/xn--sykett-gua.fi\\\/joensuu\\\/wp-content\\\/uploads\\\/sites\\\/3\\\/2024\\\/10\\\/Liikuntakurssit-scaled.jpg\",\"contentUrl\":\"https:\\\/\\\/xn--sykett-gua.fi\\\/joensuu\\\/wp-content\\\/uploads\\\/sites\\\/3\\\/2024\\\/10\\\/Liikuntakurssit-scaled.jpg\",\"width\":2560,\"height\":1115,\"caption\":\"Kamppailulajiharjoitus\"},{\"@type\":\"BreadcrumbList\",\"@id\":\"https:\\\/\\\/xn--sykett-gua.fi\\\/joensuu\\\/liikuntatarjonta\\\/liikuntakurssit\\\/#breadcrumb\",\"itemListElement\":[{\"@type\":\"ListItem\",\"position\":1,\"name\":\"Etusivu\",\"item\":\"https:\\\/\\\/xn--sykett-gua.fi\\\/joensuu\\\/fi\\\/joensuu\\\/\"},{\"@type\":\"ListItem\",\"position\":2,\"name\":\"Liikuntatarjonta\",\"item\":\"https:\\\/\\\/xn--sykett-gua.fi\\\/joensuu\\\/liikuntatarjonta\\\/\"},{\"@type\":\"ListItem\",\"position\":3,\"name\":\"Liikuntakurssit\"}]},{\"@type\":\"WebSite\",\"@id\":\"https:\\\/\\\/xn--sykett-gua.fi\\\/joensuu\\\/#website\",\"url\":\"https:\\\/\\\/xn--sykett-gua.fi\\\/joensuu\\\/\",\"name\":\"SYKETT\u00c4 Joensuu\",\"description\":\"\",\"publisher\":{\"@id\":\"https:\\\/\\\/xn--sykett-gua.fi\\\/joensuu\\\/#organization\"},\"potentialAction\":[{\"@type\":\"SearchAction\",\"target\":{\"@type\":\"EntryPoint\",\"urlTemplate\":\"https:\\\/\\\/xn--sykett-gua.fi\\\/joensuu\\\/?s={search_term_string}\"},\"query-input\":{\"@type\":\"PropertyValueSpecification\",\"valueRequired\":true,\"valueName\":\"search_term_string\"}}],\"inLanguage\":\"fi\"},{\"@type\":\"Organization\",\"@id\":\"https:\\\/\\\/xn--sykett-gua.fi\\\/joensuu\\\/#organization\",\"name\":\"SYKETT\u00c4 Joensuu\",\"url\":\"https:\\\/\\\/xn--sykett-gua.fi\\\/joensuu\\\/\",\"logo\":{\"@type\":\"ImageObject\",\"inLanguage\":\"fi\",\"@id\":\"https:\\\/\\\/xn--sykett-gua.fi\\\/joensuu\\\/#\\\/schema\\\/logo\\\/image\\\/\",\"url\":\"https:\\\/\\\/xn--sykett-gua.fi\\\/joensuu\\\/wp-content\\\/uploads\\\/sites\\\/3\\\/2024\\\/06\\\/Asset-2@2x-2.png\",\"contentUrl\":\"https:\\\/\\\/xn--sykett-gua.fi\\\/joensuu\\\/wp-content\\\/uploads\\\/sites\\\/3\\\/2024\\\/06\\\/Asset-2@2x-2.png\",\"width\":1003,\"height\":373,\"caption\":\"SYKETT\u00c4 Joensuu\"},\"image\":{\"@id\":\"https:\\\/\\\/xn--sykett-gua.fi\\\/joensuu\\\/#\\\/schema\\\/logo\\\/image\\\/\"}}]}<\/script>\n<!-- \/ Yoast SEO plugin. -->","yoast_head_json":{"title":"Liikuntakurssit - SYKETT\u00c4 Joensuu","description":"SYKETT\u00c4 j\u00e4rjest\u00e4\u00e4 sek\u00e4 syksyisin ett\u00e4 kev\u00e4isin liikuntakursseja. Kursseille voi osallistua sek\u00e4 ryhm\u00e4liikunta- ett\u00e4 palloilutarralla.","robots":{"index":"index","follow":"follow","max-snippet":"max-snippet:-1","max-image-preview":"max-image-preview:large","max-video-preview":"max-video-preview:-1"},"canonical":"https:\/\/xn--sykett-gua.fi\/joensuu\/liikuntatarjonta\/liikuntakurssit\/","og_locale":"fi_FI","og_type":"article","og_title":"Liikuntakurssit - SYKETT\u00c4 Joensuu","og_description":"SYKETT\u00c4 j\u00e4rjest\u00e4\u00e4 sek\u00e4 syksyisin ett\u00e4 kev\u00e4isin liikuntakursseja. Kursseille voi osallistua sek\u00e4 ryhm\u00e4liikunta- ett\u00e4 palloilutarralla.","og_url":"https:\/\/xn--sykett-gua.fi\/joensuu\/liikuntatarjonta\/liikuntakurssit\/","og_site_name":"SYKETT\u00c4 Joensuu","article_modified_time":"2025-07-30T12:50:25+00:00","og_image":[{"width":2560,"height":1115,"url":"https:\/\/xn--sykett-gua.fi\/joensuu\/wp-content\/uploads\/sites\/3\/2024\/10\/Liikuntakurssit-scaled.jpg","type":"image\/jpeg"}],"twitter_card":"summary_large_image","twitter_misc":{"Arvioitu lukuaika":"1 minuutti"},"schema":{"@context":"https:\/\/schema.org","@graph":[{"@type":"WebPage","@id":"https:\/\/xn--sykett-gua.fi\/joensuu\/liikuntatarjonta\/liikuntakurssit\/","url":"https:\/\/xn--sykett-gua.fi\/joensuu\/liikuntatarjonta\/liikuntakurssit\/","name":"Liikuntakurssit - SYKETT\u00c4 Joensuu","isPartOf":{"@id":"https:\/\/xn--sykett-gua.fi\/joensuu\/#website"},"primaryImageOfPage":{"@id":"https:\/\/xn--sykett-gua.fi\/joensuu\/liikuntatarjonta\/liikuntakurssit\/#primaryimage"},"image":{"@id":"https:\/\/xn--sykett-gua.fi\/joensuu\/liikuntatarjonta\/liikuntakurssit\/#primaryimage"},"thumbnailUrl":"https:\/\/xn--sykett-gua.fi\/joensuu\/wp-content\/uploads\/sites\/3\/2024\/10\/Liikuntakurssit-1024x446.jpg","datePublished":"2024-10-18T11:46:01+00:00","dateModified":"2025-07-30T12:50:25+00:00","description":"SYKETT\u00c4 j\u00e4rjest\u00e4\u00e4 sek\u00e4 syksyisin ett\u00e4 kev\u00e4isin liikuntakursseja. Kursseille voi osallistua sek\u00e4 ryhm\u00e4liikunta- ett\u00e4 palloilutarralla.","breadcrumb":{"@id":"https:\/\/xn--sykett-gua.fi\/joensuu\/liikuntatarjonta\/liikuntakurssit\/#breadcrumb"},"inLanguage":"fi","potentialAction":[{"@type":"ReadAction","target":["https:\/\/xn--sykett-gua.fi\/joensuu\/liikuntatarjonta\/liikuntakurssit\/"]}]},{"@type":"ImageObject","inLanguage":"fi","@id":"https:\/\/xn--sykett-gua.fi\/joensuu\/liikuntatarjonta\/liikuntakurssit\/#primaryimage","url":"https:\/\/xn--sykett-gua.fi\/joensuu\/wp-content\/uploads\/sites\/3\/2024\/10\/Liikuntakurssit-scaled.jpg","contentUrl":"https:\/\/xn--sykett-gua.fi\/joensuu\/wp-content\/uploads\/sites\/3\/2024\/10\/Liikuntakurssit-scaled.jpg","width":2560,"height":1115,"caption":"Kamppailulajiharjoitus"},{"@type":"BreadcrumbList","@id":"https:\/\/xn--sykett-gua.fi\/joensuu\/liikuntatarjonta\/liikuntakurssit\/#breadcrumb","itemListElement":[{"@type":"ListItem","position":1,"name":"Etusivu","item":"https:\/\/xn--sykett-gua.fi\/joensuu\/fi\/joensuu\/"},{"@type":"ListItem","position":2,"name":"Liikuntatarjonta","item":"https:\/\/xn--sykett-gua.fi\/joensuu\/liikuntatarjonta\/"},{"@type":"ListItem","position":3,"name":"Liikuntakurssit"}]},{"@type":"WebSite","@id":"https:\/\/xn--sykett-gua.fi\/joensuu\/#website","url":"https:\/\/xn--sykett-gua.fi\/joensuu\/","name":"SYKETT\u00c4 Joensuu","description":"","publisher":{"@id":"https:\/\/xn--sykett-gua.fi\/joensuu\/#organization"},"potentialAction":[{"@type":"SearchAction","target":{"@type":"EntryPoint","urlTemplate":"https:\/\/xn--sykett-gua.fi\/joensuu\/?s={search_term_string}"},"query-input":{"@type":"PropertyValueSpecification","valueRequired":true,"valueName":"search_term_string"}}],"inLanguage":"fi"},{"@type":"Organization","@id":"https:\/\/xn--sykett-gua.fi\/joensuu\/#organization","name":"SYKETT\u00c4 Joensuu","url":"https:\/\/xn--sykett-gua.fi\/joensuu\/","logo":{"@type":"ImageObject","inLanguage":"fi","@id":"https:\/\/xn--sykett-gua.fi\/joensuu\/#\/schema\/logo\/image\/","url":"https:\/\/xn--sykett-gua.fi\/joensuu\/wp-content\/uploads\/sites\/3\/2024\/06\/Asset-2@2x-2.png","contentUrl":"https:\/\/xn--sykett-gua.fi\/joensuu\/wp-content\/uploads\/sites\/3\/2024\/06\/Asset-2@2x-2.png","width":1003,"height":373,"caption":"SYKETT\u00c4 Joensuu"},"image":{"@id":"https:\/\/xn--sykett-gua.fi\/joensuu\/#\/schema\/logo\/image\/"}}]}},"_links":{"self":[{"href":"https:\/\/xn--sykett-gua.fi\/joensuu\/wp-json\/wp\/v2\/pages\/4654","targetHints":{"allow":["GET"]}}],"collection":[{"href":"https:\/\/xn--sykett-gua.fi\/joensuu\/wp-json\/wp\/v2\/pages"}],"about":[{"href":"https:\/\/xn--sykett-gua.fi\/joensuu\/wp-json\/wp\/v2\/types\/page"}],"author":[{"embeddable":true,"href":"https:\/\/xn--sykett-gua.fi\/joensuu\/wp-json\/wp\/v2\/users\/3"}],"replies":[{"embeddable":true,"href":"https:\/\/xn--sykett-gua.fi\/joensuu\/wp-json\/wp\/v2\/comments?post=4654"}],"version-history":[{"count":22,"href":"https:\/\/xn--sykett-gua.fi\/joensuu\/wp-json\/wp\/v2\/pages\/4654\/revisions"}],"predecessor-version":[{"id":8390,"href":"https:\/\/xn--sykett-gua.fi\/joensuu\/wp-json\/wp\/v2\/pages\/4654\/revisions\/8390"}],"up":[{"embeddable":true,"href":"https:\/\/xn--sykett-gua.fi\/joensuu\/wp-json\/wp\/v2\/pages\/3097"}],"wp:attachment":[{"href":"https:\/\/xn--sykett-gua.fi\/joensuu\/wp-json\/wp\/v2\/media?parent=4654"}],"curies":[{"name":"wp","href":"https:\/\/api.w.org\/{rel}","templated":true}]}}