{"id":5112,"date":"2024-11-08T12:33:34","date_gmt":"2024-11-08T10:33:34","guid":{"rendered":"https:\/\/xn--sykett-gua.fi\/joensuu\/?page_id=5112"},"modified":"2026-04-15T14:23:47","modified_gmt":"2026-04-15T11:23:47","slug":"prices","status":"publish","type":"page","link":"https:\/\/xn--sykett-gua.fi\/joensuu\/en\/info-2\/prices\/","title":{"rendered":"Prices and Sales Locations"},"content":{"rendered":"\t\t<div data-elementor-type=\"wp-page\" data-elementor-id=\"5112\" class=\"elementor elementor-5112\" data-elementor-post-type=\"page\">\n\t\t\t\t<div data-particle_enable=\"false\" data-particle-mobile-disabled=\"false\" class=\"elementor-element elementor-element-aa863bc e-flex e-con-boxed e-con e-parent\" data-id=\"aa863bc\" data-element_type=\"container\" data-e-type=\"container\">\n\t\t\t\t\t<div class=\"e-con-inner\">\n\t\t<div data-particle_enable=\"false\" data-particle-mobile-disabled=\"false\" class=\"elementor-element elementor-element-c0f2111 e-flex e-con-boxed e-con e-child\" data-id=\"c0f2111\" data-element_type=\"container\" data-e-type=\"container\">\n\t\t\t\t\t<div class=\"e-con-inner\">\n\t\t\t\t<div class=\"elementor-element elementor-element-9966ede elementor-widget elementor-widget-text-editor\" data-id=\"9966ede\" data-element_type=\"widget\" data-e-type=\"widget\" data-widget_type=\"text-editor.default\">\n\t\t\t\t<div class=\"elementor-widget-container\">\n\t\t\t\t\t\t\t\t\t<h2>Group Exercise, Ball Sports &amp; Gym<\/h2><p>Make sure you pay the fee directly to the correct city. From the incorrect payment caused by the payer himself\/herself, which is returned, 1 \u20ac will be deducted to cover the transaction costs.<\/p><p><strong>41 \u20ac \/semester (includes 13,5 % VAT)<\/strong><\/p><p>Valid 1 January 2026\u00a0 \u2013\u00a0 31 August 2026<\/p><p><strong>71 \u20ac \/academic year (includes 13,5 % VAT)<\/strong><\/p><p>Valid 1 July 2025 \u2013 31 August 2026<\/p><p>Includes the following services:<\/p><ul><li>Instructed group exercise classes<\/li><li>Open and instructed ball sports and other exercise turns<\/li><li>Regular turns for students and staff<\/li><li>Access to gyms (Portti54, Aurora, Joensuu Areena, Tikkarinne)<\/li><li>Different sports courses (some have a separate fee)<\/li><li>Offers from local sports businesses<\/li><\/ul><p>You can find the schedules for all classes and turns and the opening hours of the gyms on\u00a0<a href=\"https:\/\/xn--sykett-gua.fi\/joensuu\/en\/\" target=\"_blank\" rel=\"noopener noreferrer\">the sports calendar<\/a>.<\/p>\t\t\t\t\t\t\t\t<\/div>\n\t\t\t\t<\/div>\n\t\t<div data-particle_enable=\"false\" data-particle-mobile-disabled=\"false\" class=\"elementor-element elementor-element-9d55fb8 e-con-full e-flex e-con e-child\" data-id=\"9d55fb8\" data-element_type=\"container\" data-e-type=\"container\">\n\t\t\t\t<div class=\"elementor-element elementor-element-6d8626d elementor-widget elementor-widget-image\" data-id=\"6d8626d\" data-element_type=\"widget\" data-e-type=\"widget\" data-widget_type=\"image.default\">\n\t\t\t\t<div class=\"elementor-widget-container\">\n\t\t\t\t\t\t\t\t\t\t\t\t\t\t\t<img fetchpriority=\"high\" decoding=\"async\" width=\"300\" height=\"300\" src=\"https:\/\/xn--sykett-gua.fi\/joensuu\/wp-content\/uploads\/sites\/3\/2025\/06\/Ryhmaliikuntatarra-syksy-2025-300x300.png\" class=\"attachment-medium size-medium wp-image-7694\" alt=\"\" srcset=\"https:\/\/xn--sykett-gua.fi\/joensuu\/wp-content\/uploads\/sites\/3\/2025\/06\/Ryhmaliikuntatarra-syksy-2025-300x300.png 300w, https:\/\/xn--sykett-gua.fi\/joensuu\/wp-content\/uploads\/sites\/3\/2025\/06\/Ryhmaliikuntatarra-syksy-2025-150x150.png 150w, https:\/\/xn--sykett-gua.fi\/joensuu\/wp-content\/uploads\/sites\/3\/2025\/06\/Ryhmaliikuntatarra-syksy-2025.png 734w\" sizes=\"(max-width: 300px) 100vw, 300px\" \/>\t\t\t\t\t\t\t\t\t\t\t\t\t\t\t<\/div>\n\t\t\t\t<\/div>\n\t\t\t\t<div class=\"elementor-element elementor-element-88d3f2f elementor-widget elementor-widget-image\" data-id=\"88d3f2f\" data-element_type=\"widget\" data-e-type=\"widget\" data-widget_type=\"image.default\">\n\t\t\t\t<div class=\"elementor-widget-container\">\n\t\t\t\t\t\t\t\t\t\t\t\t\t\t\t<img decoding=\"async\" width=\"300\" height=\"300\" src=\"https:\/\/xn--sykett-gua.fi\/joensuu\/wp-content\/uploads\/sites\/3\/2025\/06\/Ryhmaliikuntatarra-2025-2026-300x300.png\" class=\"attachment-medium size-medium wp-image-7695\" alt=\"\" srcset=\"https:\/\/xn--sykett-gua.fi\/joensuu\/wp-content\/uploads\/sites\/3\/2025\/06\/Ryhmaliikuntatarra-2025-2026-300x300.png 300w, https:\/\/xn--sykett-gua.fi\/joensuu\/wp-content\/uploads\/sites\/3\/2025\/06\/Ryhmaliikuntatarra-2025-2026-150x150.png 150w, https:\/\/xn--sykett-gua.fi\/joensuu\/wp-content\/uploads\/sites\/3\/2025\/06\/Ryhmaliikuntatarra-2025-2026.png 730w\" sizes=\"(max-width: 300px) 100vw, 300px\" \/>\t\t\t\t\t\t\t\t\t\t\t\t\t\t\t<\/div>\n\t\t\t\t<\/div>\n\t\t\t\t<\/div>\n\t\t\t\t\t<\/div>\n\t\t\t\t<\/div>\n\t\t<div data-particle_enable=\"false\" data-particle-mobile-disabled=\"false\" class=\"elementor-element elementor-element-431bd74 e-flex e-con-boxed e-con e-child\" data-id=\"431bd74\" data-element_type=\"container\" data-e-type=\"container\">\n\t\t\t\t\t<div class=\"e-con-inner\">\n\t\t\t\t<div class=\"elementor-element elementor-element-8bca4e8 elementor-widget elementor-widget-text-editor\" data-id=\"8bca4e8\" data-element_type=\"widget\" data-e-type=\"widget\" data-widget_type=\"text-editor.default\">\n\t\t\t\t<div class=\"elementor-widget-container\">\n\t\t\t\t\t\t\t\t\t<h2>Ball Sports &amp; Gym<\/h2><p>Make sure you pay the fee directly to the correct city. From the incorrect payment caused by the payer, which is returned, 1 \u20ac will be deducted to cover the transaction costs.<\/p><p><strong>23 \u20ac \/semester (includes 13,5 % VAT)<\/strong><\/p><p>Valid 1 January 2026 \u2013 31 August 2026<\/p><p><strong>38 \u20ac \/academic year (includes 13,5 % VAT)<\/strong><\/p><p>Valid 1 July 2025 \u2013\u00a031 August 2026<\/p><p>Includes the following services:<\/p><p>\u2013 Open and instructed ball sports and other exercise turns<br \/>\u2013 Regular turns for students and staff<br \/>\u2013 Access to gyms (Portti54, Aurora, Joensuu Areena, Tikkarinne)<br \/>\u2013 Different sports courses (some have a separate fee)<br \/>\u2013 Offers from local sports businesses<\/p><p>You can find the schedules for all classes and turns and the opening hours of the gyms on\u00a0<a href=\"https:\/\/xn--sykett-gua.fi\/joensuu\/en\/\" target=\"_blank\" rel=\"noopener noreferrer\">the sports calendar<\/a>.<\/p>\t\t\t\t\t\t\t\t<\/div>\n\t\t\t\t<\/div>\n\t\t<div data-particle_enable=\"false\" data-particle-mobile-disabled=\"false\" class=\"elementor-element elementor-element-a6b9aad e-con-full e-flex e-con e-child\" data-id=\"a6b9aad\" data-element_type=\"container\" data-e-type=\"container\">\n\t\t\t\t<div class=\"elementor-element elementor-element-bf95ad2 elementor-widget elementor-widget-image\" data-id=\"bf95ad2\" data-element_type=\"widget\" data-e-type=\"widget\" data-widget_type=\"image.default\">\n\t\t\t\t<div class=\"elementor-widget-container\">\n\t\t\t\t\t\t\t\t\t\t\t\t\t\t\t<img decoding=\"async\" width=\"300\" height=\"300\" src=\"https:\/\/xn--sykett-gua.fi\/joensuu\/wp-content\/uploads\/sites\/3\/2025\/06\/Palloilutarra-syksy-2025-300x300.png\" class=\"attachment-medium size-medium wp-image-7696\" alt=\"\" srcset=\"https:\/\/xn--sykett-gua.fi\/joensuu\/wp-content\/uploads\/sites\/3\/2025\/06\/Palloilutarra-syksy-2025-300x300.png 300w, https:\/\/xn--sykett-gua.fi\/joensuu\/wp-content\/uploads\/sites\/3\/2025\/06\/Palloilutarra-syksy-2025-150x150.png 150w, https:\/\/xn--sykett-gua.fi\/joensuu\/wp-content\/uploads\/sites\/3\/2025\/06\/Palloilutarra-syksy-2025.png 741w\" sizes=\"(max-width: 300px) 100vw, 300px\" \/>\t\t\t\t\t\t\t\t\t\t\t\t\t\t\t<\/div>\n\t\t\t\t<\/div>\n\t\t\t\t<div class=\"elementor-element elementor-element-2d10666 elementor-widget elementor-widget-image\" data-id=\"2d10666\" data-element_type=\"widget\" data-e-type=\"widget\" data-widget_type=\"image.default\">\n\t\t\t\t<div class=\"elementor-widget-container\">\n\t\t\t\t\t\t\t\t\t\t\t\t\t\t\t<img loading=\"lazy\" decoding=\"async\" width=\"300\" height=\"300\" src=\"https:\/\/xn--sykett-gua.fi\/joensuu\/wp-content\/uploads\/sites\/3\/2025\/06\/Palloilutarra-2025-2026-300x300.png\" class=\"attachment-medium size-medium wp-image-7697\" alt=\"\" srcset=\"https:\/\/xn--sykett-gua.fi\/joensuu\/wp-content\/uploads\/sites\/3\/2025\/06\/Palloilutarra-2025-2026-300x300.png 300w, https:\/\/xn--sykett-gua.fi\/joensuu\/wp-content\/uploads\/sites\/3\/2025\/06\/Palloilutarra-2025-2026-150x150.png 150w, https:\/\/xn--sykett-gua.fi\/joensuu\/wp-content\/uploads\/sites\/3\/2025\/06\/Palloilutarra-2025-2026.png 733w\" sizes=\"(max-width: 300px) 100vw, 300px\" \/>\t\t\t\t\t\t\t\t\t\t\t\t\t\t\t<\/div>\n\t\t\t\t<\/div>\n\t\t\t\t<\/div>\n\t\t\t\t\t<\/div>\n\t\t\t\t<\/div>\n\t\t\t\t\t<\/div>\n\t\t\t\t<\/div>\n\t\t<div data-particle_enable=\"false\" data-particle-mobile-disabled=\"false\" class=\"elementor-element elementor-element-131865d e-flex e-con-boxed e-con e-parent\" data-id=\"131865d\" data-element_type=\"container\" data-e-type=\"container\">\n\t\t\t\t\t<div class=\"e-con-inner\">\n\t\t\t\t<div class=\"elementor-element elementor-element-3b67a22 elementor-widget elementor-widget-heading\" data-id=\"3b67a22\" data-element_type=\"widget\" data-e-type=\"widget\" data-widget_type=\"heading.default\">\n\t\t\t\t<div class=\"elementor-widget-container\">\n\t\t\t\t\t<h2 class=\"elementor-heading-title elementor-size-default\">Sales Locations\n<\/h2>\t\t\t\t<\/div>\n\t\t\t\t<\/div>\n\t\t\t\t\t<\/div>\n\t\t\t\t<\/div>\n\t\t<div data-particle_enable=\"false\" data-particle-mobile-disabled=\"false\" class=\"elementor-element elementor-element-7ce177d e-flex e-con-boxed e-con e-parent\" data-id=\"7ce177d\" data-element_type=\"container\" data-e-type=\"container\">\n\t\t\t\t\t<div class=\"e-con-inner\">\n\t\t<div data-particle_enable=\"false\" data-particle-mobile-disabled=\"false\" class=\"elementor-element elementor-element-4ac4ad3 e-con-full e-flex e-con e-child\" data-id=\"4ac4ad3\" data-element_type=\"container\" data-e-type=\"container\">\n\t\t\t\t<div class=\"elementor-element elementor-element-8bbee82 elementor-widget elementor-widget-text-editor\" data-id=\"8bbee82\" data-element_type=\"widget\" data-e-type=\"widget\" data-widget_type=\"text-editor.default\">\n\t\t\t\t<div class=\"elementor-widget-container\">\n\t\t\t\t\t\t\t\t\t<h3>SYKETT\u00c4 Online Shop<\/h3><p>You can visit the\u00a0online shop\u00a0both on our website and the mobile application. The online payment options of all Finnish banks are available in the online shop.<\/p><p id=\"tw-target-text\" class=\"tw-data-text tw-text-large XcVN5d tw-ta\" dir=\"ltr\" data-placeholder=\"K\u00e4\u00e4nn\u00f6s\"><strong><span class=\"Y2IQFc\" lang=\"en\">NB! If you are a university staff member and you pay for the sticker online and you want the access to the Aurora gym, please notify us (liikuntapaallikko@isyy.fi) or the UEF key services (kjell.grinden@uef.fi) of your payment, then we know to open the access for you.<\/span><\/strong><\/p>\t\t\t\t\t\t\t\t<\/div>\n\t\t\t\t<\/div>\n\t\t\t\t<\/div>\n\t\t<div data-particle_enable=\"false\" data-particle-mobile-disabled=\"false\" class=\"elementor-element elementor-element-4039f0b e-con-full e-flex e-con e-child\" data-id=\"4039f0b\" data-element_type=\"container\" data-e-type=\"container\">\n\t\t\t\t<div class=\"elementor-element elementor-element-9e8bc92 elementor-widget__width-initial elementor-widget elementor-widget-text-editor\" data-id=\"9e8bc92\" data-element_type=\"widget\" data-e-type=\"widget\" data-widget_type=\"text-editor.default\">\n\t\t\t\t<div class=\"elementor-widget-container\">\n\t\t\t\t\t\t\t\t\t<h3>ISYY Office<\/h3><p>Student Union of the University of Eastern Finland<br \/>Suvantokatu 6<br \/>80100 Joensuu<\/p><p>Opening hours:<br \/>Mondays, Tuesdays and Thursdays, 10 am to 12 noon and 1 pm to 3 pm<br \/>Wednesdays, 12 pm to 4 pm<br \/>Fridays, closed<\/p><p>See exceptions to opening hours on the\u00a0<a href=\"https:\/\/www.isyy.fi\/en\/home.html\" target=\"_blank\" rel=\"noopener noreferrer\">ISYY website<\/a>.<\/p>\t\t\t\t\t\t\t\t<\/div>\n\t\t\t\t<\/div>\n\t\t\t\t<\/div>\n\t\t<div data-particle_enable=\"false\" data-particle-mobile-disabled=\"false\" class=\"elementor-element elementor-element-82819ed e-con-full e-flex e-con e-child\" data-id=\"82819ed\" data-element_type=\"container\" data-e-type=\"container\">\n\t\t\t\t<div class=\"elementor-element elementor-element-4266caf elementor-widget__width-initial elementor-widget elementor-widget-text-editor\" data-id=\"4266caf\" data-element_type=\"widget\" data-e-type=\"widget\" data-widget_type=\"text-editor.default\">\n\t\t\t\t<div class=\"elementor-widget-container\">\n\t\t\t\t\t\t\t\t\t<h3>POKA Office, Tikkarinne Campus<\/h3><p>Student Union POKA of Karelia University of Applied Sciences<br \/>Tikkarinne 9<br \/>80200 Joensuu<br \/>Building A<\/p><p>Opening hours:<br \/>Open by appointment<\/p><p>See contact information of the emplyees on the <a href=\"https:\/\/pokapoka.fi\/en\/offices-and-what-you-can-get-from-them\/\" target=\"_blank\" rel=\"noopener\">POKA\u2019s website<\/a>.<\/p>\t\t\t\t\t\t\t\t<\/div>\n\t\t\t\t<\/div>\n\t\t\t\t<\/div>\n\t\t<div data-particle_enable=\"false\" data-particle-mobile-disabled=\"false\" class=\"elementor-element elementor-element-81e2724 e-con-full e-flex e-con e-child\" data-id=\"81e2724\" data-element_type=\"container\" data-e-type=\"container\">\n\t\t\t\t<div class=\"elementor-element elementor-element-84476d8 elementor-widget__width-initial elementor-widget elementor-widget-text-editor\" data-id=\"84476d8\" data-element_type=\"widget\" data-e-type=\"widget\" data-widget_type=\"text-editor.default\">\n\t\t\t\t<div class=\"elementor-widget-container\">\n\t\t\t\t\t\t\t\t\t<h3>POKA Office, W\u00e4rtsil\u00e4 Campus<\/h3><p>Student Union POKA of Karelia University of Applied Sciences<br \/>Karjalankatu 3<br \/>80200 Joensuu<\/p><p>Opening hours:<br \/>Open by appointment<\/p><p>See contact information of the emplyees on the <a href=\"https:\/\/pokapoka.fi\/en\/offices-and-what-you-can-get-from-them\/\" target=\"_blank\" rel=\"noopener\">POKA\u2019s website<\/a>.<\/p>\t\t\t\t\t\t\t\t<\/div>\n\t\t\t\t<\/div>\n\t\t\t\t<\/div>\n\t\t\t\t\t<\/div>\n\t\t\t\t<\/div>\n\t\t\t\t<\/div>\n\t\t","protected":false},"excerpt":{"rendered":"<p>Group Exercise, Ball Sports &amp; Gym Make sure you pay the fee directly to the correct city. From the incorrect payment caused by the payer himself\/herself, which is returned, 1 \u20ac will be deducted to cover the transaction costs. 41 \u20ac \/semester (includes 13,5 % VAT) Valid 1 January 2026\u00a0 \u2013\u00a0 31 August 2026 71 [&hellip;]<\/p>\n","protected":false},"author":3,"featured_media":0,"parent":2109,"menu_order":0,"comment_status":"closed","ping_status":"closed","template":"","meta":{"iawp_total_views":520,"footnotes":""},"class_list":["post-5112","page","type-page","status-publish","hentry"],"yoast_head":"<!-- This site is optimized with the Yoast SEO plugin v27.5 - https:\/\/yoast.com\/product\/yoast-seo-wordpress\/ -->\n<title>Prices and Sales Locations - SYKETT\u00c4 Joensuu<\/title>\n<meta name=\"description\" content=\"Prices for ball sports and Instructed Group Class -packages.\" \/>\n<meta name=\"robots\" content=\"index, follow, max-snippet:-1, max-image-preview:large, max-video-preview:-1\" \/>\n<link rel=\"canonical\" href=\"https:\/\/xn--sykett-gua.fi\/joensuu\/en\/info-2\/prices\/\" \/>\n<meta property=\"og:locale\" content=\"fi_FI\" \/>\n<meta property=\"og:type\" content=\"article\" \/>\n<meta property=\"og:title\" content=\"Prices and Sales Locations - SYKETT\u00c4 Joensuu\" \/>\n<meta property=\"og:description\" content=\"Prices for ball sports and Instructed Group Class -packages.\" \/>\n<meta property=\"og:url\" content=\"https:\/\/xn--sykett-gua.fi\/joensuu\/en\/info-2\/prices\/\" \/>\n<meta property=\"og:site_name\" content=\"SYKETT\u00c4 Joensuu\" \/>\n<meta property=\"article:modified_time\" content=\"2026-04-15T11:23:47+00:00\" \/>\n<meta property=\"og:image\" content=\"https:\/\/xn--sykett-gua.fi\/joensuu\/wp-content\/uploads\/sites\/3\/2025\/06\/Ryhmaliikuntatarra-syksy-2025.png\" \/>\n\t<meta property=\"og:image:width\" content=\"734\" \/>\n\t<meta property=\"og:image:height\" content=\"734\" \/>\n\t<meta property=\"og:image:type\" content=\"image\/png\" \/>\n<meta name=\"twitter:card\" content=\"summary_large_image\" \/>\n<meta name=\"twitter:label1\" content=\"Arvioitu lukuaika\" \/>\n\t<meta name=\"twitter:data1\" content=\"4 minuuttia\" \/>\n<script type=\"application\/ld+json\" class=\"yoast-schema-graph\">{\"@context\":\"https:\\\/\\\/schema.org\",\"@graph\":[{\"@type\":\"WebPage\",\"@id\":\"https:\\\/\\\/xn--sykett-gua.fi\\\/joensuu\\\/en\\\/info-2\\\/prices\\\/\",\"url\":\"https:\\\/\\\/xn--sykett-gua.fi\\\/joensuu\\\/en\\\/info-2\\\/prices\\\/\",\"name\":\"Prices and Sales Locations - SYKETT\u00c4 Joensuu\",\"isPartOf\":{\"@id\":\"https:\\\/\\\/xn--sykett-gua.fi\\\/joensuu\\\/#website\"},\"primaryImageOfPage\":{\"@id\":\"https:\\\/\\\/xn--sykett-gua.fi\\\/joensuu\\\/en\\\/info-2\\\/prices\\\/#primaryimage\"},\"image\":{\"@id\":\"https:\\\/\\\/xn--sykett-gua.fi\\\/joensuu\\\/en\\\/info-2\\\/prices\\\/#primaryimage\"},\"thumbnailUrl\":\"https:\\\/\\\/xn--sykett-gua.fi\\\/joensuu\\\/wp-content\\\/uploads\\\/sites\\\/3\\\/2025\\\/06\\\/Ryhmaliikuntatarra-syksy-2025-300x300.png\",\"datePublished\":\"2024-11-08T10:33:34+00:00\",\"dateModified\":\"2026-04-15T11:23:47+00:00\",\"description\":\"Prices for ball sports and Instructed Group Class -packages.\",\"breadcrumb\":{\"@id\":\"https:\\\/\\\/xn--sykett-gua.fi\\\/joensuu\\\/en\\\/info-2\\\/prices\\\/#breadcrumb\"},\"inLanguage\":\"fi\",\"potentialAction\":[{\"@type\":\"ReadAction\",\"target\":[\"https:\\\/\\\/xn--sykett-gua.fi\\\/joensuu\\\/en\\\/info-2\\\/prices\\\/\"]}]},{\"@type\":\"ImageObject\",\"inLanguage\":\"fi\",\"@id\":\"https:\\\/\\\/xn--sykett-gua.fi\\\/joensuu\\\/en\\\/info-2\\\/prices\\\/#primaryimage\",\"url\":\"https:\\\/\\\/xn--sykett-gua.fi\\\/joensuu\\\/wp-content\\\/uploads\\\/sites\\\/3\\\/2025\\\/06\\\/Ryhmaliikuntatarra-syksy-2025.png\",\"contentUrl\":\"https:\\\/\\\/xn--sykett-gua.fi\\\/joensuu\\\/wp-content\\\/uploads\\\/sites\\\/3\\\/2025\\\/06\\\/Ryhmaliikuntatarra-syksy-2025.png\",\"width\":734,\"height\":734},{\"@type\":\"BreadcrumbList\",\"@id\":\"https:\\\/\\\/xn--sykett-gua.fi\\\/joensuu\\\/en\\\/info-2\\\/prices\\\/#breadcrumb\",\"itemListElement\":[{\"@type\":\"ListItem\",\"position\":1,\"name\":\"Etusivu\",\"item\":\"https:\\\/\\\/xn--sykett-gua.fi\\\/joensuu\\\/fi\\\/joensuu\\\/\"},{\"@type\":\"ListItem\",\"position\":2,\"name\":\"Info\",\"item\":\"https:\\\/\\\/xn--sykett-gua.fi\\\/joensuu\\\/en\\\/info-2\\\/\"},{\"@type\":\"ListItem\",\"position\":3,\"name\":\"Prices and Sales Locations\"}]},{\"@type\":\"WebSite\",\"@id\":\"https:\\\/\\\/xn--sykett-gua.fi\\\/joensuu\\\/#website\",\"url\":\"https:\\\/\\\/xn--sykett-gua.fi\\\/joensuu\\\/\",\"name\":\"SYKETT\u00c4 Joensuu\",\"description\":\"\",\"publisher\":{\"@id\":\"https:\\\/\\\/xn--sykett-gua.fi\\\/joensuu\\\/#organization\"},\"potentialAction\":[{\"@type\":\"SearchAction\",\"target\":{\"@type\":\"EntryPoint\",\"urlTemplate\":\"https:\\\/\\\/xn--sykett-gua.fi\\\/joensuu\\\/?s={search_term_string}\"},\"query-input\":{\"@type\":\"PropertyValueSpecification\",\"valueRequired\":true,\"valueName\":\"search_term_string\"}}],\"inLanguage\":\"fi\"},{\"@type\":\"Organization\",\"@id\":\"https:\\\/\\\/xn--sykett-gua.fi\\\/joensuu\\\/#organization\",\"name\":\"SYKETT\u00c4 Joensuu\",\"url\":\"https:\\\/\\\/xn--sykett-gua.fi\\\/joensuu\\\/\",\"logo\":{\"@type\":\"ImageObject\",\"inLanguage\":\"fi\",\"@id\":\"https:\\\/\\\/xn--sykett-gua.fi\\\/joensuu\\\/#\\\/schema\\\/logo\\\/image\\\/\",\"url\":\"https:\\\/\\\/xn--sykett-gua.fi\\\/joensuu\\\/wp-content\\\/uploads\\\/sites\\\/3\\\/2024\\\/06\\\/Asset-2@2x-2.png\",\"contentUrl\":\"https:\\\/\\\/xn--sykett-gua.fi\\\/joensuu\\\/wp-content\\\/uploads\\\/sites\\\/3\\\/2024\\\/06\\\/Asset-2@2x-2.png\",\"width\":1003,\"height\":373,\"caption\":\"SYKETT\u00c4 Joensuu\"},\"image\":{\"@id\":\"https:\\\/\\\/xn--sykett-gua.fi\\\/joensuu\\\/#\\\/schema\\\/logo\\\/image\\\/\"}}]}<\/script>\n<!-- \/ Yoast SEO plugin. -->","yoast_head_json":{"title":"Prices and Sales Locations - SYKETT\u00c4 Joensuu","description":"Prices for ball sports and Instructed Group Class -packages.","robots":{"index":"index","follow":"follow","max-snippet":"max-snippet:-1","max-image-preview":"max-image-preview:large","max-video-preview":"max-video-preview:-1"},"canonical":"https:\/\/xn--sykett-gua.fi\/joensuu\/en\/info-2\/prices\/","og_locale":"fi_FI","og_type":"article","og_title":"Prices and Sales Locations - SYKETT\u00c4 Joensuu","og_description":"Prices for ball sports and Instructed Group Class -packages.","og_url":"https:\/\/xn--sykett-gua.fi\/joensuu\/en\/info-2\/prices\/","og_site_name":"SYKETT\u00c4 Joensuu","article_modified_time":"2026-04-15T11:23:47+00:00","og_image":[{"width":734,"height":734,"url":"https:\/\/xn--sykett-gua.fi\/joensuu\/wp-content\/uploads\/sites\/3\/2025\/06\/Ryhmaliikuntatarra-syksy-2025.png","type":"image\/png"}],"twitter_card":"summary_large_image","twitter_misc":{"Arvioitu lukuaika":"4 minuuttia"},"schema":{"@context":"https:\/\/schema.org","@graph":[{"@type":"WebPage","@id":"https:\/\/xn--sykett-gua.fi\/joensuu\/en\/info-2\/prices\/","url":"https:\/\/xn--sykett-gua.fi\/joensuu\/en\/info-2\/prices\/","name":"Prices and Sales Locations - SYKETT\u00c4 Joensuu","isPartOf":{"@id":"https:\/\/xn--sykett-gua.fi\/joensuu\/#website"},"primaryImageOfPage":{"@id":"https:\/\/xn--sykett-gua.fi\/joensuu\/en\/info-2\/prices\/#primaryimage"},"image":{"@id":"https:\/\/xn--sykett-gua.fi\/joensuu\/en\/info-2\/prices\/#primaryimage"},"thumbnailUrl":"https:\/\/xn--sykett-gua.fi\/joensuu\/wp-content\/uploads\/sites\/3\/2025\/06\/Ryhmaliikuntatarra-syksy-2025-300x300.png","datePublished":"2024-11-08T10:33:34+00:00","dateModified":"2026-04-15T11:23:47+00:00","description":"Prices for ball sports and Instructed Group Class -packages.","breadcrumb":{"@id":"https:\/\/xn--sykett-gua.fi\/joensuu\/en\/info-2\/prices\/#breadcrumb"},"inLanguage":"fi","potentialAction":[{"@type":"ReadAction","target":["https:\/\/xn--sykett-gua.fi\/joensuu\/en\/info-2\/prices\/"]}]},{"@type":"ImageObject","inLanguage":"fi","@id":"https:\/\/xn--sykett-gua.fi\/joensuu\/en\/info-2\/prices\/#primaryimage","url":"https:\/\/xn--sykett-gua.fi\/joensuu\/wp-content\/uploads\/sites\/3\/2025\/06\/Ryhmaliikuntatarra-syksy-2025.png","contentUrl":"https:\/\/xn--sykett-gua.fi\/joensuu\/wp-content\/uploads\/sites\/3\/2025\/06\/Ryhmaliikuntatarra-syksy-2025.png","width":734,"height":734},{"@type":"BreadcrumbList","@id":"https:\/\/xn--sykett-gua.fi\/joensuu\/en\/info-2\/prices\/#breadcrumb","itemListElement":[{"@type":"ListItem","position":1,"name":"Etusivu","item":"https:\/\/xn--sykett-gua.fi\/joensuu\/fi\/joensuu\/"},{"@type":"ListItem","position":2,"name":"Info","item":"https:\/\/xn--sykett-gua.fi\/joensuu\/en\/info-2\/"},{"@type":"ListItem","position":3,"name":"Prices and Sales Locations"}]},{"@type":"WebSite","@id":"https:\/\/xn--sykett-gua.fi\/joensuu\/#website","url":"https:\/\/xn--sykett-gua.fi\/joensuu\/","name":"SYKETT\u00c4 Joensuu","description":"","publisher":{"@id":"https:\/\/xn--sykett-gua.fi\/joensuu\/#organization"},"potentialAction":[{"@type":"SearchAction","target":{"@type":"EntryPoint","urlTemplate":"https:\/\/xn--sykett-gua.fi\/joensuu\/?s={search_term_string}"},"query-input":{"@type":"PropertyValueSpecification","valueRequired":true,"valueName":"search_term_string"}}],"inLanguage":"fi"},{"@type":"Organization","@id":"https:\/\/xn--sykett-gua.fi\/joensuu\/#organization","name":"SYKETT\u00c4 Joensuu","url":"https:\/\/xn--sykett-gua.fi\/joensuu\/","logo":{"@type":"ImageObject","inLanguage":"fi","@id":"https:\/\/xn--sykett-gua.fi\/joensuu\/#\/schema\/logo\/image\/","url":"https:\/\/xn--sykett-gua.fi\/joensuu\/wp-content\/uploads\/sites\/3\/2024\/06\/Asset-2@2x-2.png","contentUrl":"https:\/\/xn--sykett-gua.fi\/joensuu\/wp-content\/uploads\/sites\/3\/2024\/06\/Asset-2@2x-2.png","width":1003,"height":373,"caption":"SYKETT\u00c4 Joensuu"},"image":{"@id":"https:\/\/xn--sykett-gua.fi\/joensuu\/#\/schema\/logo\/image\/"}}]}},"_links":{"self":[{"href":"https:\/\/xn--sykett-gua.fi\/joensuu\/wp-json\/wp\/v2\/pages\/5112","targetHints":{"allow":["GET"]}}],"collection":[{"href":"https:\/\/xn--sykett-gua.fi\/joensuu\/wp-json\/wp\/v2\/pages"}],"about":[{"href":"https:\/\/xn--sykett-gua.fi\/joensuu\/wp-json\/wp\/v2\/types\/page"}],"author":[{"embeddable":true,"href":"https:\/\/xn--sykett-gua.fi\/joensuu\/wp-json\/wp\/v2\/users\/3"}],"replies":[{"embeddable":true,"href":"https:\/\/xn--sykett-gua.fi\/joensuu\/wp-json\/wp\/v2\/comments?post=5112"}],"version-history":[{"count":43,"href":"https:\/\/xn--sykett-gua.fi\/joensuu\/wp-json\/wp\/v2\/pages\/5112\/revisions"}],"predecessor-version":[{"id":10275,"href":"https:\/\/xn--sykett-gua.fi\/joensuu\/wp-json\/wp\/v2\/pages\/5112\/revisions\/10275"}],"up":[{"embeddable":true,"href":"https:\/\/xn--sykett-gua.fi\/joensuu\/wp-json\/wp\/v2\/pages\/2109"}],"wp:attachment":[{"href":"https:\/\/xn--sykett-gua.fi\/joensuu\/wp-json\/wp\/v2\/media?parent=5112"}],"curies":[{"name":"wp","href":"https:\/\/api.w.org\/{rel}","templated":true}]}}