{"id":5446,"date":"2024-11-18T11:24:19","date_gmt":"2024-11-18T09:24:19","guid":{"rendered":"https:\/\/xn--sykett-gua.fi\/joensuu\/?page_id=5446"},"modified":"2026-03-26T16:04:08","modified_gmt":"2026-03-26T14:04:08","slug":"tietosuojaseloste","status":"publish","type":"page","link":"https:\/\/xn--sykett-gua.fi\/joensuu\/tietosuojaseloste\/","title":{"rendered":"Tietosuojaseloste"},"content":{"rendered":"\t\t<div data-elementor-type=\"wp-page\" data-elementor-id=\"5446\" class=\"elementor elementor-5446\" data-elementor-post-type=\"page\">\n\t\t\t\t<div data-particle_enable=\"false\" data-particle-mobile-disabled=\"false\" class=\"elementor-element elementor-element-e9dcb0e e-flex e-con-boxed e-con e-parent\" data-id=\"e9dcb0e\" data-element_type=\"container\" data-e-type=\"container\">\n\t\t\t\t\t<div class=\"e-con-inner\">\n\t\t\t\t<div class=\"elementor-element elementor-element-42705e7 elementor-widget__width-initial elementor-widget elementor-widget-text-editor\" data-id=\"42705e7\" data-element_type=\"widget\" data-e-type=\"widget\" data-widget_type=\"text-editor.default\">\n\t\t\t\t<div class=\"elementor-widget-container\">\n\t\t\t\t\t\t\t\t\t<p>EU:n yleinen tietosuoja-asetus, artiklat 12, 13 ja 14<br><span lang=\"EN-US\">P\u00e4ivitetty:<\/span><span lang=\"EN-US\"> 26<\/span>.3.2026<\/p>\n<h2>1. Rekisterinpit\u00e4j\u00e4<\/h2>\n<p>It\u00e4-Suomen yliopiston ylioppilaskunta ISYY<\/p>\n<h2>2. Rekisterinpit\u00e4j\u00e4n edustaja<\/h2>\n<p>Heli Aalto, puh. 044 576 8445,<br>s\u00e4hk\u00f6posti: liikuntapaallikko@isyy.fi<\/p>\n<h2>3. Rekisterinpit\u00e4j\u00e4n yhteyshenkil\u00f6t<\/h2>\n<p>Niklas Leinonen, puh. 044 576 8418,<br>s\u00e4hk\u00f6posti: niklas.leinonen@isyy.fi<\/p>\n<h2>4. Tietosuojavastaavan yhteystiedot<\/h2>\n<p>Tietosuojavastaava Helena Eronen, puh. 050&nbsp;576 0282,<br>s\u00e4hk\u00f6posti: tietosuojavastaava@isyy.fi<\/p>\n<h2>5. Henkil\u00f6tietojen k\u00e4sittelyn tarkoitus<\/h2>\n<p>Henkil\u00f6tietoja k\u00e4sitell\u00e4\u00e4n SYKETT\u00c4-liikuntapalveluissa seuraaviin tarkoituksiin:<\/p>\n<ul>\n<li>K\u00e4ytt\u00e4j\u00e4suhteen hoitaminen<\/li>\n<li>Ilmoittautumisten hallinta<\/li>\n<li>Palvelusta tiedottaminen ja markkinointi<\/li>\n<li>Liikuntaneuvonta<\/li>\n<li>Tilastointi<\/li>\n<li>K\u00e4ytt\u00f6asteen seuraaminen ja mittaaminen<\/li>\n<li>V\u00e4\u00e4rink\u00e4yt\u00f6sten seuraaminen ja selvitt\u00e4minen<\/li>\n<li>K\u00e4ytt\u00f6oikeuksien varmentaminen<\/li>\n<li>Tekninen valvonta<\/li>\n<li>Yhteystietojen yll\u00e4pito<\/li>\n<li>Maksuliikenteen seuraaminen<\/li>\n<\/ul>\n<h2>6. Henkil\u00f6tietojen k\u00e4sittelyn oikeusperuste<\/h2>\n<p>K\u00e4sittely perustuu tietosuoja-asetuksen 6 tai 9 artiklaan (v\u00e4hint\u00e4\u00e4n yksi peruste).<\/p>\n<p>EU:n yleinen tietosuoja-asetus, artikla 6, kohta 1, alakohdat a \u2013 f:<\/p>\n<p>\u2612&nbsp;&nbsp;&nbsp;&nbsp;&nbsp;&nbsp;&nbsp; rekister\u00f6idyn suostumus<\/p>\n<p>\u2612&nbsp;&nbsp;&nbsp;&nbsp;&nbsp;&nbsp;&nbsp; rekisterinpit\u00e4j\u00e4n tai kolmannen osapuolen oikeutettujen etujen toteuttaminen. Mik\u00e4 oikeutettu etu on kyseess\u00e4: asiakassuhde<\/p>\n<h2>7. K\u00e4sitelt\u00e4v\u00e4t henkil\u00f6tietoryhm\u00e4t ja niiden s\u00e4ilytysajat<\/h2>\n<p><b>Henkil\u00f6tiedot SYKETT\u00c4-palvelussa<\/b><\/p>\n<p>Rekister\u00f6ityess\u00e4\u00e4n SYKETT\u00c4-palveluun k\u00e4ytt\u00e4j\u00e4lt\u00e4 pyydet\u00e4\u00e4n seuraavat henkil\u00f6tiedot:<\/p>\n<ul>\n<li>Etunimi<\/li>\n<li>Sukunimi<\/li>\n<li>S\u00e4hk\u00f6postiosoite<\/li>\n<li>Puhelinnumero<\/li>\n<li>Kaupunki<\/li>\n<li>K\u00e4ytt\u00e4j\u00e4tyyppi (opiskelija, henkil\u00f6st\u00f6n j\u00e4sen, ohjaaja)<\/li>\n<li>Korkeakoulu<\/li>\n<\/ul>\n<p>Henkil\u00f6tietoja s\u00e4ilytet\u00e4\u00e4n SYKETT\u00c4-j\u00e4rjestelm\u00e4ss\u00e4 niin kauan kuin henkil\u00f6 on palveluiden&nbsp;<i>aktiivinen k\u00e4ytt\u00e4j\u00e4<\/i>.&nbsp;<i>Aktiivisella k\u00e4ytt\u00e4j\u00e4ll\u00e4<\/i>&nbsp;tarkoitetaan henkil\u00f6\u00e4, jonka osalta yksi tai usempi seuraavista ehdoista t\u00e4yttyy:<\/p>\n<ul>\n<li>Henkil\u00f6ll\u00e4 on voimassaoleva SYKETT\u00c4-tarra<\/li>\n<li>Henkil\u00f6ll\u00e4 on ollut voimassaoleva SYKETT\u00c4-tarra kahden nykyhetke\u00e4 edelt\u00e4v\u00e4n lukukauden aikana. SYKETT\u00c4-lukukaudet ovat 1.1.-31.8. ja 1.9.-31.12.<\/li>\n<li>Henkil\u00f6ll\u00e4 on hallussaan avainkulkutunniste SYKETT\u00c4-liikuntatilaan<\/li>\n<\/ul>\n<p>Henkil\u00f6tiedot poistetaan SYKETT\u00c4-palvelusta sen j\u00e4lkeen, kun mik\u00e4\u00e4n yll\u00e4 olevista ehdoista ei t\u00e4yty.<\/p>\n<p><b>Henkil\u00f6tiedot liikuntaneuvonnassa<\/b><\/p>\n<p>Liikuntaneuvonnan asiakkaat t\u00e4ytt\u00e4v\u00e4t itse paperisen esitietolomakkeen, jonka tietoja liikuntaneuvojat k\u00e4ytt\u00e4v\u00e4t neuvonnan aikana. Lomakkeessa asiakkaat t\u00e4ytt\u00e4v\u00e4t seuraavat henkil\u00f6tiedot:<\/p>\n<ul>\n<li>Etunimi<\/li>\n<li>Sukunimi<\/li>\n<li>Syntym\u00e4vuosi<\/li>\n<li>Puhelinnumero<\/li>\n<li>S\u00e4hk\u00f6postiosoite<\/li>\n<\/ul>\n<p>Lis\u00e4ksi asiakkaat t\u00e4ytt\u00e4v\u00e4t itse lomakkeeseen terveydentilaan ja liikkumiseen liittyvi\u00e4 taustatietoja. Lomakkeet h\u00e4vitet\u00e4\u00e4n neuvontajakson p\u00e4\u00e4tytty\u00e4.<\/p>\n<h2>8. K\u00e4sittelyss\u00e4 k\u00e4ytett\u00e4v\u00e4t tietoj\u00e4rjestelm\u00e4t<\/h2>\n<p>SYKETT\u00c4-palvelussa ker\u00e4tt\u00e4vi\u00e4 henkil\u00f6tietoja k\u00e4sitell\u00e4\u00e4n allaolevissa tietoj\u00e4rjestelmiss\u00e4:<\/p>\n<ul>\n<li>SYKETT\u00c4-verkkosivut ja mobiilisovellus\n<ul>\n<li>K\u00e4ytt\u00e4j\u00e4rekisteri<\/li>\n<\/ul>\n<\/li>\n<li>Google Drive\n<ul>\n<li>Rekisteri my\u00f6nnetyist\u00e4 avainkulkutunnisteista<\/li>\n<li>Rekisteri my\u00f6nnetyist\u00e4 ilmaisista tarroista<\/li>\n<li>Rekisteri SYKETT\u00c4-valvojan tarkastamista vuoroista<\/li>\n<\/ul>\n<\/li>\n<li>Paytrail\n<ul>\n<li>Verkkokaupasta ostetut SYKETT\u00c4-tarrat<\/li>\n<\/ul>\n<\/li>\n<\/ul>\n<h2>9. Mist\u00e4 k\u00e4sittelyss\u00e4 tarvittavat henkil\u00f6tiedot saadaan?<\/h2>\n<p>Rekister\u00f6ity kirjautuu itse SYKETT\u00c4-j\u00e4rjestelm\u00e4\u00e4n korkeakoulun opiskelija- tai henkil\u00f6kuntas\u00e4hk\u00f6postilla ja kirjautumisen mukaiset henkil\u00f6tiedot tallentuvat j\u00e4rjestelm\u00e4\u00e4n. Henkil\u00f6tietojen antaminen on palveluiden k\u00e4yt\u00f6n edellytys. Suostumus henkil\u00f6tietojen k\u00e4sittelyyn kysyt\u00e4\u00e4n rekister\u00f6innin yhteydess\u00e4.<\/p>\n<p>It\u00e4-Suomen yliopiston henkil\u00f6kunnan ja opiskelijoiden oikeus palveluiden k\u00e4ytt\u00f6\u00f6n voidaan tarkistaa Pepist\u00e4 ja yliopistolta saatavasta, s\u00e4\u00e4nn\u00f6llisesti SYKETT\u00c4 ty\u00f6ntekij\u00f6ille toimitettavasta henkil\u00f6kuntalistauksesta.<\/p>\n<p>Karelia-ammattikorkeakoulun henkil\u00f6kunnan ja opiskelijoiden oikeus palveluiden k\u00e4ytt\u00f6\u00f6n voidaan tarkistaa Karelia-amk:n opiskelijapalveluista ja Karelia-amk:lta saatavasta henkil\u00f6kuntalistauksesta.<\/p>\n<p>Liikuntaneuvonnan asiakkaat toimittavat itse tarvittavat henkil\u00f6tiedot liikuntaneuvojille. Henkil\u00f6- ja taustatietojen antaminen on edellytys liikuntaneuvonnan toteuttamiseksi.<\/p>\n<h2>10. Ev\u00e4steiden k\u00e4ytt\u00f6<\/h2>\n<p>Henkil\u00f6tietojen k\u00e4sittelyn selainpohjaisissa tietoj\u00e4rjestelmiss\u00e4 k\u00e4ytet\u00e4\u00e4n ev\u00e4steit\u00e4. Ev\u00e4ste on pieni tekstitiedosto, jonka selain tallentaa k\u00e4ytt\u00e4j\u00e4n laitteelle. Ev\u00e4steit\u00e4 k\u00e4ytet\u00e4\u00e4n palvelujen toteuttamiseen, helpottamaan palveluihin kirjautumista sek\u00e4 mahdollistamaan palvelujen k\u00e4yt\u00f6n tilastointi.<\/p>\n<p>K\u00e4ytt\u00e4j\u00e4 voi selainohjelmassaan est\u00e4\u00e4 ev\u00e4steiden k\u00e4yt\u00f6n, mutta t\u00e4m\u00e4 voi est\u00e4\u00e4 j\u00e4rjestelm\u00e4n asianmukaisen toiminnan.<\/p>\n<p>Henkil\u00f6tietojen k\u00e4sittelyss\u00e4 k\u00e4ytet\u00e4\u00e4n ev\u00e4steit\u00e4:<\/p>\n<p>\u2612 Kyll\u00e4, selainpohjaiset j\u00e4rjestelm\u00e4t: SYKETT\u00c4 Joensuu, lis\u00e4tietoja ev\u00e4steist\u00e4 verkkosivuilla<\/p>\n<h2>11. S\u00e4\u00e4nn\u00f6nmukaiset siirrot ja luovutukset<\/h2>\n<p>Henkil\u00f6tietoja luovutetaan s\u00e4\u00e4nn\u00f6nmukaisesti seuraaville tahoille:<\/p>\n<p><strong>It\u00e4-Suomen yliopisto<br><\/strong>Kun It\u00e4-Suomen yliopiston henkil\u00f6kunnan j\u00e4sen ostaa SYKETT\u00c4-tarran, h\u00e4nelle aktivoidaan tunnisteeseen Auroran kuntosalin k\u00e4ytt\u00f6oikeus. Mik\u00e4li henkil\u00f6kunnan j\u00e4sen ostaa SYKETT\u00c4-tarran verkkokaupan kautta, h\u00e4n voi pyyt\u00e4\u00e4 k\u00e4ytt\u00f6oikeutta Auroran kuntosalille suoraan UEF:n avainpalveluista.<\/p>\n<p><strong>Karelia-ammattikorkeakoulun opiskelijakunta POKA<br><\/strong>Karelia-ammattikorkeakoulun opiskelijakunta POKA toimii SYKETT\u00c4-k\u00e4ytt\u00e4j\u00e4rekisterin henkil\u00f6tietojen k\u00e4sittelij\u00e4n\u00e4. POKAn toimistoilla myyd\u00e4\u00e4n SYKETT\u00c4-tarroja ja luovutetaan avainkulkutunnisteita, lis\u00e4ksi POKAn palkkalistoilla on SYKETT\u00c4-ty\u00f6ntekij\u00e4.<\/p>\n<p>Karelia-ammattikorkeakoulun opiskelijakunta POKA<br>Tikkarinne 9<br>80200 Joensuu<br><a href=\"https:\/\/www.pokapoka.fi\/pokalaiseksi\/tietosuojaseloste\">https:\/\/www.pokapoka.fi\/pokalaiseksi\/tietosuojaseloste<\/a><\/p>\n<p><strong>Savonia-ammattikorkeakoulun opiskelijakunta SAVOTTA<br><\/strong>Savonia-ammattikorkeakoulun opiskelijakunta SAVOTTA toimii SYKETT\u00c4-k\u00e4ytt\u00e4j\u00e4rekisterin henkil\u00f6tietojen k\u00e4sittelij\u00e4n\u00e4. Kun SYKETT\u00c4 Joensuu-sivulle rekister\u00f6itynyt ja SYKETT\u00c4-tarran lunastanut k\u00e4ytt\u00e4j\u00e4 haluaa ristiink\u00e4ytt\u00e4\u00e4 palveluita Kuopiossa, tulee h\u00e4nen tulee ensin aktivoida omasta k\u00e4ytt\u00e4j\u00e4profiilista ristiink\u00e4ytt\u00f6 Kuopion kampukselle. T\u00e4m\u00e4n j\u00e4lkeen SYKETT\u00c4 Kuopion k\u00e4ytt\u00e4j\u00e4rekisteriin siirtyy h\u00e4nen k\u00e4ytt\u00e4j\u00e4profiilinsa tiedot, jonka j\u00e4lkeen h\u00e4nelle voidaan lis\u00e4t\u00e4 SYKETT\u00c4-tarra Kuopion palveluihin.<\/p>\n<p>Savonia-ammattikorkeakoulun opiskelijakunta<br>Microkatu 1 E, 3. kerros<br>70210 KUOPIO<br><a href=\"https:\/\/opiskelijakuntasavotta.fi\/opiskelijakunta\/tietosuoja\/\">https:\/\/opiskelijakuntasavotta.fi\/opiskelijakunta\/tietosuoja\/<\/a><\/p>\n<p><b>Savonia-ammattikorkeakoulu<br><\/b>Savonia-ammattikorkeakoulun Design Center suunnitteli ja toteutti SYKETT\u00c4 kotisivujen ja mobiilisovelluksen uudistuksen. Savonia-ammattikorkeakoulu on SYKETT\u00c4-verkkosivujen ja SYKETT\u00c4-mobiilisovelluksen yll\u00e4pit\u00e4j\u00e4 ja toimii SYKETT\u00c4-k\u00e4ytt\u00e4j\u00e4rekisterin henkil\u00f6tietojen k\u00e4sittelij\u00e4n\u00e4. Palvelun toimintavarmuuden takaamiseksi Savonialla on oltava p\u00e4\u00e4sy kaikkiin SYKETT\u00c4-j\u00e4rjestelm\u00e4ss\u00e4 oleviin tietoihin.<\/p>\n<p>Savonia-ammattikorkeakoulu<br>Microkatu 1,<br>70210 KUOPIO<br><a href=\"https:\/\/www.savonia.fi\/tutustu-savoniaan\/tietoa-savoniasta\/tietosuoja\/\">https:\/\/www.savonia.fi\/tutustu-savoniaan\/tietoa-savoniasta\/tietosuoja\/<\/a><\/p>\n<p><strong>Paytrail Oyj<\/strong><br>Maksunv\u00e4lityspalvelun toteuttajana ja maksupalveluntarjoajana toimii Paytrail Oyj (2122839-7) yhteisty\u00f6ss\u00e4 suomalaisten pankkien ja luottolaitosten kanssa. Paytrail Oyj n\u00e4kyy maksun saajana tiliotteella tai korttilaskulla ja v\u00e4litt\u00e4\u00e4 maksun kauppiaalle. Paytrail Oyj:ll\u00e4 on maksulaitoksen toimilupa. Reklamaatiotapauksissa ole yhteydess\u00e4 ensisijaisesti SYKETT\u00c4 ty\u00f6ntekij\u00f6ihin.<\/p>\n<p>Paytrail Oyj, y-tunnus: 2122839-7<br>Innova 2<br>Lutakonaukio 7<br>40100 Jyv\u00e4skyl\u00e4<br><a href=\"https:\/\/www.paytrail.com\/kuluttaja\/tietoa-maksamisesta\">https:\/\/www.paytrail.com\/kuluttaja\/tietoa-maksamisesta<\/a><\/p>\n<p><strong>YTHS ja It\u00e4-Suomen yliopiston opintopsykologit<br><\/strong>Liikuntaneuvontaan tulevat asiakkaat l\u00e4hetet\u00e4\u00e4n liikuntaneuvojille YTHS:n ja It\u00e4-Suomen yliopiston opintopsykologien kautta. Liikuntaneuvonnan j\u00e4lkeen YTHS:lle luovutetaan liikuntaneuvonnan onnistumiseen ja toteutumiseen liittyv\u00e4\u00e4 tietoa. Tietojen l\u00e4hett\u00e4miseen pyydet\u00e4\u00e4n asiakkaan suostumus.<\/p>\n<p>Ylioppilaiden terveydenhoitos\u00e4\u00e4ti\u00f6 (YTHS)<br>T\u00f6\u00f6l\u00f6nkatu 37 A<br>00260 Helsinki<br><a href=\"https:\/\/www.yths.fi\/asiointi\/tietosuojaseloste\/\">https:\/\/www.yths.fi\/asiointi\/tietosuojaseloste\/<\/a><\/p>\n<p><strong>Yhteisty\u00f6yritykset, jotka pit\u00e4v\u00e4t tunteja SYKETT\u00c4-asiakkaille<br><\/strong>Yhteisty\u00f6yritykset, jotka pit\u00e4v\u00e4t SYKETT\u00c4-tunteja, toimivat my\u00f6s SYKETT\u00c4-k\u00e4ytt\u00e4j\u00e4rekisterin henkil\u00f6tietojen k\u00e4sittelij\u00e4n\u00e4. Henkil\u00f6tietojen luovuttaminen tehd\u00e4\u00e4n niiden k\u00e4ytt\u00e4jien osalta, jotka ovat ilmoittautuneet liikuntakalenterin kautta yhteisty\u00f6yrityksen pit\u00e4m\u00e4lle tunnille. Luovutus tehd\u00e4\u00e4n, ett\u00e4 tunnin pit\u00e4j\u00e4 voi vahvistaa tunnille osallistuneet SYKETT\u00c4-j\u00e4rjestelm\u00e4\u00e4n. Tunneille osallistumisia valvotaan palveluiden v\u00e4\u00e4rink\u00e4yt\u00f6sten ehk\u00e4isemiseksi.<\/p>\n<h2>12. Tietojen siirto tai luovuttaminen EU:n tai ETA:n ulkopuolelle ja sen perusteet<\/h2>\n<p align=\"left\">SYKETT\u00c4-verkkosivuilla ja mobiilisovelluksessa olevia henkil\u00f6tietoja ei siirret\u00e4 EU:n tai ETA:n ulkopuolelle, ja k\u00e4yt\u00f6ss\u00e4 olevat palvelimet sijaitsevat Suomessa.<\/p>\n<p align=\"left\">Googlen palveluissa olevia henkil\u00f6tietoja voidaan siirt\u00e4\u00e4&nbsp;EU:n ulkopuolelle. Google noudattaa EU-komission vakiolausekkeita taatessaan tarvittavan tietosuojan tason, kun henkil\u00f6tietoja siirret\u00e4\u00e4n EU:n ulkopuolelle. ISYY on hyv\u00e4ksynyt Googlen kanssa EU-vakiolausekkeen sopimuksensa tietosuojan lis\u00e4ehtoihin.&nbsp;Lis\u00e4ksi Google on sitoutunut EU-US Data Privacy Framework -ohjelmaan.<\/p>\n<h2 align=\"left\">13. Henkil\u00f6tietojen suojauksen periaatteet<\/h2>\n<p><b>Henkil\u00f6tietojen suojaus SYKETT\u00c4-verkkosivuilla<\/b><\/p>\n<p>SYKETT\u00c4-verkkosivuilla oleviin henkil\u00f6tietoihin p\u00e4\u00e4sy on rajattu ainoastaan niille henkil\u00f6ille, joille on annettu jokin allaolevista k\u00e4ytt\u00f6oikeuksista.<\/p>\n<ul>\n<li>Admin<\/li>\n<li>Ohjaaja<\/li>\n<\/ul>\n<p>K\u00e4ytt\u00f6oikeudet on annettu ty\u00f6ntekij\u00f6ille teht\u00e4vien ja vastuiden mukaisesti. Ohjaaja-statuksen omaavat henkil\u00f6t p\u00e4\u00e4sev\u00e4t tarkastelemaan henkil\u00f6tietoja ainoastaan niiden tuntien osalta, joissa ko. henkil\u00f6 on merkitty tunnin ohjaajaksi.<\/p>\n<p>SYKETT\u00c4-verkkosivut on suojattu SSL-sertifikaatilla. Sivuille ei p\u00e4\u00e4se rekister\u00f6itym\u00e4\u00e4n ilman voimassaolevaa korkeakoulun s\u00e4hk\u00f6postiosoitetta.<\/p>\n<p><b>Henkil\u00f6tietojen suojaus liikuntaneuvonnassa<\/b><\/p>\n<p>Liikuntaneuvontaan liittyv\u00e4t asiakkaiden henkil\u00f6- ja taustatiedot s\u00e4ilytet\u00e4\u00e4n liikuntaneuvonnan keston ajan paperisina versioina lukitussa tilassa, johon on p\u00e4\u00e4sy ainoastaan liikuntaneuvojilla ja SYKETT\u00c4-ty\u00f6ntekij\u00f6ill\u00e4.<\/p>\n<h2>14. Automatisoitu p\u00e4\u00e4t\u00f6ksenteko<\/h2>\n<p>Automaattisia p\u00e4\u00e4t\u00f6ksi\u00e4 ei tehd\u00e4.<\/p>\n<h2>15. Rekister\u00f6idyn oikeudet<\/h2>\n<p>Sinulla on oikeus:<\/p>\n<ul>\n<li><b><\/b>tarkastaa itse\u00e4si koskevat tiedot.<\/li>\n<li>pyyt\u00e4\u00e4 tietojesi oikaisemista.<\/li>\n<li>vaatia tietojesi poistamista.<\/li>\n<li>vaatia k\u00e4sittelyn rajoittamista.<\/li>\n<li>vastustaa k\u00e4sittely\u00e4.<\/li>\n<li>pyyt\u00e4\u00e4 henkil\u00f6tietojen siirt\u00e4mist\u00e4 rekisterinpit\u00e4j\u00e4lt\u00e4 toiselle.<\/li>\n<li>peruuttaa antamasi suostumus, mik\u00e4li henkil\u00f6tietojen k\u00e4sittely perustuu antamaasi suostumukseen.<\/li>\n<\/ul>\n<p>Voit k\u00e4ytt\u00e4\u00e4 em. oikeuksia ottamalla yhteytt\u00e4 ylioppilaskunnan tietosuojavastaavaan,&nbsp;<a href=\"mailto:tietosuojavastaava@isyy.fi\">tietosuojavastaava@isyy.fi<\/a>.<\/p>\n<p>Sinulla on oikeus tehd\u00e4 ilmoitus Tietosuojavaltuutetun toimistoon, mik\u00e4li katsot, ett\u00e4 sinua koskevien henkil\u00f6tietojen k\u00e4sittelyss\u00e4 on rikottu voimassa olevaa tietosuojalains\u00e4\u00e4d\u00e4nt\u00f6\u00e4.<\/p>\n<p>Neuvoja ja ohjeistusta rekister\u00f6idyn oikeuksiin liittyviss\u00e4 asioissa antaa tietosuojavastaava.<\/p>\t\t\t\t\t\t\t\t<\/div>\n\t\t\t\t<\/div>\n\t\t\t\t\t<\/div>\n\t\t\t\t<\/div>\n\t\t\t\t<\/div>\n\t\t","protected":false},"excerpt":{"rendered":"<p>EU:n yleinen tietosuoja-asetus, artiklat 12, 13 ja 14P\u00e4ivitetty: 26.3.2026 1. Rekisterinpit\u00e4j\u00e4 It\u00e4-Suomen yliopiston ylioppilaskunta ISYY 2. Rekisterinpit\u00e4j\u00e4n edustaja Heli Aalto, puh. 044 576 8445,s\u00e4hk\u00f6posti: liikuntapaallikko@isyy.fi 3. Rekisterinpit\u00e4j\u00e4n yhteyshenkil\u00f6t Niklas Leinonen, puh. 044 576 8418,s\u00e4hk\u00f6posti: niklas.leinonen@isyy.fi 4. Tietosuojavastaavan yhteystiedot Tietosuojavastaava Helena Eronen, puh. 050&nbsp;576 0282,s\u00e4hk\u00f6posti: tietosuojavastaava@isyy.fi 5. Henkil\u00f6tietojen k\u00e4sittelyn tarkoitus Henkil\u00f6tietoja k\u00e4sitell\u00e4\u00e4n SYKETT\u00c4-liikuntapalveluissa seuraaviin tarkoituksiin: K\u00e4ytt\u00e4j\u00e4suhteen [&hellip;]<\/p>\n","protected":false},"author":3,"featured_media":0,"parent":0,"menu_order":0,"comment_status":"closed","ping_status":"closed","template":"","meta":{"iawp_total_views":106,"footnotes":""},"class_list":["post-5446","page","type-page","status-publish","hentry"],"yoast_head":"<!-- This site is optimized with the Yoast SEO plugin v27.5 - https:\/\/yoast.com\/product\/yoast-seo-wordpress\/ -->\n<title>Tietosuojaseloste - SYKETT\u00c4 Joensuu<\/title>\n<meta name=\"description\" content=\"SYKETT\u00c4 liikuntapalvelujen tietosuojaseloste.\" \/>\n<meta name=\"robots\" content=\"index, follow, max-snippet:-1, max-image-preview:large, max-video-preview:-1\" \/>\n<link rel=\"canonical\" href=\"https:\/\/xn--sykett-gua.fi\/joensuu\/tietosuojaseloste\/\" \/>\n<meta property=\"og:locale\" content=\"fi_FI\" \/>\n<meta property=\"og:type\" content=\"article\" \/>\n<meta property=\"og:title\" content=\"Tietosuojaseloste - SYKETT\u00c4 Joensuu\" \/>\n<meta property=\"og:description\" content=\"SYKETT\u00c4 liikuntapalvelujen tietosuojaseloste.\" \/>\n<meta property=\"og:url\" content=\"https:\/\/xn--sykett-gua.fi\/joensuu\/tietosuojaseloste\/\" \/>\n<meta property=\"og:site_name\" content=\"SYKETT\u00c4 Joensuu\" \/>\n<meta property=\"article:modified_time\" content=\"2026-03-26T14:04:08+00:00\" \/>\n<meta name=\"twitter:card\" content=\"summary_large_image\" \/>\n<meta name=\"twitter:label1\" content=\"Arvioitu lukuaika\" \/>\n\t<meta name=\"twitter:data1\" content=\"6 minuuttia\" \/>\n<script type=\"application\/ld+json\" class=\"yoast-schema-graph\">{\"@context\":\"https:\\\/\\\/schema.org\",\"@graph\":[{\"@type\":\"WebPage\",\"@id\":\"https:\\\/\\\/xn--sykett-gua.fi\\\/joensuu\\\/tietosuojaseloste\\\/\",\"url\":\"https:\\\/\\\/xn--sykett-gua.fi\\\/joensuu\\\/tietosuojaseloste\\\/\",\"name\":\"Tietosuojaseloste - SYKETT\u00c4 Joensuu\",\"isPartOf\":{\"@id\":\"https:\\\/\\\/xn--sykett-gua.fi\\\/joensuu\\\/#website\"},\"datePublished\":\"2024-11-18T09:24:19+00:00\",\"dateModified\":\"2026-03-26T14:04:08+00:00\",\"description\":\"SYKETT\u00c4 liikuntapalvelujen tietosuojaseloste.\",\"breadcrumb\":{\"@id\":\"https:\\\/\\\/xn--sykett-gua.fi\\\/joensuu\\\/tietosuojaseloste\\\/#breadcrumb\"},\"inLanguage\":\"fi\",\"potentialAction\":[{\"@type\":\"ReadAction\",\"target\":[\"https:\\\/\\\/xn--sykett-gua.fi\\\/joensuu\\\/tietosuojaseloste\\\/\"]}]},{\"@type\":\"BreadcrumbList\",\"@id\":\"https:\\\/\\\/xn--sykett-gua.fi\\\/joensuu\\\/tietosuojaseloste\\\/#breadcrumb\",\"itemListElement\":[{\"@type\":\"ListItem\",\"position\":1,\"name\":\"Etusivu\",\"item\":\"https:\\\/\\\/xn--sykett-gua.fi\\\/joensuu\\\/fi\\\/joensuu\\\/\"},{\"@type\":\"ListItem\",\"position\":2,\"name\":\"Tietosuojaseloste\"}]},{\"@type\":\"WebSite\",\"@id\":\"https:\\\/\\\/xn--sykett-gua.fi\\\/joensuu\\\/#website\",\"url\":\"https:\\\/\\\/xn--sykett-gua.fi\\\/joensuu\\\/\",\"name\":\"SYKETT\u00c4 Joensuu\",\"description\":\"\",\"publisher\":{\"@id\":\"https:\\\/\\\/xn--sykett-gua.fi\\\/joensuu\\\/#organization\"},\"potentialAction\":[{\"@type\":\"SearchAction\",\"target\":{\"@type\":\"EntryPoint\",\"urlTemplate\":\"https:\\\/\\\/xn--sykett-gua.fi\\\/joensuu\\\/?s={search_term_string}\"},\"query-input\":{\"@type\":\"PropertyValueSpecification\",\"valueRequired\":true,\"valueName\":\"search_term_string\"}}],\"inLanguage\":\"fi\"},{\"@type\":\"Organization\",\"@id\":\"https:\\\/\\\/xn--sykett-gua.fi\\\/joensuu\\\/#organization\",\"name\":\"SYKETT\u00c4 Joensuu\",\"url\":\"https:\\\/\\\/xn--sykett-gua.fi\\\/joensuu\\\/\",\"logo\":{\"@type\":\"ImageObject\",\"inLanguage\":\"fi\",\"@id\":\"https:\\\/\\\/xn--sykett-gua.fi\\\/joensuu\\\/#\\\/schema\\\/logo\\\/image\\\/\",\"url\":\"https:\\\/\\\/xn--sykett-gua.fi\\\/joensuu\\\/wp-content\\\/uploads\\\/sites\\\/3\\\/2024\\\/06\\\/Asset-2@2x-2.png\",\"contentUrl\":\"https:\\\/\\\/xn--sykett-gua.fi\\\/joensuu\\\/wp-content\\\/uploads\\\/sites\\\/3\\\/2024\\\/06\\\/Asset-2@2x-2.png\",\"width\":1003,\"height\":373,\"caption\":\"SYKETT\u00c4 Joensuu\"},\"image\":{\"@id\":\"https:\\\/\\\/xn--sykett-gua.fi\\\/joensuu\\\/#\\\/schema\\\/logo\\\/image\\\/\"}}]}<\/script>\n<!-- \/ Yoast SEO plugin. -->","yoast_head_json":{"title":"Tietosuojaseloste - SYKETT\u00c4 Joensuu","description":"SYKETT\u00c4 liikuntapalvelujen tietosuojaseloste.","robots":{"index":"index","follow":"follow","max-snippet":"max-snippet:-1","max-image-preview":"max-image-preview:large","max-video-preview":"max-video-preview:-1"},"canonical":"https:\/\/xn--sykett-gua.fi\/joensuu\/tietosuojaseloste\/","og_locale":"fi_FI","og_type":"article","og_title":"Tietosuojaseloste - SYKETT\u00c4 Joensuu","og_description":"SYKETT\u00c4 liikuntapalvelujen tietosuojaseloste.","og_url":"https:\/\/xn--sykett-gua.fi\/joensuu\/tietosuojaseloste\/","og_site_name":"SYKETT\u00c4 Joensuu","article_modified_time":"2026-03-26T14:04:08+00:00","twitter_card":"summary_large_image","twitter_misc":{"Arvioitu lukuaika":"6 minuuttia"},"schema":{"@context":"https:\/\/schema.org","@graph":[{"@type":"WebPage","@id":"https:\/\/xn--sykett-gua.fi\/joensuu\/tietosuojaseloste\/","url":"https:\/\/xn--sykett-gua.fi\/joensuu\/tietosuojaseloste\/","name":"Tietosuojaseloste - SYKETT\u00c4 Joensuu","isPartOf":{"@id":"https:\/\/xn--sykett-gua.fi\/joensuu\/#website"},"datePublished":"2024-11-18T09:24:19+00:00","dateModified":"2026-03-26T14:04:08+00:00","description":"SYKETT\u00c4 liikuntapalvelujen tietosuojaseloste.","breadcrumb":{"@id":"https:\/\/xn--sykett-gua.fi\/joensuu\/tietosuojaseloste\/#breadcrumb"},"inLanguage":"fi","potentialAction":[{"@type":"ReadAction","target":["https:\/\/xn--sykett-gua.fi\/joensuu\/tietosuojaseloste\/"]}]},{"@type":"BreadcrumbList","@id":"https:\/\/xn--sykett-gua.fi\/joensuu\/tietosuojaseloste\/#breadcrumb","itemListElement":[{"@type":"ListItem","position":1,"name":"Etusivu","item":"https:\/\/xn--sykett-gua.fi\/joensuu\/fi\/joensuu\/"},{"@type":"ListItem","position":2,"name":"Tietosuojaseloste"}]},{"@type":"WebSite","@id":"https:\/\/xn--sykett-gua.fi\/joensuu\/#website","url":"https:\/\/xn--sykett-gua.fi\/joensuu\/","name":"SYKETT\u00c4 Joensuu","description":"","publisher":{"@id":"https:\/\/xn--sykett-gua.fi\/joensuu\/#organization"},"potentialAction":[{"@type":"SearchAction","target":{"@type":"EntryPoint","urlTemplate":"https:\/\/xn--sykett-gua.fi\/joensuu\/?s={search_term_string}"},"query-input":{"@type":"PropertyValueSpecification","valueRequired":true,"valueName":"search_term_string"}}],"inLanguage":"fi"},{"@type":"Organization","@id":"https:\/\/xn--sykett-gua.fi\/joensuu\/#organization","name":"SYKETT\u00c4 Joensuu","url":"https:\/\/xn--sykett-gua.fi\/joensuu\/","logo":{"@type":"ImageObject","inLanguage":"fi","@id":"https:\/\/xn--sykett-gua.fi\/joensuu\/#\/schema\/logo\/image\/","url":"https:\/\/xn--sykett-gua.fi\/joensuu\/wp-content\/uploads\/sites\/3\/2024\/06\/Asset-2@2x-2.png","contentUrl":"https:\/\/xn--sykett-gua.fi\/joensuu\/wp-content\/uploads\/sites\/3\/2024\/06\/Asset-2@2x-2.png","width":1003,"height":373,"caption":"SYKETT\u00c4 Joensuu"},"image":{"@id":"https:\/\/xn--sykett-gua.fi\/joensuu\/#\/schema\/logo\/image\/"}}]}},"_links":{"self":[{"href":"https:\/\/xn--sykett-gua.fi\/joensuu\/wp-json\/wp\/v2\/pages\/5446","targetHints":{"allow":["GET"]}}],"collection":[{"href":"https:\/\/xn--sykett-gua.fi\/joensuu\/wp-json\/wp\/v2\/pages"}],"about":[{"href":"https:\/\/xn--sykett-gua.fi\/joensuu\/wp-json\/wp\/v2\/types\/page"}],"author":[{"embeddable":true,"href":"https:\/\/xn--sykett-gua.fi\/joensuu\/wp-json\/wp\/v2\/users\/3"}],"replies":[{"embeddable":true,"href":"https:\/\/xn--sykett-gua.fi\/joensuu\/wp-json\/wp\/v2\/comments?post=5446"}],"version-history":[{"count":43,"href":"https:\/\/xn--sykett-gua.fi\/joensuu\/wp-json\/wp\/v2\/pages\/5446\/revisions"}],"predecessor-version":[{"id":10142,"href":"https:\/\/xn--sykett-gua.fi\/joensuu\/wp-json\/wp\/v2\/pages\/5446\/revisions\/10142"}],"wp:attachment":[{"href":"https:\/\/xn--sykett-gua.fi\/joensuu\/wp-json\/wp\/v2\/media?parent=5446"}],"curies":[{"name":"wp","href":"https:\/\/api.w.org\/{rel}","templated":true}]}}