{"id":48268,"date":"2025-04-29T17:08:16","date_gmt":"2025-04-29T14:08:16","guid":{"rendered":"https:\/\/xn--sykett-gua.fi\/kuopio\/?page_id=48268"},"modified":"2026-04-21T09:59:34","modified_gmt":"2026-04-21T06:59:34","slug":"kilometrikisa","status":"publish","type":"page","link":"https:\/\/xn--sykett-gua.fi\/kuopio\/muut-palvelut\/kilometrikisa\/","title":{"rendered":"Kilometrikisa"},"content":{"rendered":"\t\t<div data-elementor-type=\"wp-page\" data-elementor-id=\"48268\" class=\"elementor elementor-48268\" data-elementor-post-type=\"page\">\n\t\t\t\t<div data-particle_enable=\"false\" data-particle-mobile-disabled=\"false\" class=\"elementor-element elementor-element-b9ea1c2 e-flex e-con-boxed e-con e-parent\" data-id=\"b9ea1c2\" data-element_type=\"container\" data-e-type=\"container\">\n\t\t\t\t\t<div class=\"e-con-inner\">\n\t\t<div data-particle_enable=\"false\" data-particle-mobile-disabled=\"false\" class=\"elementor-element elementor-element-4fe51fb e-con-full e-flex e-con e-child\" data-id=\"4fe51fb\" data-element_type=\"container\" data-e-type=\"container\">\n\t\t\t\t<div class=\"elementor-element elementor-element-b63d62a elementor-widget elementor-widget-text-editor\" data-id=\"b63d62a\" data-element_type=\"widget\" data-e-type=\"widget\" data-widget_type=\"text-editor.default\">\n\t\t\t\t<div class=\"elementor-widget-container\">\n\t\t\t\t\t\t\t\t\t<h2>Kilometrikisa poljetaan 1.5.\u201330.09.2026<\/h2><p>Leikkimielisess\u00e4 kisassa joukkueet mittel\u00f6iv\u00e4t siit\u00e4 kuka polkee eniten kilometrej\u00e4 ja\/tai minuutteja.<\/p><p>Py\u00f6r\u00e4ily on loistava tapa parantaa kuntoa sek\u00e4 nauttia luonnosta ja raikkaasta ulkoilmasta. Kilometrikisassa mukaan lasketaan kaikki poljetut kilometrit ja minuutit. Haasta itsesi, yst\u00e4v\u00e4si ja ty\u00f6kaverisi mukaan kisaan ja polkaistaan taas yhdess\u00e4 hyvinvointia koko Suomelle!<\/p><p class=\"has-text-align-left\"><strong>SYKETT\u00c4 Kuopio -joukkueeseen voivat liitty\u00e4 It\u00e4-Suomen yliopiston ja Savonia-ammattikorkeakoulun (Kuopio, Iisalmi ja Varkaus) henkil\u00f6kunta sek\u00e4 opiskelijat<\/strong>. Osallistuminen ei edellyt\u00e4 voimassa olevaa SYKETT\u00c4-tarraa.<\/p><p>Mik\u00e4li olet ollut kisassa aiemmin, vanhat tunnuksesi ovat voimassa. Jos olet mukana ensi kertaa,\u00a0<a href=\"https:\/\/www.kilometrikisa.fi\/accounts\/register\/\" target=\"_blank\" rel=\"noopener\">rekister\u00f6idy ensin k\u00e4ytt\u00e4j\u00e4ksi<\/a>, jonka j\u00e4lkeen voit ilmoittautua joukkueeseen.<\/p><p class=\"has-text-align-left\"><strong>Tarvitset alla olevan koodin osallistumisen yhteydess\u00e4:<\/strong><\/p><p><strong>Liity joukkueeseen\u00a0<a href=\"http:\/\/www.kilometrikisa.fi\/teams\/join\/\">t\u00e4\u00e4lt\u00e4<\/a> (vaatii kirjautumisen)<\/strong><br \/>Kisa: Kilometrikisa 2026<\/p><p>Joukkueen nimi: SYKETT\u00c4 Kuopio<br \/><strong>Osallistumiskoodi: 8436<\/strong><\/p><p>Kisa on k\u00e4ynniss\u00e4 1.5.\u2013 30.092026<\/p><p><a href=\"http:\/\/www.kilometrikisa.fi\/faq\/\">Kilometrikisan kysymyksi\u00e4 ja ohjeita<\/a><\/p>\t\t\t\t\t\t\t\t<\/div>\n\t\t\t\t<\/div>\n\t\t\t\t<\/div>\n\t\t<div data-particle_enable=\"false\" data-particle-mobile-disabled=\"false\" class=\"elementor-element elementor-element-4fdf91c e-con-full e-flex e-con e-child\" data-id=\"4fdf91c\" data-element_type=\"container\" data-e-type=\"container\">\n\t\t\t\t<div class=\"elementor-element elementor-element-54c5931 elementor-widget elementor-widget-image\" data-id=\"54c5931\" data-element_type=\"widget\" data-e-type=\"widget\" data-widget_type=\"image.default\">\n\t\t\t\t<div class=\"elementor-widget-container\">\n\t\t\t\t\t\t\t\t\t\t\t\t\t\t\t<img fetchpriority=\"high\" decoding=\"async\" width=\"800\" height=\"800\" src=\"https:\/\/xn--sykett-gua.fi\/kuopio\/wp-content\/uploads\/sites\/2\/2024\/06\/IG-FEED-kuva-k.-22-Photo-Collage-Instagram-Post-6-1024x1024.jpg\" class=\"attachment-large size-large wp-image-79\" alt=\"\" srcset=\"https:\/\/xn--sykett-gua.fi\/kuopio\/wp-content\/uploads\/sites\/2\/2024\/06\/IG-FEED-kuva-k.-22-Photo-Collage-Instagram-Post-6-1024x1024.jpg 1024w, https:\/\/xn--sykett-gua.fi\/kuopio\/wp-content\/uploads\/sites\/2\/2024\/06\/IG-FEED-kuva-k.-22-Photo-Collage-Instagram-Post-6-300x300.jpg 300w, https:\/\/xn--sykett-gua.fi\/kuopio\/wp-content\/uploads\/sites\/2\/2024\/06\/IG-FEED-kuva-k.-22-Photo-Collage-Instagram-Post-6-150x150.jpg 150w, https:\/\/xn--sykett-gua.fi\/kuopio\/wp-content\/uploads\/sites\/2\/2024\/06\/IG-FEED-kuva-k.-22-Photo-Collage-Instagram-Post-6-768x768.jpg 768w, https:\/\/xn--sykett-gua.fi\/kuopio\/wp-content\/uploads\/sites\/2\/2024\/06\/IG-FEED-kuva-k.-22-Photo-Collage-Instagram-Post-6.jpg 1080w\" sizes=\"(max-width: 800px) 100vw, 800px\" \/>\t\t\t\t\t\t\t\t\t\t\t\t\t\t\t<\/div>\n\t\t\t\t<\/div>\n\t\t\t\t<\/div>\n\t\t\t\t\t<\/div>\n\t\t\t\t<\/div>\n\t\t<div data-particle_enable=\"false\" data-particle-mobile-disabled=\"false\" class=\"elementor-element elementor-element-8f6378f e-flex e-con-boxed e-con e-parent\" data-id=\"8f6378f\" data-element_type=\"container\" data-e-type=\"container\">\n\t\t\t\t\t<div class=\"e-con-inner\">\n\t\t<div data-particle_enable=\"false\" data-particle-mobile-disabled=\"false\" class=\"elementor-element elementor-element-9584e3a e-flex e-con-boxed e-con e-child\" data-id=\"9584e3a\" data-element_type=\"container\" data-e-type=\"container\">\n\t\t\t\t\t<div class=\"e-con-inner\">\n\t\t\t\t\t<\/div>\n\t\t\t\t<\/div>\n\t\t<div data-particle_enable=\"false\" data-particle-mobile-disabled=\"false\" class=\"elementor-element elementor-element-cee44bb e-flex e-con-boxed e-con e-child\" data-id=\"cee44bb\" data-element_type=\"container\" data-e-type=\"container\">\n\t\t\t\t\t<div class=\"e-con-inner\">\n\t\t\t\t\t<\/div>\n\t\t\t\t<\/div>\n\t\t\t\t\t<\/div>\n\t\t\t\t<\/div>\n\t\t\t\t<\/div>\n\t\t","protected":false},"excerpt":{"rendered":"<p>Kilometrikisa poljetaan 1.5.\u201330.09.2026 Leikkimielisess\u00e4 kisassa joukkueet mittel\u00f6iv\u00e4t siit\u00e4 kuka polkee eniten kilometrej\u00e4 ja\/tai minuutteja. Py\u00f6r\u00e4ily on loistava tapa parantaa kuntoa sek\u00e4 nauttia luonnosta ja raikkaasta ulkoilmasta. Kilometrikisassa mukaan lasketaan kaikki poljetut kilometrit ja minuutit. Haasta itsesi, yst\u00e4v\u00e4si ja ty\u00f6kaverisi mukaan kisaan ja polkaistaan taas yhdess\u00e4 hyvinvointia koko Suomelle! SYKETT\u00c4 Kuopio -joukkueeseen voivat liitty\u00e4 It\u00e4-Suomen yliopiston [&hellip;]<\/p>\n","protected":false},"author":3,"featured_media":0,"parent":249,"menu_order":0,"comment_status":"closed","ping_status":"closed","template":"","meta":{"iawp_total_views":86,"footnotes":""},"class_list":["post-48268","page","type-page","status-publish","hentry"],"yoast_head":"<!-- This site is optimized with the Yoast SEO plugin v27.4 - https:\/\/yoast.com\/product\/yoast-seo-wordpress\/ -->\n<title>Kilometrikisa - SYKETT\u00c4 Kuopio<\/title>\n<meta name=\"robots\" content=\"index, follow, max-snippet:-1, max-image-preview:large, max-video-preview:-1\" \/>\n<link rel=\"canonical\" href=\"https:\/\/xn--sykett-gua.fi\/kuopio\/muut-palvelut\/kilometrikisa\/\" \/>\n<meta property=\"og:locale\" content=\"fi_FI\" \/>\n<meta property=\"og:type\" content=\"article\" \/>\n<meta property=\"og:title\" content=\"Kilometrikisa - SYKETT\u00c4 Kuopio\" \/>\n<meta property=\"og:description\" content=\"Kilometrikisa poljetaan 1.5.\u201330.09.2026 Leikkimielisess\u00e4 kisassa joukkueet mittel\u00f6iv\u00e4t siit\u00e4 kuka polkee eniten kilometrej\u00e4 ja\/tai minuutteja. Py\u00f6r\u00e4ily on loistava tapa parantaa kuntoa sek\u00e4 nauttia luonnosta ja raikkaasta ulkoilmasta. Kilometrikisassa mukaan lasketaan kaikki poljetut kilometrit ja minuutit. Haasta itsesi, yst\u00e4v\u00e4si ja ty\u00f6kaverisi mukaan kisaan ja polkaistaan taas yhdess\u00e4 hyvinvointia koko Suomelle! SYKETT\u00c4 Kuopio -joukkueeseen voivat liitty\u00e4 It\u00e4-Suomen yliopiston [&hellip;]\" \/>\n<meta property=\"og:url\" content=\"https:\/\/xn--sykett-gua.fi\/kuopio\/muut-palvelut\/kilometrikisa\/\" \/>\n<meta property=\"og:site_name\" content=\"SYKETT\u00c4 Kuopio\" \/>\n<meta property=\"article:publisher\" content=\"https:\/\/www.facebook.com\/sykettakuopio\" \/>\n<meta property=\"article:modified_time\" content=\"2026-04-21T06:59:34+00:00\" \/>\n<meta property=\"og:image\" content=\"https:\/\/xn--sykett-gua.fi\/kuopio\/wp-content\/uploads\/sites\/2\/2024\/06\/IG-FEED-kuva-k.-22-Photo-Collage-Instagram-Post-6.jpg\" \/>\n\t<meta property=\"og:image:width\" content=\"1080\" \/>\n\t<meta property=\"og:image:height\" content=\"1080\" \/>\n\t<meta property=\"og:image:type\" content=\"image\/jpeg\" \/>\n<meta name=\"twitter:card\" content=\"summary_large_image\" \/>\n<meta name=\"twitter:label1\" content=\"Arvioitu lukuaika\" \/>\n\t<meta name=\"twitter:data1\" content=\"1 minuutti\" \/>\n<script type=\"application\/ld+json\" class=\"yoast-schema-graph\">{\"@context\":\"https:\\\/\\\/schema.org\",\"@graph\":[{\"@type\":\"WebPage\",\"@id\":\"https:\\\/\\\/xn--sykett-gua.fi\\\/kuopio\\\/muut-palvelut\\\/kilometrikisa\\\/\",\"url\":\"https:\\\/\\\/xn--sykett-gua.fi\\\/kuopio\\\/muut-palvelut\\\/kilometrikisa\\\/\",\"name\":\"Kilometrikisa - SYKETT\u00c4 Kuopio\",\"isPartOf\":{\"@id\":\"https:\\\/\\\/xn--sykett-gua.fi\\\/kuopio\\\/#website\"},\"primaryImageOfPage\":{\"@id\":\"https:\\\/\\\/xn--sykett-gua.fi\\\/kuopio\\\/muut-palvelut\\\/kilometrikisa\\\/#primaryimage\"},\"image\":{\"@id\":\"https:\\\/\\\/xn--sykett-gua.fi\\\/kuopio\\\/muut-palvelut\\\/kilometrikisa\\\/#primaryimage\"},\"thumbnailUrl\":\"https:\\\/\\\/xn--sykett-gua.fi\\\/kuopio\\\/wp-content\\\/uploads\\\/sites\\\/2\\\/2024\\\/06\\\/IG-FEED-kuva-k.-22-Photo-Collage-Instagram-Post-6-1024x1024.jpg\",\"datePublished\":\"2025-04-29T14:08:16+00:00\",\"dateModified\":\"2026-04-21T06:59:34+00:00\",\"breadcrumb\":{\"@id\":\"https:\\\/\\\/xn--sykett-gua.fi\\\/kuopio\\\/muut-palvelut\\\/kilometrikisa\\\/#breadcrumb\"},\"inLanguage\":\"fi\",\"potentialAction\":[{\"@type\":\"ReadAction\",\"target\":[\"https:\\\/\\\/xn--sykett-gua.fi\\\/kuopio\\\/muut-palvelut\\\/kilometrikisa\\\/\"]}]},{\"@type\":\"ImageObject\",\"inLanguage\":\"fi\",\"@id\":\"https:\\\/\\\/xn--sykett-gua.fi\\\/kuopio\\\/muut-palvelut\\\/kilometrikisa\\\/#primaryimage\",\"url\":\"https:\\\/\\\/xn--sykett-gua.fi\\\/kuopio\\\/wp-content\\\/uploads\\\/sites\\\/2\\\/2024\\\/06\\\/IG-FEED-kuva-k.-22-Photo-Collage-Instagram-Post-6.jpg\",\"contentUrl\":\"https:\\\/\\\/xn--sykett-gua.fi\\\/kuopio\\\/wp-content\\\/uploads\\\/sites\\\/2\\\/2024\\\/06\\\/IG-FEED-kuva-k.-22-Photo-Collage-Instagram-Post-6.jpg\",\"width\":1080,\"height\":1080},{\"@type\":\"BreadcrumbList\",\"@id\":\"https:\\\/\\\/xn--sykett-gua.fi\\\/kuopio\\\/muut-palvelut\\\/kilometrikisa\\\/#breadcrumb\",\"itemListElement\":[{\"@type\":\"ListItem\",\"position\":1,\"name\":\"Etusivu\",\"item\":\"https:\\\/\\\/xn--sykett-gua.fi\\\/kuopio\\\/\"},{\"@type\":\"ListItem\",\"position\":2,\"name\":\"Muut palvelut\",\"item\":\"https:\\\/\\\/xn--sykett-gua.fi\\\/kuopio\\\/muut-palvelut\\\/\"},{\"@type\":\"ListItem\",\"position\":3,\"name\":\"Kilometrikisa\"}]},{\"@type\":\"WebSite\",\"@id\":\"https:\\\/\\\/xn--sykett-gua.fi\\\/kuopio\\\/#website\",\"url\":\"https:\\\/\\\/xn--sykett-gua.fi\\\/kuopio\\\/\",\"name\":\"SYKETT\u00c4 Kuopio\",\"description\":\"Kuopion korkeakoululiikunta\",\"publisher\":{\"@id\":\"https:\\\/\\\/xn--sykett-gua.fi\\\/kuopio\\\/#organization\"},\"potentialAction\":[{\"@type\":\"SearchAction\",\"target\":{\"@type\":\"EntryPoint\",\"urlTemplate\":\"https:\\\/\\\/xn--sykett-gua.fi\\\/kuopio\\\/?s={search_term_string}\"},\"query-input\":{\"@type\":\"PropertyValueSpecification\",\"valueRequired\":true,\"valueName\":\"search_term_string\"}}],\"inLanguage\":\"fi\"},{\"@type\":\"Organization\",\"@id\":\"https:\\\/\\\/xn--sykett-gua.fi\\\/kuopio\\\/#organization\",\"name\":\"SYKETT\u00c4 Kuopio\",\"url\":\"https:\\\/\\\/xn--sykett-gua.fi\\\/kuopio\\\/\",\"logo\":{\"@type\":\"ImageObject\",\"inLanguage\":\"fi\",\"@id\":\"https:\\\/\\\/xn--sykett-gua.fi\\\/kuopio\\\/#\\\/schema\\\/logo\\\/image\\\/\",\"url\":\"https:\\\/\\\/xn--sykett-gua.fi\\\/kuopio\\\/wp-content\\\/uploads\\\/sites\\\/2\\\/2024\\\/06\\\/Sykettalogo-02.png\",\"contentUrl\":\"https:\\\/\\\/xn--sykett-gua.fi\\\/kuopio\\\/wp-content\\\/uploads\\\/sites\\\/2\\\/2024\\\/06\\\/Sykettalogo-02.png\",\"width\":313,\"height\":119,\"caption\":\"SYKETT\u00c4 Kuopio\"},\"image\":{\"@id\":\"https:\\\/\\\/xn--sykett-gua.fi\\\/kuopio\\\/#\\\/schema\\\/logo\\\/image\\\/\"},\"sameAs\":[\"https:\\\/\\\/www.facebook.com\\\/sykettakuopio\",\"https:\\\/\\\/www.instagram.com\\\/syketta_kpo\\\/\",\"https:\\\/\\\/www.youtube.com\\\/channel\\\/UCtz5z3e0YQYE69xVWjsU7Uw\",\"https:\\\/\\\/www.tiktok.com\\\/@syketta_kuopio\"]}]}<\/script>\n<!-- \/ Yoast SEO plugin. -->","yoast_head_json":{"title":"Kilometrikisa - SYKETT\u00c4 Kuopio","robots":{"index":"index","follow":"follow","max-snippet":"max-snippet:-1","max-image-preview":"max-image-preview:large","max-video-preview":"max-video-preview:-1"},"canonical":"https:\/\/xn--sykett-gua.fi\/kuopio\/muut-palvelut\/kilometrikisa\/","og_locale":"fi_FI","og_type":"article","og_title":"Kilometrikisa - SYKETT\u00c4 Kuopio","og_description":"Kilometrikisa poljetaan 1.5.\u201330.09.2026 Leikkimielisess\u00e4 kisassa joukkueet mittel\u00f6iv\u00e4t siit\u00e4 kuka polkee eniten kilometrej\u00e4 ja\/tai minuutteja. Py\u00f6r\u00e4ily on loistava tapa parantaa kuntoa sek\u00e4 nauttia luonnosta ja raikkaasta ulkoilmasta. Kilometrikisassa mukaan lasketaan kaikki poljetut kilometrit ja minuutit. Haasta itsesi, yst\u00e4v\u00e4si ja ty\u00f6kaverisi mukaan kisaan ja polkaistaan taas yhdess\u00e4 hyvinvointia koko Suomelle! SYKETT\u00c4 Kuopio -joukkueeseen voivat liitty\u00e4 It\u00e4-Suomen yliopiston [&hellip;]","og_url":"https:\/\/xn--sykett-gua.fi\/kuopio\/muut-palvelut\/kilometrikisa\/","og_site_name":"SYKETT\u00c4 Kuopio","article_publisher":"https:\/\/www.facebook.com\/sykettakuopio","article_modified_time":"2026-04-21T06:59:34+00:00","og_image":[{"width":1080,"height":1080,"url":"https:\/\/xn--sykett-gua.fi\/kuopio\/wp-content\/uploads\/sites\/2\/2024\/06\/IG-FEED-kuva-k.-22-Photo-Collage-Instagram-Post-6.jpg","type":"image\/jpeg"}],"twitter_card":"summary_large_image","twitter_misc":{"Arvioitu lukuaika":"1 minuutti"},"schema":{"@context":"https:\/\/schema.org","@graph":[{"@type":"WebPage","@id":"https:\/\/xn--sykett-gua.fi\/kuopio\/muut-palvelut\/kilometrikisa\/","url":"https:\/\/xn--sykett-gua.fi\/kuopio\/muut-palvelut\/kilometrikisa\/","name":"Kilometrikisa - SYKETT\u00c4 Kuopio","isPartOf":{"@id":"https:\/\/xn--sykett-gua.fi\/kuopio\/#website"},"primaryImageOfPage":{"@id":"https:\/\/xn--sykett-gua.fi\/kuopio\/muut-palvelut\/kilometrikisa\/#primaryimage"},"image":{"@id":"https:\/\/xn--sykett-gua.fi\/kuopio\/muut-palvelut\/kilometrikisa\/#primaryimage"},"thumbnailUrl":"https:\/\/xn--sykett-gua.fi\/kuopio\/wp-content\/uploads\/sites\/2\/2024\/06\/IG-FEED-kuva-k.-22-Photo-Collage-Instagram-Post-6-1024x1024.jpg","datePublished":"2025-04-29T14:08:16+00:00","dateModified":"2026-04-21T06:59:34+00:00","breadcrumb":{"@id":"https:\/\/xn--sykett-gua.fi\/kuopio\/muut-palvelut\/kilometrikisa\/#breadcrumb"},"inLanguage":"fi","potentialAction":[{"@type":"ReadAction","target":["https:\/\/xn--sykett-gua.fi\/kuopio\/muut-palvelut\/kilometrikisa\/"]}]},{"@type":"ImageObject","inLanguage":"fi","@id":"https:\/\/xn--sykett-gua.fi\/kuopio\/muut-palvelut\/kilometrikisa\/#primaryimage","url":"https:\/\/xn--sykett-gua.fi\/kuopio\/wp-content\/uploads\/sites\/2\/2024\/06\/IG-FEED-kuva-k.-22-Photo-Collage-Instagram-Post-6.jpg","contentUrl":"https:\/\/xn--sykett-gua.fi\/kuopio\/wp-content\/uploads\/sites\/2\/2024\/06\/IG-FEED-kuva-k.-22-Photo-Collage-Instagram-Post-6.jpg","width":1080,"height":1080},{"@type":"BreadcrumbList","@id":"https:\/\/xn--sykett-gua.fi\/kuopio\/muut-palvelut\/kilometrikisa\/#breadcrumb","itemListElement":[{"@type":"ListItem","position":1,"name":"Etusivu","item":"https:\/\/xn--sykett-gua.fi\/kuopio\/"},{"@type":"ListItem","position":2,"name":"Muut palvelut","item":"https:\/\/xn--sykett-gua.fi\/kuopio\/muut-palvelut\/"},{"@type":"ListItem","position":3,"name":"Kilometrikisa"}]},{"@type":"WebSite","@id":"https:\/\/xn--sykett-gua.fi\/kuopio\/#website","url":"https:\/\/xn--sykett-gua.fi\/kuopio\/","name":"SYKETT\u00c4 Kuopio","description":"Kuopion korkeakoululiikunta","publisher":{"@id":"https:\/\/xn--sykett-gua.fi\/kuopio\/#organization"},"potentialAction":[{"@type":"SearchAction","target":{"@type":"EntryPoint","urlTemplate":"https:\/\/xn--sykett-gua.fi\/kuopio\/?s={search_term_string}"},"query-input":{"@type":"PropertyValueSpecification","valueRequired":true,"valueName":"search_term_string"}}],"inLanguage":"fi"},{"@type":"Organization","@id":"https:\/\/xn--sykett-gua.fi\/kuopio\/#organization","name":"SYKETT\u00c4 Kuopio","url":"https:\/\/xn--sykett-gua.fi\/kuopio\/","logo":{"@type":"ImageObject","inLanguage":"fi","@id":"https:\/\/xn--sykett-gua.fi\/kuopio\/#\/schema\/logo\/image\/","url":"https:\/\/xn--sykett-gua.fi\/kuopio\/wp-content\/uploads\/sites\/2\/2024\/06\/Sykettalogo-02.png","contentUrl":"https:\/\/xn--sykett-gua.fi\/kuopio\/wp-content\/uploads\/sites\/2\/2024\/06\/Sykettalogo-02.png","width":313,"height":119,"caption":"SYKETT\u00c4 Kuopio"},"image":{"@id":"https:\/\/xn--sykett-gua.fi\/kuopio\/#\/schema\/logo\/image\/"},"sameAs":["https:\/\/www.facebook.com\/sykettakuopio","https:\/\/www.instagram.com\/syketta_kpo\/","https:\/\/www.youtube.com\/channel\/UCtz5z3e0YQYE69xVWjsU7Uw","https:\/\/www.tiktok.com\/@syketta_kuopio"]}]}},"_links":{"self":[{"href":"https:\/\/xn--sykett-gua.fi\/kuopio\/wp-json\/wp\/v2\/pages\/48268","targetHints":{"allow":["GET"]}}],"collection":[{"href":"https:\/\/xn--sykett-gua.fi\/kuopio\/wp-json\/wp\/v2\/pages"}],"about":[{"href":"https:\/\/xn--sykett-gua.fi\/kuopio\/wp-json\/wp\/v2\/types\/page"}],"author":[{"embeddable":true,"href":"https:\/\/xn--sykett-gua.fi\/kuopio\/wp-json\/wp\/v2\/users\/3"}],"replies":[{"embeddable":true,"href":"https:\/\/xn--sykett-gua.fi\/kuopio\/wp-json\/wp\/v2\/comments?post=48268"}],"version-history":[{"count":20,"href":"https:\/\/xn--sykett-gua.fi\/kuopio\/wp-json\/wp\/v2\/pages\/48268\/revisions"}],"predecessor-version":[{"id":52223,"href":"https:\/\/xn--sykett-gua.fi\/kuopio\/wp-json\/wp\/v2\/pages\/48268\/revisions\/52223"}],"up":[{"embeddable":true,"href":"https:\/\/xn--sykett-gua.fi\/kuopio\/wp-json\/wp\/v2\/pages\/249"}],"wp:attachment":[{"href":"https:\/\/xn--sykett-gua.fi\/kuopio\/wp-json\/wp\/v2\/media?parent=48268"}],"curies":[{"name":"wp","href":"https:\/\/api.w.org\/{rel}","templated":true}]}}